High Wych Weather

NOAA Style Reports for High Wych, Hertfordshire


Report for 2016 Jun
                   Monthly Climatological Summary for Jun 2016

Name: High Wych Weather   City: High Wych, Sawbridgeworth   State: Herts
Elevation: 72 m  Lat: N 51° 48' 26"   Lon: E 000° 07' 20"

                  Temperature (°C), Rain (mm), Wind Speed (mph)

                                      Heat  Cool        Avg
    Mean                              Deg   Deg         Wind                 Dom
Day Temp  High   Time   Low    Time   Days  Days  Rain  Speed High   Time    Dir
----------------------------------------------------------------------------------
 1  11.1  11.7   12:36   9.9   23:50   3.9   0.0   0.0   4.3  32.5   19:33     N
 2   9.8  11.1   14:31   8.5   23:47   5.2   0.0   0.0   5.0  28.8   06:17     N
 3  10.0  11.9   13:42   8.1   05:08   5.0   0.0   0.0   2.0  16.3   02:55     N
 4  13.8  18.0   16:30  10.5   00:00   1.9   0.7   0.0   1.1  12.5   11:41   NNE
 5  15.6  23.5   17:24  10.4   02:59   1.8   2.4   0.0   2.3  13.8   10:53   NNE
 6  15.8  23.3   17:22   8.3   05:20   1.9   2.7   0.0   1.3  12.5   13:45     E
 7  16.9  24.7   13:39   9.0   04:52   1.5   3.4   0.4   0.6   8.8   11:59   ESE
 8  18.4  24.6   12:20  12.6   23:16   0.5   3.9   3.0   1.1  18.8   18:29   NNE
 9  15.1  21.9   16:47  10.2   07:03   1.6   1.8   0.0   1.2  10.0   12:51     E
10  16.1  23.3   14:49  10.3   03:25   1.3   2.5   0.0   0.9  11.3   17:16   ESE
11  16.9  21.9   13:57  12.4   03:22   0.7   2.6   1.4   0.4   7.5   12:29    NW
12  15.5  19.2   17:18  13.4   23:00   0.3   0.9   8.4   0.6   8.8   19:08     W
13  15.3  19.4   14:29  12.8   05:03   0.5   0.9   0.8   1.3  10.0   13:01    NW
14  14.8  18.4   10:59  12.2   05:16   0.7   0.5   5.4   1.3  15.0   11:29   WNW
15  15.1  21.1   17:04  10.3   05:06   1.4   1.5   3.0   1.4  13.8   16:59   WNW
16  15.3  20.2   16:32  10.6   04:25   1.3   1.6   0.0   1.0  10.0   10:25   SSE
17  13.9  19.2   13:33  10.0   02:10   1.7   0.6   0.2   1.4  12.5   11:08   NNE
18  13.2  15.3   17:03  11.2   05:48   1.8   0.0   0.2   0.6  13.8   09:03   NNW
19  16.0  21.4   15:11  11.8   05:53   0.9   1.9   0.4   1.8  16.3   20:21    NW
20  16.6  22.4   17:16  14.4   23:42   0.1   1.8  18.2   2.2  13.8   00:51    NW
21  17.0  20.6   11:14  12.9   04:58   0.3   2.3   0.0   1.2  11.3   18:22    NW
22  18.0  22.4   19:53  13.7   05:07   0.1   3.2   0.6   0.6  10.0   12:52   WSW
23  18.5  21.4   15:16  16.8   23:23   0.0   3.5  25.2   0.6   7.5   07:18     S
24  16.5  21.9   14:12  11.8   04:51   0.7   2.1   0.2   1.7  13.8   18:38    NW
25  14.4  19.7   14:29   9.8   04:53   1.6   1.0   4.0   0.9  10.0   14:52    NW
26  15.0  21.8   15:48  11.1   02:17   1.4   1.3   0.8   1.8  13.8   17:44    NW
27  16.4  20.8   14:50  12.1   23:53   0.4   1.8   1.0   1.1  12.5   15:55    NW
28  14.3  20.8   14:48   8.3   04:43   2.2   1.4   2.6   1.1  12.5   14:37   SSW
29  13.8  16.6   11:26   9.4   05:33   1.4   0.2   0.2   2.6  18.8   12:48   WNW
30  16.1  21.1   15:53  13.2   02:10   0.5   1.6   0.6   1.7  15.0   16:07   WNW
----------------------------------------------------------------------------------
    15.2  24.7     7     8.1     3    42.6  48.1  76.6   1.5  32.5     1     NNW

Max >=  27.0:  0
Max <=   0.0:  0
Min <=   0.0:  0
Min <=  -5.0:  0
Max Rain: 25.2 on day 23
Days of Rain: 20 (>= 0.2 mm)  8 (>= 2.0 mm)  2 (>= 15.0 mm)
Heat Base: 15.0  Cool Base: 15.0  Method: Integration
:now::gauges::console::today/yesterday::month/year::records: noaa reports::annual data::wind map::monthly records::trends::longrange forecast::rainfall radar::webcam