High Wych Weather

NOAA Style Reports for High Wych, Hertfordshire


Report for 2016 Jul
                   Monthly Climatological Summary for Jul 2016

Name: High Wych Weather   City: High Wych, Sawbridgeworth   State: Herts
Elevation: 72 m  Lat: N 51° 48' 26"   Lon: E 000° 07' 20"

                  Temperature (°C), Rain (mm), Wind Speed (mph)

                                      Heat  Cool        Avg
    Mean                              Deg   Deg         Wind                 Dom
Day Temp  High   Time   Low    Time   Days  Days  Rain  Speed High   Time    Dir
----------------------------------------------------------------------------------
 1  15.5  19.2   15:24  11.0   23:59   0.4   0.9   0.4   2.8  15.0   18:57    NW
 2  13.8  19.1   16:40   8.9   04:50   2.0   0.8   0.8   2.5  15.0   13:14    NW
 3  15.4  21.8   16:49   8.8   04:38   1.6   2.0   0.0   1.3  10.0   13:23    NW
 4  16.4  22.3   13:04   9.8   05:04   1.1   2.5   0.0   1.4  11.3   17:46   WNW
 5  16.6  21.4   16:26  11.5   23:58   0.3   1.9   0.0   1.8  11.3   07:09    NW
 6  15.4  21.7   16:42   8.0   04:42   1.8   2.2   0.0   0.5   8.8   08:23    NW
 7  18.2  23.8   13:44  13.3   05:15   0.3   3.5   0.0   1.3  12.5   11:33    NW
 8  18.0  24.4   14:29  13.9   04:12   0.1   3.2   0.0   2.5  15.0   10:50    NW
 9  18.5  23.4   13:16  13.4   03:21   0.2   3.7   0.0   2.1  16.3   11:25   WNW
10  18.6  22.8   16:50  15.6   23:42   0.0   3.6   0.6   2.6  16.3   14:38   WNW
11  17.6  22.7   15:24  13.5   23:54   0.1   2.7   0.0   3.0  17.5   06:44    NW
12  14.1  18.5   09:54  11.8   23:26   1.4   0.5  26.0   0.8  10.0   11:22   WNW
13  14.3  19.7   17:05  10.4   03:30   1.8   1.1   1.8   0.7  12.5   16:20   WNW
14  15.4  22.2   15:20   9.4   05:36   1.6   2.0   0.0   0.7  11.3   07:43   WNW
15  15.1  19.9   12:57   8.9   03:48   1.6   1.7   0.0   1.7  13.8   15:52    NW
16  20.6  26.7   15:18  16.1   03:43   0.0   5.6   0.0   2.4  12.5   14:46    NW
17  21.0  27.6   17:10  15.9   04:29   0.0   6.1   0.0   1.4  10.0   10:13    NW
18  21.5  30.2   17:09  12.9   05:22   0.3   6.8   0.0   0.0   2.5   00:11   WNW
19  23.5  32.1   16:18  14.4   05:16   0.0   8.5   0.0   1.3  16.3   17:32    SE
20  23.7  30.9   16:49  16.9   23:40   0.0   8.7   0.0   2.0  18.8   09:42   WNW
21  19.3  25.3   17:11  12.9   04:01   0.3   4.6   0.0   0.6  10.0   10:11     N
22  19.5  24.7   14:52  15.9   23:55   0.0   4.5   0.0   0.0   5.0   00:05   ESE
23  21.0  28.4   14:27  13.0   04:46   0.3   6.2   0.0   0.4  10.0   16:28    SW
24  19.8  25.7   14:06  13.5   05:18   0.1   4.9   0.0   1.5  14.0   14:09    NW
25  18.7  24.3   15:54  12.6   05:27   0.3   4.0   0.4   1.2  11.3   15:52   WNW
26  18.1  23.1   13:43  11.9   05:06   0.4   3.4   0.0   0.9   8.8   14:03   WNW
27  18.9  23.8   17:46  16.1   03:53   0.0   3.8   0.6   1.3  12.5   14:20    NW
28  17.5  21.8   12:29  13.3   05:30   0.3   2.8   0.0   0.9  12.5   12:47   WNW
29  17.8  21.6   17:11  15.1   05:00   0.0   2.8   1.4   0.9  12.5   12:43   WNW
30  17.5  23.3   14:36  13.2   23:57   0.1   2.6   0.0   0.2   8.8   13:29   WNW
31  16.2  21.2   12:02  10.4   05:12   1.1   2.3   0.0   0.4  11.3   08:58   WNW
----------------------------------------------------------------------------------
    18.0  32.1    19     8.0     6    17.5 109.9  32.0   1.3  18.8    20      NW

Max >=  27.0:  5
Max <=   0.0:  0
Min <=   0.0:  0
Min <=  -5.0:  0
Max Rain: 26.0 on day 12
Days of Rain: 8 (>= 0.2 mm)  1 (>= 2.0 mm)  1 (>= 15.0 mm)
Heat Base: 15.0  Cool Base: 15.0  Method: Integration
:now::gauges::console::today/yesterday::month/year::records: noaa reports::annual data::wind map::monthly records::trends::longrange forecast::rainfall radar::webcam