High Wych Weather

NOAA Style Reports for High Wych, Hertfordshire


Report for 2016 Aug
                   Monthly Climatological Summary for Aug 2016

Name: High Wych Weather   City: High Wych, Sawbridgeworth   State: Herts
Elevation: 72 m  Lat: N 51° 48' 26"   Lon: E 000° 07' 20"

                  Temperature (°C), Rain (mm), Wind Speed (mph)

                                      Heat  Cool        Avg
    Mean                              Deg   Deg         Wind                 Dom
Day Temp  High   Time   Low    Time   Days  Days  Rain  Speed High   Time    Dir
----------------------------------------------------------------------------------
 1  14.9  18.9   12:43  10.7   05:03   1.1   1.0   4.6   0.9  11.3   18:44   WNW
 2  17.2  19.7   14:14  13.2   00:00   0.3   2.5   3.0   1.5  11.3   16:21   WNW
 3  19.6  24.3   14:57  16.4   23:52   0.0   4.6   0.2   3.0  15.0   08:58    NW
 4  17.5  22.6   16:36  14.1   23:04   0.1   2.6   0.0   2.3  16.3   07:31    NW
 5  17.9  23.4   15:44  10.8   05:38   0.7   3.6   0.2   0.8  10.0   16:22   WNW
 6  19.4  26.4   17:09  11.8   04:48   0.5   4.9   0.0   1.1  11.3   12:35   WNW
 7  20.5  26.1   13:41  15.6   23:42   0.0   5.5   0.0   2.8  16.3   12:43    NW
 8  16.8  21.7   14:21  11.8   23:52   0.3   2.1   0.0   1.3  12.5   14:09    NW
 9  14.9  22.2   13:34   9.4   02:54   1.9   1.8   0.0   0.7  12.5   10:34    NW
10  14.6  21.5   17:08   8.4   05:06   1.9   1.5   0.0   0.4  13.8   13:57    NW
11  17.3  23.1   15:18  13.7   00:52   0.3   2.5   0.2   1.2  12.5   18:24    NW
12  20.1  28.0   16:36  13.2   05:39   0.1   5.2   0.0   1.7  15.0   13:00    NW
13  18.7  25.6   18:00  13.9   02:41   0.2   3.8   0.0   1.5  13.8   11:37    NW
14  17.4  23.2   15:02  12.6   06:07   0.3   2.7   0.0   0.6  15.0   15:16   NNE
15  16.7  23.6   15:26   8.9   05:44   1.4   3.1   0.0   1.3  13.8   13:44     E
16  16.7  23.8   15:40  10.6   05:59   1.3   3.0   0.0   1.4  12.5   09:47     E
17  18.0  25.7   15:25  11.1   05:43   1.0   4.0   0.0   1.2  12.5   14:44   ESE
18  18.1  25.3   15:03  11.9   05:02   0.6   3.7   0.0   1.3  12.5   13:14     E
19  16.0  18.6   12:33  13.8   04:29   0.2   1.3   3.6   1.1  15.0   17:39     S
20  16.4  20.9   13:58  14.1   05:39   0.1   1.5   2.8   3.0  25.0   14:06    NW
21  17.3  22.7   16:13  14.3   06:35   0.1   2.3   2.2   2.9  15.0   01:05    NW
22  19.3  24.9   17:46  15.9   06:17   0.0   4.3   0.6   2.5  16.3   09:34    NW
23  21.8  30.2   15:19  13.4   05:35   0.2   7.0   0.0   1.4  16.3   14:31   SSE
24  23.7  33.6   17:12  16.2   06:04   0.0   8.7   0.6   0.9  12.5   17:54   NNE
25  21.9  28.3   12:37  16.9   05:32   0.0   6.9   0.2   0.8  10.0   00:25   NNE
26  20.9  27.6   16:48  15.8   06:44   0.0   5.9   0.8   0.7  10.0   14:41   WNW
27  19.8  24.8   12:36  14.3   02:47   0.1   4.8   0.0   2.3  23.8   16:15     E
28  18.4  21.6   13:35  15.8   22:32   0.0   3.3   7.6   1.7  11.3   04:53    NW
29  17.4  23.9   15:15  12.3   06:30   0.4   2.9   0.0   0.6  10.0   14:20   NNW
30  18.7  27.1   17:13   9.9   05:55   1.2   4.9   0.0   0.8  21.3   14:18     W
31  17.9  24.6   14:41  10.8   05:57   0.7   3.6   0.0   1.3  12.5   12:32    NW
----------------------------------------------------------------------------------
    18.3  33.6    24     8.4    10    15.0 115.5  26.6   1.5  25.0    20      NW

Max >=  27.0:  6
Max <=   0.0:  0
Min <=   0.0:  0
Min <=  -5.0:  0
Max Rain: 7.6 on day 28
Days of Rain: 13 (>= 0.2 mm)  6 (>= 2.0 mm)  0 (>= 15.0 mm)
Heat Base: 15.0  Cool Base: 15.0  Method: Integration
:now::gauges::console::today/yesterday::month/year::records: noaa reports::annual data::wind map::monthly records::trends::longrange forecast::rainfall radar::webcam