High Wych Weather

NOAA Style Reports for High Wych, Hertfordshire


Report for 2016 Sep
                   Monthly Climatological Summary for Sep 2016

Name: High Wych Weather   City: High Wych, Sawbridgeworth   State: Herts
Elevation: 72 m  Lat: N 51° 48' 26"   Lon: E 000° 07' 20"

                  Temperature (°C), Rain (mm), Wind Speed (mph)

                                      Heat  Cool        Avg
    Mean                              Deg   Deg         Wind                 Dom
Day Temp  High   Time   Low    Time   Days  Days  Rain  Speed High   Time    Dir
----------------------------------------------------------------------------------
 1  17.9  24.3   15:38  12.0   05:03   0.5   3.4   0.0   0.9  12.5   17:02    NW
 2  16.7  20.6   14:28  13.4   06:18   0.2   1.9   0.4   1.5  12.5   13:51    NW
 3  16.0  21.4   12:37  10.7   06:15   0.8   1.9   3.6   1.8  13.8   13:37    NW
 4  17.2  19.3   14:46  14.8   05:34   0.0   2.2   0.8   2.5  17.5   00:48    NW
 5  17.2  21.1   16:18  14.3   03:15   0.2   2.4   1.8   0.3   7.5   12:19    SW
 6  20.7  22.8   16:50  18.1   02:20   0.0   5.7   0.0   0.5   7.5   12:50    NW
 7  20.9  27.5   16:35  16.9   23:40   0.0   5.9   0.0   0.4  11.3   18:00   ESE
 8  18.4  23.7   14:25  13.9   06:25   0.1   3.5   0.0   1.7  15.0   12:14   NNW
 9  18.5  23.2   13:08  14.7   02:16   0.0   3.5   0.0   1.9  21.3   12:24     W
10  17.6  19.3   13:26  14.2   23:58   0.0   2.6   3.0   1.4  13.8   14:33   WSW
11  15.0  22.3   16:36   8.2   06:10   1.9   1.9   0.2   0.6   8.8   14:18   SSW
12  18.3  26.1   16:24  10.1   06:22   1.3   4.7   0.0   1.0  17.5   07:33   SSW
13  23.6  32.5   14:32  16.7   06:01   0.0   8.6   0.0   1.5  15.0   13:24     E
14  23.0  30.1   13:02  17.2   23:27   0.0   8.0   0.0   1.1  13.8   14:34    SE
15  21.1  28.7   15:25  16.6   04:50   0.0   6.1   0.0   1.1  11.3   08:35   NNE
16  15.6  19.7   00:15  13.3   22:00   0.0   0.6  38.8   1.4  11.3   10:45    NW
17  13.8  15.1   17:19  12.2   07:14   1.1   0.0   0.0   2.0  18.8   10:31   NNW
18  15.4  18.9   16:05  13.2   08:00   0.6   1.0   0.2   0.2   8.8   00:49     N
19  16.2  20.4   14:33  13.6   07:10   0.2   1.4   0.0   0.3   7.5   11:11     N
20  15.3  18.1   14:06  13.6   07:23   0.4   0.7   0.0   0.3   8.8   07:22   NNE
21  16.2  22.3   15:05  12.6   06:40   0.8   2.0   0.0   0.4   7.5   15:07   SSE
22  15.4  19.9   12:17  11.2   23:46   1.0   1.4   0.0   0.8  11.3   10:50   WNW
23  13.5  20.0   15:54   6.8   06:58   2.7   1.2   0.0   0.6  10.0   11:52   WNW
24  16.5  22.4   13:38   9.5   02:17   1.4   2.9   0.0   1.9  21.3   14:24     S
25  15.8  18.8   13:54   9.1   23:49   0.6   1.4   0.4   1.9  15.0   12:39    NW
26  12.3  17.7   13:25   8.3   04:28   2.9   0.3   1.2   0.3  12.5   12:40   SSW
27  15.0  18.5   14:23   9.9   01:15   1.5   1.5   0.0   1.2  16.3   11:24     W
28  16.6  22.4   15:49  11.5   05:03   0.9   2.5   0.2   2.8  13.8   16:34    NW
29  16.1  19.1   15:46  11.4   23:55   0.4   1.5   1.2   2.9  15.0   06:20    NW
----------------------------------------------------------------------------------
    17.1  32.5    13     6.8    23    19.5  80.7  51.8   1.2  21.3     9      NW

Max >=  27.0:  4
Max <=   0.0:  0
Min <=   0.0:  0
Min <=  -5.0:  0
Max Rain: 38.8 on day 16
Days of Rain: 12 (>= 0.2 mm)  3 (>= 2.0 mm)  1 (>= 15.0 mm)
Heat Base: 15.0  Cool Base: 15.0  Method: Integration
:now::gauges::console::today/yesterday::month/year::records: noaa reports::annual data::wind map::monthly records::trends::longrange forecast::rainfall radar::webcam