High Wych Weather

NOAA Style Reports for High Wych, Hertfordshire


Report for 2016 Oct
                   Monthly Climatological Summary for Oct 2016

Name: High Wych Weather   City: High Wych, Sawbridgeworth   State: Herts
Elevation: 72 m  Lat: N 51° 48' 26"   Lon: E 000° 07' 20"

                  Temperature (°C), Rain (mm), Wind Speed (mph)

                                      Heat  Cool        Avg
    Mean                              Deg   Deg         Wind                 Dom
Day Temp  High   Time   Low    Time   Days  Days  Rain  Speed High   Time    Dir
----------------------------------------------------------------------------------
 1  11.2  15.3   10:11   8.4   23:59   3.7   0.0   1.4   0.4  10.0   14:39   WSW
 2  11.4  17.6   15:43   6.7   23:59   3.8   0.2   0.2   1.1  13.8   13:12    NW
 3  10.6  18.1   15:27   3.1   06:30   4.9   0.5   0.2   0.7  11.3   11:48   ENE
 4  13.7  17.9   13:55   9.3   07:09   1.9   0.6   0.2   2.8  25.0   13:09     E
 5  12.6  16.6   11:53   8.5   23:43   2.5   0.2   0.0   3.6  27.5   14:31     E
 6  11.7  16.0   12:56   8.6   00:16   3.4   0.1   0.0   2.7  20.0   10:49   ENE
 7  12.2  13.7   16:33  11.2   06:49   2.8   0.0   0.6   0.9  10.0   00:19    NE
 8  12.5  15.6   14:09   9.9   22:54   2.5   0.0   0.0   1.4  12.5   12:30   NNE
 9  10.6  15.3   14:53   6.8   07:20   4.4   0.0   0.0   1.5  16.3   10:22   NNE
10   8.2  12.9   13:52   4.3   06:43   6.8   0.0   1.4   0.6  12.5   12:47     N
11   9.2  15.4   14:38   3.3   07:26   5.8   0.0   0.2   0.7  12.5   14:39    NE
12  10.9  14.8   12:35   7.6   01:05   4.1   0.0   2.6   2.0  15.0   09:27    NE
13   9.6  13.1   13:25   6.8   03:25   5.4   0.0   2.8   1.9  18.8   12:47   ENE
14  10.6  13.7   11:27   6.9   07:18   4.4   0.0   0.0   1.2  12.5   12:15     E
15  11.5  16.0   16:11   8.7   05:09   3.5   0.1   4.8   0.7   8.8   11:53   SSE
16  12.0  17.7   14:33   7.8   05:09   3.3   0.3   3.8   1.2  15.0   09:48     S
17  12.5  16.6   14:23   8.8   23:51   2.7   0.2   0.2   1.3  13.8   12:19    NW
18  10.0  13.6   15:16   7.9   01:46   5.0   0.0   0.6   2.8  15.0   11:32    NW
19  10.4  13.6   14:49   8.1   00:00   4.6   0.0   0.0   2.4  13.8   13:06    NW
20  10.3  13.1   14:14   8.8   03:55   4.7   0.0   1.2   1.4  20.0   14:16     N
21   9.4  12.6   14:16   6.0   23:12   5.6   0.0   0.2   0.7  15.0   12:31     N
22   9.0  14.1   14:38   4.6   07:19   6.0   0.0   0.0   0.8  13.8   15:21   NNE
23   8.8  13.3   14:48   4.9   07:30   6.2   0.0   0.2   1.5  16.3   14:46   ENE
24  10.0  13.1   14:50   7.7   04:35   5.0   0.0   0.4   1.2  12.5   10:54    NE
25   9.4  13.0   15:38   6.1   07:10   5.5   0.0   0.8   0.0   3.8   00:45   NNE
26  11.1  15.1   12:27   7.4   01:44   3.8   0.0   0.0   0.9  10.0   12:29    NW
27  10.8  13.8   15:28   7.9   00:23   4.2   0.0   0.0   1.6  11.3   16:04    NW
28  12.5  16.3   12:06   9.4   07:43   2.6   0.1   0.0   1.1  11.3   12:08    NW
29  12.7  16.0   14:29   8.9   23:17   2.4   0.1   0.0   0.0   5.0   13:05    NW
30   9.2  11.8   14:38   7.1   02:16   6.0   0.0   0.4   0.0   5.0   10:20     E
31  11.4  17.2   14:30   6.6   23:57   3.8   0.2   0.2   0.2   5.0   01:39     E
----------------------------------------------------------------------------------
    10.8  18.1     3     3.1     3   131.3   2.6  22.4   1.2  27.5     5     NNE

Max >=  27.0:  0
Max <=   0.0:  0
Min <=   0.0:  0
Min <=  -5.0:  0
Max Rain: 4.8 on day 15
Days of Rain: 20 (>= 0.2 mm)  4 (>= 2.0 mm)  0 (>= 15.0 mm)
Heat Base: 15.0  Cool Base: 15.0  Method: Integration
:now::gauges::console::today/yesterday::month/year::records: noaa reports::annual data::wind map::monthly records::trends::longrange forecast::rainfall radar::webcam