High Wych Weather

NOAA Style Reports for High Wych, Hertfordshire


Report for 2016 Nov
                   Monthly Climatological Summary for Nov 2016

Name: High Wych Weather   City: High Wych, Sawbridgeworth   State: Herts
Elevation: 72 m  Lat: N 51° 48' 26"   Lon: E 000° 07' 20"

                  Temperature (°C), Rain (mm), Wind Speed (mph)

                                      Heat  Cool        Avg
    Mean                              Deg   Deg         Wind                 Dom
Day Temp  High   Time   Low    Time   Days  Days  Rain  Speed High   Time    Dir
----------------------------------------------------------------------------------
 1   7.6  11.2   12:03   3.7   23:59   7.4   0.0   0.2   1.2  13.8   15:53   NNE
 2   4.3  10.3   13:15   0.6   06:20  10.7   0.0   0.2   0.5  13.8   14:47    NW
 3   5.1  10.6   14:00  -0.3   01:51   9.9   0.0   0.0   0.6  10.0   12:53    NW
 4   7.3  10.2   11:26   2.3   23:59   7.7   0.0   4.8   0.3   8.8   11:51    NW
 5   4.2   8.5   14:03   0.8   03:11  10.8   0.0   0.2   1.8  15.0   11:26    NW
 6   3.6   7.2   12:17   0.9   06:57  11.4   0.0   2.6   3.1  18.8   20:39    NW
 7   4.7   8.0   11:50   0.9   23:52  10.3   0.0   0.0   1.9  22.5   05:46   NNW
 8   2.4   5.2   12:48   0.1   01:57  12.6   0.0   0.8   0.4  22.5   05:46    NW
 9   5.2   6.3   18:12   2.8   00:00   9.7   0.0  16.4   2.5  16.3   14:49   NNW
10   5.4  10.1   14:03   1.6   05:17   9.6   0.0   0.0   1.6  13.8   14:57    NW
11   5.2  10.6   13:50   1.5   07:33   9.8   0.0   0.0   0.4   8.8   01:35    NW
12   7.4   8.9   21:53   4.7   00:00   7.6   0.0   7.8   1.1  12.5   03:43     S
13   6.8  10.2   13:16   4.2   22:59   8.2   0.0   0.2   0.6  12.5   09:27    NW
14   8.8  11.8   23:40   4.3   00:00   6.2   0.0   0.4   1.0  11.3   14:18    NW
15  12.8  14.6   12:31  11.6   03:26   2.2   0.0   1.0   1.3  10.0   08:58    NW
16  11.2  13.1   13:16   8.4   23:54   3.8   0.0   2.2   2.3  21.3   14:29    NW
17   7.6  11.6   13:21   5.9   20:33   7.4   0.0   4.4   2.3  18.8   14:15   WNW
18   4.0   6.6   13:40   1.5   23:39  11.0   0.0   0.2   1.5  11.3   01:06    NW
19   3.5   7.4   13:15  -0.3   07:57  11.5   0.0   2.0   1.0  12.5   22:49    SW
20   5.8   7.9   07:13   4.1   17:49   9.2   0.0  18.6   2.8  23.8   02:45   NNE
21   8.3  11.8   14:42   4.6   00:00   6.7   0.0  15.2   2.4  16.3   13:21   ESE
22   8.8  11.2   13:45   5.5   23:15   6.2   0.0   2.2   2.9  21.3   04:36   SSW
23   7.0   9.2   13:21   4.1   04:44   8.0   0.0   0.0   2.0  16.3   23:08   NNE
24   8.4   9.4   13:05   5.8   23:49   6.6   0.0   0.0   4.2  18.8   00:20   NNE
25   6.5  10.1   12:52   4.7   23:59   8.5   0.0   0.0   3.3  20.0   11:16   NNE
26   4.4   8.5   14:03   1.5   07:57  10.5   0.0   0.4   1.6  10.0   11:05   NNE
27   6.0   8.6   13:43   3.4   00:00   9.0   0.0   0.0   1.8  12.5   17:10   NNE
28   4.6   8.3   12:24  -0.1   22:52  10.4   0.0   0.0   1.6  20.0   11:59     E
29   0.7   6.6   13:07  -3.1   22:56  14.3   0.0   0.0   0.2   7.5   12:11     E
----------------------------------------------------------------------------------
     6.1  14.6    15    -3.1    29   257.2   0.0  79.8   1.7  23.8    20       N

Max >=  27.0:  0
Max <=   0.0:  0
Min <=   0.0:  4
Min <=  -5.0:  0
Max Rain: 18.6 on day 20
Days of Rain: 19 (>= 0.2 mm)  10 (>= 2.0 mm)  3 (>= 15.0 mm)
Heat Base: 15.0  Cool Base: 15.0  Method: Integration
:now::gauges::console::today/yesterday::month/year::records: noaa reports::annual data::wind map::monthly records::trends::longrange forecast::rainfall radar::webcam