High Wych Weather

NOAA Style Reports for High Wych, Hertfordshire


Report for 2016 Dec
                   Monthly Climatological Summary for Dec 2016

Name: High Wych Weather   City: High Wych, Sawbridgeworth   State: Herts
Elevation: 72 m  Lat: N 51° 48' 26"   Lon: E 000° 07' 20"

                  Temperature (°C), Rain (mm), Wind Speed (mph)

                                      Heat  Cool        Avg
    Mean                              Deg   Deg         Wind                 Dom
Day Temp  High   Time   Low    Time   Days  Days  Rain  Speed High   Time    Dir
----------------------------------------------------------------------------------
 1   2.2   8.6   13:33  -1.8   05:33  12.8   0.0   0.0   0.4   7.5   14:01    NW
 2   5.2   7.4   13:47   3.1   00:00   9.8   0.0   0.0   0.1   7.5   20:39   NNE
 3   4.4   7.6   11:14   0.8   23:55  10.6   0.0   0.0   1.1  15.0   12:50     E
 4   2.4   7.8   12:53  -0.6   23:56  12.5   0.0   0.2   1.3  18.8   13:05     E
 5   1.4   6.1   13:18  -3.1   06:38  13.6   0.0   0.2   0.3   7.5   11:15   ESE
 6   4.5   8.6   20:36   0.4   02:21  10.5   0.0   0.0   0.3   5.0   22:05     E
 7  10.1  12.3   13:39   7.7   01:51   4.9   0.0   0.0   1.0  10.0   12:02    SW
 8  11.0  12.6   13:12   9.7   06:52   4.0   0.0   0.0   1.4  13.8   02:43     W
 9  11.8  13.6   12:42  10.0   21:23   3.2   0.0   0.2   1.4  13.8   12:18     W
10  10.6  12.1   15:30   6.3   23:52   4.3   0.0   7.8   1.4  22.5   20:59   WNW
11   5.2   9.6   13:52   2.4   08:13   9.7   0.0   0.2   0.4   8.8   14:49    NW
12   5.8   9.6   21:25   1.1   07:14   9.2   0.0   1.0   0.5  10.0   19:16   SSE
13   9.4  11.6   18:05   5.7   04:16   5.6   0.0   0.2   0.5   7.5   00:20   SSW
14   8.9  12.8   12:03   4.8   23:05   6.1   0.0   0.2   0.7   8.8   12:43    SE
15   6.7   9.0   14:37   3.6   03:26   8.3   0.0   0.2   0.9   8.8   11:21   ESE
16   7.5   8.8   12:44   5.1   00:00   7.5   0.0   0.0   0.8   7.5   00:55     E
17   4.5   6.1   13:41   1.3   03:39  10.5   0.0   0.4   0.1   5.0   14:34    NW
18   5.4   6.7   12:38   2.9   21:57   9.6   0.0   0.0   0.1   5.0   13:38    NW
19   4.7   5.8   14:39   3.7   03:44  10.3   0.0   0.2   0.2   8.8   22:22     E
20   3.4   5.4   12:11   0.9   08:49  11.6   0.0   0.0   0.4  10.0   13:42   SSE
21   8.0  10.6   14:16   3.1   00:00   7.0   0.0   0.2   1.3  13.8   08:00   WSW
22   4.1   8.2   13:11  -0.3   09:01  10.9   0.0   0.2   0.2   8.8   11:25     W
23   7.4  10.2   13:05   3.4   03:15   7.6   0.0   1.8   2.1  23.8   14:30   WSW
24   6.5   8.9   23:50   3.4   05:36   8.5   0.0   0.2   2.0  13.8   12:03   WNW
25  10.7  12.3   14:57   8.6   02:35   4.3   0.0   0.0   3.0  17.5   23:24   WNW
26   5.4  11.7   00:00   0.1   23:26   9.6   0.0   1.0   2.6  18.8   01:55    NW
27   0.6   5.9   13:26  -2.3   07:55  14.4   0.0   0.2   0.0   2.5   00:49   ---
28  -0.6   1.9   14:17  -2.8   08:02  15.6   0.0   0.2   0.3   6.3   11:43   ESE
----------------------------------------------------------------------------------
     6.0  13.6     9    -3.1     5   252.5   0.0  14.6   0.9  23.8    23       W

Max >=  27.0:  0
Max <=   0.0:  0
Min <=   0.0:  6
Min <=  -5.0:  0
Max Rain: 7.8 on day 10
Days of Rain: 18 (>= 0.2 mm)  1 (>= 2.0 mm)  0 (>= 15.0 mm)
Heat Base: 15.0  Cool Base: 15.0  Method: Integration
:now::gauges::console::today/yesterday::month/year::records: noaa reports::annual data::wind map::monthly records::trends::longrange forecast::rainfall radar::webcam