High Wych Weather

NOAA Style Reports for High Wych, Hertfordshire


Report for 2017
                   Annual Climatological Summary for 2017

Name: High Wych Weather   City: High Wych, Sawbridgeworth   State: Herts
Elevation: 72 m  Lat: N 51° 48' 26"   Lon: E 000° 07' 20"

                  Temperature (°C), Heat Base: 15.0  Cool Base: 15.0
                          Dep.  Heat  Cool                       Max  Max  Min  Min
        Mean  Mean        From  Deg   Deg                        >=   <=   <=   <=
 YR MO  Max   Min   Mean  Norm  Days  Days  Hi  Date  Low  Date 27.0  0.0  0.0  -5.0
------------------------------------------------------------------------------------
 17  1   6.0  -0.4   2.7  -1.7   379     0   9.9   8  -5.3   22    0    1   18    1
 17  2   9.1   3.5   6.2   1.9   247     0  16.2  20  -0.8    6    0    0    4    0
 17  3  13.5   5.2   9.0   2.7   188     2  21.4  30   1.5    1    0    0    0    0
 17  4  15.0   4.3   9.4   0.6   173     5  25.4   9  -1.8   27    0    0    2    0
 17  5  18.8   8.8  13.6   1.2    87    42  25.4  24   2.7   10    0    0    0    0
 17  6  22.7  12.0  17.3   2.1    24    94  31.4  18   7.8    4    5    0    0    0
 17  7  22.9  13.0  17.6  -0.6    14    95  28.3   7   9.3   13    3    0    0    0
 17  8  22.0  11.9  16.5  -1.0    28    75  28.6  28   6.7   31    1    0    0    0
 17  9  19.1   9.2  14.0  -0.7    27    13  21.8   2   5.4   22    0    0    0    0
 17 10  15.1   7.1  11.3  -0.1    46     2  19.1  25   1.4   30    0    0    0    0
 17 11  10.0   3.0   6.5  -1.2   253     0  15.1   1  -2.7   25    0    0    5    0
 17 12   7.2   1.7   4.6  -1.7   323     0  12.8  30  -5.3   12    0    0   11    1
------------------------------------------------------------------------------------
        15.1   6.6  10.7   0.1  1794   332  31.4 Jun  -5.3  Jan    9    1   40    2

                                Precipitation (mm)

              Dep.   Max        Days of Rain
              From   Obs.           >=
 YR MO Total  Norm   Day Date  0.2  2.0 15.0
---------------------------------------------
 17  1  55.4 -19.0  11.8  12    23    8    0
 17  2  37.2  11.6   8.4  27    19    7    0
 17  3  26.6  -7.5   6.6   5    12    6    0
 17  4   8.4 -30.6   4.8  26    10    1    0
 17  5  74.2  24.6  29.6  17    14    5    2
 17  6  46.6   1.6  16.4   6     8    4    1
 17  7  93.2  31.2  17.8  11    17   10    2
 17  8  58.4  -6.7  31.0   9    13    5    1
 17  9  25.8 -16.2   6.6  11    11    6    0
 17 10   6.0 -62.2   3.2  19     5    2    0
 17 11  34.4 -49.6   8.0  11    22    5    0
 17 12  89.6  18.3  20.8  11    22   11    1
---------------------------------------------
       555.8-104.5  31.0  Aug  176   70    7

                                Wind Speed (mph)
                          Dom
 YR MO   Avg.  Hi   Date  Dir
------------------------------
 17  1   1.3  30.0   13   NNW
 17  2   2.3  38.8   24   NNW
 17  3   2.2  26.3   26    NW
 17  4   1.7  25.0   26   NNW
 17  5   1.7  23.8    5   NNE
 17  6   1.8  22.5    5   NNW
 17  7   1.5  22.5   18    NW
 17  8   1.2  22.5    3    NW
 17  9   1.0  22.5   13    NW
 17 10   1.5  20.0   22    NW
 17 11   1.3  25.0   10   WNW
 17 12   1.8  26.3   11    NW
------------------------------
         1.6  38.8  Feb    NW
:now::gauges::console::today/yesterday::month/year::records: noaa reports::annual data::wind map::monthly records::trends::longrange forecast::rainfall radar::webcam