High Wych Weather

NOAA Style Reports for High Wych, Hertfordshire


Report for 2017 Jan
                   Monthly Climatological Summary for Jan 2017

Name: High Wych Weather   City: High Wych, Sawbridgeworth   State: Herts
Elevation: 72 m  Lat: N 51° 48' 26"   Lon: E 000° 07' 20"

                  Temperature (°C), Rain (mm), Wind Speed (mph)

                                      Heat  Cool        Avg
    Mean                              Deg   Deg         Wind                 Dom
Day Temp  High   Time   Low    Time   Days  Days  Rain  Speed High   Time    Dir
----------------------------------------------------------------------------------
 1   5.1   7.9   12:33   2.7   23:52   9.9   0.0   5.0   2.1  21.3   14:05     N
 2   1.1   4.2   13:06  -2.6   23:16  13.9   0.0   0.2   1.3  15.0   11:07   NNW
 3   1.5   4.3   14:32  -3.1   04:01  13.5   0.0   0.2   1.7  11.3   15:39    NW
 4   4.1   6.6   09:38   0.6   23:34  10.9   0.0   0.8   3.2  17.5   06:09   NNW
 5   0.3   4.6   13:43  -2.7   08:45  14.7   0.0   0.0   0.2   6.3   00:31    NW
 6   1.8   5.5   14:43  -2.6   03:42  13.2   0.0   2.0   0.6  12.5   19:44     W
 7   7.3   9.1   13:51   5.1   00:00   7.7   0.0   1.6   0.5   8.8   10:48    NW
 8   7.9   9.9   13:14   6.9   05:53   7.1   0.0   0.2   0.1   3.8   01:48    NW
 9   7.0   9.1   11:18   1.4   23:44   8.0   0.0   3.0   1.8  22.5   18:01   WNW
10   5.4   8.1   14:37   1.3   00:31   9.6   0.0   0.2   1.3  11.3   11:58    NW
11   6.8   9.9   10:42   3.9   23:18   8.2   0.0   0.0   3.3  26.3   11:00    NW
12   3.3   5.9   11:13   0.3   17:35  11.7   0.0  11.8   2.3  21.3   21:54    NW
13   1.7   4.4   13:50  -0.2   06:46  13.3   0.0   1.2   7.0  30.0   11:37    NW
14   1.3   4.4   13:28  -1.2   04:52  13.7   0.0   0.0   2.8  16.3   11:45    NW
15   3.9   7.9   16:18  -0.9   00:50  11.1   0.0   6.2   1.3  16.3   17:29   NNW
16   3.7   4.9   00:08   2.4   23:59  11.2   0.0   2.8   0.1   7.5   01:42     E
17   1.0   4.7   13:36  -1.9   23:44  14.0   0.0   0.2   0.3   7.5   12:19   ESE
18  -0.3   4.6   13:47  -4.4   07:02  15.3   0.0   0.0   0.0   5.0   15:01   ESE
19   0.4   6.2   13:33  -3.6   04:15  14.6   0.0   0.0   0.2  10.0   12:40     E
20   1.2   6.5   13:40  -2.6   02:15  13.8   0.0   0.2   0.6  16.3   14:06     E
21   0.1   4.7   13:18  -3.4   22:22  14.9   0.0   0.2   0.6  13.8   14:35   ESE
22  -1.4   5.1   14:16  -5.3   06:37  16.4   0.0   0.0   0.1   5.0   11:51   ESE
23  -0.5   2.4   15:26  -4.2   00:11  15.5   0.0   0.2   0.0   2.5   03:20   ---
24   2.2   7.9   14:11  -1.8   08:36  12.8   0.0   0.0   0.0   0.0   00:00   ---
25   0.3   2.4   12:41  -2.1   02:56  14.7   0.0   0.4   0.4  10.0   21:49   ESE
26  -1.8  -0.6   00:00  -3.5   22:16  16.8   0.0   0.0   1.4  16.3   11:31    SE
27   1.2   3.7   13:05  -3.1   01:42  13.8   0.0   0.2   1.2  13.8   15:22   ESE
----------------------------------------------------------------------------------
     2.4   9.9     8    -5.3    22   340.3   0.0  36.6   1.3  30.0    13     NNW

Max >=  27.0:  0
Max <=   0.0:  1
Min <=   0.0: 18
Min <=  -5.0:  1
Max Rain: 11.8 on day 12
Days of Rain: 19 (>= 0.2 mm)  6 (>= 2.0 mm)  0 (>= 15.0 mm)
Heat Base: 15.0  Cool Base: 15.0  Method: Integration
:now::gauges::console::today/yesterday::month/year::records: noaa reports::annual data::wind map::monthly records::trends::longrange forecast::rainfall radar::webcam