High Wych Weather

NOAA Style Reports for High Wych, Hertfordshire


Report for 2017 Feb
                   Monthly Climatological Summary for Feb 2017

Name: High Wych Weather   City: High Wych, Sawbridgeworth   State: Herts
Elevation: 72 m  Lat: N 51° 48' 26"   Lon: E 000° 07' 20"

                  Temperature (°C), Rain (mm), Wind Speed (mph)

                                      Heat  Cool        Avg
    Mean                              Deg   Deg         Wind                 Dom
Day Temp  High   Time   Low    Time   Days  Days  Rain  Speed High   Time    Dir
----------------------------------------------------------------------------------
 1   9.1  10.2   12:34   6.2   00:31   5.9   0.0   4.6   1.8  11.3   21:13   SSE
 2   9.8  10.5   11:31   8.4   08:16   5.2   0.0   1.0   3.7  21.3   14:14     S
 3   7.8  10.8   13:42   3.9   23:12   7.2   0.0   1.4   2.9  17.5   18:08   SSE
 4   3.8   8.7   14:27   0.8   06:05  11.2   0.0   1.2   0.1  17.5   16:29   WNW
 5   3.5   5.9   13:21   1.0   07:18  11.5   0.0   0.4   1.1  15.0   15:15     N
 6   3.8   6.9   13:42  -0.8   07:48  11.2   0.0   5.6   0.8  10.0   23:10    SE
 7   5.2   9.7   13:58   2.3   23:10   9.8   0.0   2.6   1.0  10.0   00:45    NE
 8   2.4   4.5   12:18  -0.1   03:24  12.6   0.0   0.2   1.2  12.5   12:10   NNE
 9   1.0   1.6   12:37   0.5   19:28  14.0   0.0   0.0   1.5  11.3   11:45    NE
10   0.6   1.1   13:00   0.0   18:01  14.4   0.0   0.2   2.0  13.8   09:02   NNE
11   0.7   1.9   14:12  -0.4   05:18  14.3   0.0   2.6   2.7  13.8   06:55     N
12   2.1   4.4   22:05   0.2   05:47  12.9   0.0   0.6   3.2  20.0   20:42   ENE
13   4.6   8.9   12:32   2.9   02:35  10.4   0.0   0.0   5.9  25.0   11:18     E
14   6.3  11.4   14:15   2.6   07:06   8.7   0.0   0.0   2.8  17.5   00:20   ESE
15   8.4  11.8   12:02   6.7   05:23   6.6   0.0   1.0   1.2  12.5   14:44    SW
16   7.8  11.4   14:29   5.4   05:34   7.2   0.0   0.2   1.2  11.3   13:09   WNW
17   7.7  11.7   12:52   4.2   02:38   7.3   0.0   0.0   0.3   6.3   06:31    NW
18   6.7  10.6   15:45   3.6   23:06   8.3   0.0   0.0   0.5   8.8   12:05   WSW
19   7.5  11.1   14:50   3.0   00:08   7.5   0.0   0.2   0.8   8.8   12:27    NW
20  11.6  16.2   12:44   9.0   01:23   3.4   0.1   0.0   2.0  16.3   13:24    NW
21  10.8  12.7   11:56   9.1   06:14   4.2   0.0   0.0   2.5  16.3   22:26    NW
22  11.5  13.7   12:08  10.2   23:09   3.5   0.0   0.6   3.6  17.5   14:01    NW
23   8.2  10.2   00:00   3.3   23:54   6.8   0.0   0.0   7.7  38.8   14:03    NW
24   4.7   9.2   13:20   2.3   06:05  10.3   0.0   0.0   2.8  38.8   13:41    NW
25   7.7   9.7   13:08   4.5   00:00   7.3   0.0   2.2   2.7  17.5   13:25   WNW
26   9.7  12.9   12:45   7.5   23:37   5.3   0.0   1.6   3.3  23.8   17:38   WNW
----------------------------------------------------------------------------------
     6.3  16.2    20    -0.8     6   227.0   0.1  26.2   2.3  38.8    23     NNW

Max >=  27.0:  0
Max <=   0.0:  0
Min <=   0.0:  4
Min <=  -5.0:  0
Max Rain: 5.6 on day 6
Days of Rain: 17 (>= 0.2 mm)  5 (>= 2.0 mm)  0 (>= 15.0 mm)
Heat Base: 15.0  Cool Base: 15.0  Method: Integration
:now::gauges::console::today/yesterday::month/year::records: noaa reports::annual data::wind map::monthly records::trends::longrange forecast::rainfall radar::webcam