High Wych Weather

NOAA Style Reports for High Wych, Hertfordshire


Report for 2017 Mar
                   Monthly Climatological Summary for Mar 2017

Name: High Wych Weather   City: High Wych, Sawbridgeworth   State: Herts
Elevation: 72 m  Lat: N 51° 48' 26"   Lon: E 000° 07' 20"

                  Temperature (°C), Rain (mm), Wind Speed (mph)

                                      Heat  Cool        Avg
    Mean                              Deg   Deg         Wind                 Dom
Day Temp  High   Time   Low    Time   Days  Days  Rain  Speed High   Time    Dir
----------------------------------------------------------------------------------
 1   6.0   9.3   12:25   1.5   05:40   9.0   0.0   0.8   2.0  21.3   00:02    NW
 2   6.5  11.0   14:39   4.3   18:47   8.5   0.0   0.0   4.0  22.5   09:50    NW
 3   6.8   9.8   15:06   3.8   02:55   8.2   0.0   2.2   1.3  12.5   08:25   ESE
 4   8.1  12.2   14:17   5.9   21:43   6.9   0.0   0.4   1.4  15.0   14:26   WSW
 5   6.2  10.8   14:08   4.3   04:20   8.8   0.0   6.6   3.1  25.0   14:25   WNW
 6   5.4   9.2   12:03   1.6   07:09   9.6   0.0   0.2   3.2  17.5   00:18    NW
 7   6.5  11.7   14:38   2.9   06:40   8.5   0.0   0.0   1.7  10.0   03:04    NW
 8   9.7  13.1   12:13   6.6   00:00   5.3   0.0   2.0   1.6  13.8   01:03   WNW
 9  10.8  15.4   13:26   5.9   23:22   4.2   0.0   0.0   2.8  20.0   10:07    NW
10   8.8  12.5   13:42   4.0   03:42   6.2   0.0   0.0   1.1  11.3   09:47     S
11  11.3  16.6   14:57   8.3   23:36   3.9   0.1   0.0   1.3  11.3   18:30    SE
12   9.8  12.6   11:39   7.4   04:19   5.2   0.0   0.0   0.9  10.0   21:54   WNW
13   9.9  15.1   14:54   5.3   06:39   5.1   0.0   0.0   2.1  12.5   10:43    NW
14   9.7  14.4   13:47   5.5   03:56   5.3   0.0   0.0   1.4  12.5   09:19    NW
15  10.6  17.8   15:36   4.6   06:44   4.8   0.4   0.2   0.3   7.5   14:39   WNW
16   8.5  12.6   11:13   4.7   06:55   6.5   0.0   0.0   1.3  12.5   13:19    NW
17   7.6  10.3   14:32   1.8   06:22   7.4   0.0   0.0   3.0  18.8   21:55    NW
18  12.0  15.8   12:04   9.3   00:00   3.0   0.0   0.0   3.5  17.5   10:10    NW
19  12.0  14.7   14:28  10.5   23:59   3.0   0.0   0.0   3.5  16.3   09:49    NW
20   9.5  12.9   12:53   4.6   23:59   5.5   0.0   4.8   2.6  20.0   13:44   WNW
21   6.3  11.5   15:08   2.2   05:47   8.7   0.0   0.2   2.0  16.3   09:34    NW
22   5.8   9.1   16:53   2.8   01:24   9.2   0.0   4.2   2.0  21.3   11:01    SE
23   7.6  11.6   15:30   5.3   23:47   7.4   0.0   4.2   3.2  25.0   12:18   ENE
24   7.9  13.4   14:37   4.4   23:58   7.1   0.0   0.0   3.0  18.8   09:00   ENE
25   8.0  14.6   13:04   3.1   03:47   7.0   0.0   0.0   2.8  18.8   13:04   ENE
26   8.7  14.8   14:43   3.6   03:31   6.0   0.0   0.0   3.4  26.3   13:52     E
27   8.6  15.7   17:28   3.8   01:04   6.4   0.0   0.0   1.6  13.8   11:28     E
28   9.7  17.9   13:32   3.2   05:24   5.7   0.4   0.8   1.5  15.0   18:26     W
29  12.7  15.1   15:11  10.6   04:34   2.3   0.0   0.0   2.2  15.0   03:35     W
30  15.3  21.4   14:19  10.2   05:24   1.5   1.8   0.0   1.6  16.3   10:26   SSW
----------------------------------------------------------------------------------
     8.9  21.4    30     1.5     1   186.2   2.7  26.6   2.2  26.3    26      NW

Max >=  27.0:  0
Max <=   0.0:  0
Min <=   0.0:  0
Min <=  -5.0:  0
Max Rain: 6.6 on day 5
Days of Rain: 12 (>= 0.2 mm)  6 (>= 2.0 mm)  0 (>= 15.0 mm)
Heat Base: 15.0  Cool Base: 15.0  Method: Integration
:now::gauges::console::today/yesterday::month/year::records: noaa reports::annual data::wind map::monthly records::trends::longrange forecast::rainfall radar::webcam