High Wych Weather

NOAA Style Reports for High Wych, Hertfordshire


Report for 2017 Apr
                   Monthly Climatological Summary for Apr 2017

Name: High Wych Weather   City: High Wych, Sawbridgeworth   State: Herts
Elevation: 72 m  Lat: N 51° 48' 26"   Lon: E 000° 07' 20"

                  Temperature (°C), Rain (mm), Wind Speed (mph)

                                      Heat  Cool        Avg
    Mean                              Deg   Deg         Wind                 Dom
Day Temp  High   Time   Low    Time   Days  Days  Rain  Speed High   Time    Dir
----------------------------------------------------------------------------------
 1  10.9  17.3   14:01   6.8   04:23   4.2   0.1   0.0   1.2  15.0   10:10     W
 2   9.9  16.3   14:25   5.4   06:48   5.2   0.0   0.2   1.2  12.5   14:26    NW
 3  11.1  17.9   14:53   6.3   00:25   4.3   0.4   0.0   1.3  12.5   12:45   SSW
 4  10.6  15.7   15:19   6.9   23:57   4.4   0.0   0.0   1.3  12.5   10:47   NNW
 5   9.0  14.1   16:23   4.1   04:33   6.0   0.0   0.0   2.2  16.3   14:07    NW
 6  10.0  17.3   15:40   2.3   06:52   5.3   0.3   0.0   0.8   8.8   12:56    NW
 7   9.6  16.3   16:58   2.8   06:37   5.5   0.1   0.0   1.1  18.8   12:17    NW
 8  11.3  20.9   16:49   4.2   07:22   4.9   1.2   0.0   0.7  10.0   13:18    SE
 9  15.1  25.4   16:08   5.3   05:05   3.1   3.2   0.0   1.9  18.8   17:52   WSW
10   9.7  12.8   16:06   6.1   07:18   5.3   0.0   0.0   2.4  15.0   09:05    NW
11   9.2  15.7   17:44   2.8   06:05   5.8   0.0   0.0   1.3  12.5   14:48   NNW
12   9.7  15.6   15:41   3.7   04:21   5.3   0.0   0.6   3.2  17.5   17:07   NNW
13   8.0  11.7   14:06   2.7   06:09   7.0   0.0   0.0   1.9  15.0   10:27    NW
14  10.4  14.7   14:12   6.9   06:07   4.6   0.0   0.2   0.9  10.0   12:55    NW
15   9.9  13.7   16:29   6.0   23:47   5.1   0.0   1.2   3.2  18.8   09:25    NW
16   9.2  13.1   15:14   4.3   02:39   5.8   0.0   0.0   2.3  13.8   09:24    NW
17   8.8  13.4   16:28   4.1   23:41   6.2   0.0   0.0   1.9  15.0   05:05   NNW
18   7.2  12.3   16:45   2.6   01:52   7.8   0.0   0.2   2.5  20.0   15:25     N
19   7.0  13.8   16:14   0.4   05:10   8.0   0.0   0.0   1.0  11.3   09:11   ESE
20  10.1  15.7   14:17   5.3   00:00   4.9   0.0   0.0   0.9  12.5   15:16    NW
21  11.1  13.7   14:55   9.0   06:05   3.9   0.0   0.0   1.6  12.5   16:47    NW
22  10.5  15.8   14:59   7.3   22:41   4.5   0.0   0.2   1.7  16.3   19:52   NNE
23  10.1  15.7   16:39   6.4   22:30   4.9   0.0   0.0   1.1  10.0   10:49    NW
24   8.2  13.2   15:01   3.6   23:58   6.7   0.0   0.2   1.8  16.3   21:58    NW
25   4.5  11.0   16:15  -1.6   06:25  10.5   0.0   0.0   2.6  20.0   18:03    NW
26   4.0  10.2   13:58   0.7   02:22  11.0   0.0   4.8   2.2  25.0   17:43     N
27   5.1   9.8   12:12  -1.8   05:44   9.9   0.0   0.6   1.3  12.5   10:26    NW
28   9.3  13.7   15:56   5.7   05:42   5.7   0.0   0.0   1.1  13.8   12:26   NNW
29  10.4  15.4   18:32   3.7   06:09   4.6   0.0   0.0   1.3  18.8   23:30    SE
30  12.4  16.8   16:45   8.4   05:12   2.8   0.1   0.2   4.2  25.0   11:55   ESE
----------------------------------------------------------------------------------
     9.4  25.4     9    -1.8    27   173.2   5.4   8.4   1.7  25.0    26     NNW

Max >=  27.0:  0
Max <=   0.0:  0
Min <=   0.0:  2
Min <=  -5.0:  0
Max Rain: 4.8 on day 26
Days of Rain: 10 (>= 0.2 mm)  1 (>= 2.0 mm)  0 (>= 15.0 mm)
Heat Base: 15.0  Cool Base: 15.0  Method: Integration
:now::gauges::console::today/yesterday::month/year::records: noaa reports::annual data::wind map::monthly records::trends::longrange forecast::rainfall radar::webcam