High Wych Weather

NOAA Style Reports for High Wych, Hertfordshire


Report for 2017 May
                   Monthly Climatological Summary for May 2017

Name: High Wych Weather   City: High Wych, Sawbridgeworth   State: Herts
Elevation: 72 m  Lat: N 51° 48' 26"   Lon: E 000° 07' 20"

                  Temperature (°C), Rain (mm), Wind Speed (mph)

                                      Heat  Cool        Avg
    Mean                              Deg   Deg         Wind                 Dom
Day Temp  High   Time   Low    Time   Days  Days  Rain  Speed High   Time    Dir
----------------------------------------------------------------------------------
 1   9.9  13.6   16:58   6.2   23:16   5.1   0.0   5.0   2.0  20.0   12:27   ESE
 2  10.3  16.5   12:01   5.2   05:40   4.7   0.1   0.2   1.9  17.5   15:46   NNE
 3   8.3  10.6   14:00   5.7   05:03   6.7   0.0   0.2   3.2  18.8   11:48   NNE
 4  10.2  13.6   10:48   8.3   23:55   4.8   0.0   0.0   3.5  18.8   10:57   NNE
 5  10.7  15.9   11:49   6.2   03:08   4.3   0.0   0.0   3.6  23.8   12:29   ENE
 6  10.9  14.4   14:19   8.6   05:07   4.1   0.0   0.0   2.2  13.8   11:37    NE
 7  10.7  16.3   15:49   7.7   05:29   4.4   0.1   0.0   2.1  17.5   14:15     N
 8   8.6  10.7   14:32   6.9   22:44   6.4   0.0   0.0   3.1  20.0   16:24     N
 9   9.1  12.3   14:41   6.6   05:37   5.9   0.0   0.0   1.5  12.5   00:21   NNE
10  10.0  16.2   15:50   2.7   06:00   5.1   0.1   0.0   1.5  13.8   13:54   ESE
11  13.0  21.4   14:19   4.8   02:36   3.3   1.4   0.0   2.5  16.3   10:41   ESE
12  14.4  19.3   16:59  11.0   03:37   1.5   0.9   1.0   1.6  15.0   15:55     S
13  13.6  18.3   15:25  10.6   22:41   1.8   0.4   0.0   1.3  13.8   11:01   NNW
14  13.8  20.8   16:42   8.6   23:41   2.3   1.1   1.0   1.4  12.5   14:24   NNW
15  13.1  17.9   17:03   7.3   03:58   2.6   0.7   1.0   1.7  16.3   09:15    SW
16  18.5  24.4   13:26  14.8   03:08   0.0   3.5   0.6   1.8  16.3   13:39    NW
17  14.8  17.5   14:05  10.7   23:57   0.7   0.6  29.6   0.4   7.5   15:50   NNW
18  11.9  18.0   14:01   8.3   05:23   3.5   0.3  12.6   0.7   7.5   01:56    NW
19  10.5  14.2   18:47   8.1   23:48   4.5   0.0   4.6   1.2   8.8   01:15    NW
20  11.3  16.1   11:38   5.9   05:06   3.8   0.0   1.2   1.3  13.8   17:32    NW
21  13.6  19.7   17:54   7.4   05:23   2.7   1.3   0.0   1.4  11.3   19:46   SSE
22  16.9  25.1   15:59   8.8   04:48   1.7   3.6   0.0   1.5  15.0   14:32   SSE
23  15.8  20.9   17:36   9.3   05:23   1.2   2.0   0.0   1.1   7.5   15:41    NW
24  18.6  25.4   18:00  10.5   05:05   0.9   4.5   0.0   0.7   8.8   12:22   NNW
25  18.4  25.3   12:53  11.6   05:07   0.8   4.2   0.0   1.5  16.3   19:11   ESE
26  18.6  25.2   14:35  10.4   04:58   1.0   4.7   0.0   2.3  18.8   11:55   ESE
27  18.5  24.3   11:32  13.5   02:26   0.3   3.7   0.4   2.2  18.8   12:05   WNW
28  16.6  24.6   15:30  10.2   04:12   1.0   2.7   1.0   0.7   6.3   07:10    NW
29  17.3  22.2   14:18  12.9   05:21   0.4   2.7  15.8   1.1  12.5   00:50   ENE
30  16.1  19.6   14:07  13.1   23:07   0.4   1.5   0.0   2.0  12.5   16:23    NW
31  16.2  22.8   17:41  10.8   04:39   1.1   2.3   0.0   0.6   7.5   09:53     E
----------------------------------------------------------------------------------
    13.6  25.4    24     2.7    10    87.0  42.4  74.2   1.7  23.8     5     NNE

Max >=  27.0:  0
Max <=   0.0:  0
Min <=   0.0:  0
Min <=  -5.0:  0
Max Rain: 29.6 on day 17
Days of Rain: 14 (>= 0.2 mm)  5 (>= 2.0 mm)  2 (>= 15.0 mm)
Heat Base: 15.0  Cool Base: 15.0  Method: Integration
:now::gauges::console::today/yesterday::month/year::records: noaa reports::annual data::wind map::monthly records::trends::longrange forecast::rainfall radar::webcam