High Wych Weather

NOAA Style Reports for High Wych, Hertfordshire


Report for 2017 Jun
                   Monthly Climatological Summary for Jun 2017

Name: High Wych Weather   City: High Wych, Sawbridgeworth   State: Herts
Elevation: 72 m  Lat: N 51° 48' 26"   Lon: E 000° 07' 20"

                  Temperature (°C), Rain (mm), Wind Speed (mph)

                                      Heat  Cool        Avg
    Mean                              Deg   Deg         Wind                 Dom
Day Temp  High   Time   Low    Time   Days  Days  Rain  Speed High   Time    Dir
----------------------------------------------------------------------------------
 1  18.2  25.2   17:35  10.9   05:07   0.7   3.9   0.0   0.9  10.0   13:10   WNW
 2  17.0  23.7   12:01  11.7   04:36   0.5   2.5  10.8   0.5  17.5   14:32   ENE
 3  16.5  20.8   15:09  12.9   22:39   0.4   1.9   0.2   1.6  12.5   11:59    NW
 4  14.1  18.8   14:10   7.8   04:46   1.8   0.9   0.0   2.2  16.3   17:54    NW
 5  14.2  18.3   14:45  11.3   05:34   1.4   0.5   2.0   3.0  22.5   21:43   WSW
 6  11.8  16.4   16:51   9.3   09:28   3.2   0.1  16.4   4.0  22.5   16:14   NNW
 7  13.9  19.2   15:21   9.8   04:54   2.0   0.8   0.6   3.6  21.3   10:47   NNW
 8  15.0  17.9   11:46  11.7   00:00   0.8   0.8   1.8   2.6  18.8   11:11    NW
 9  15.7  21.1   15:42  11.2   04:41   1.0   1.7   0.2   1.9  15.0   09:41   NNW
10  18.0  24.0   15:11  12.6   00:56   0.6   3.5   0.0   2.2  17.5   12:13   WNW
11  18.3  23.3   12:50  12.6   22:52   0.2   3.5   0.0   2.7  18.8   14:29    NW
12  15.0  19.6   15:57  11.2   05:14   1.1   1.1   0.0   2.4  16.3   06:03   NNW
13  16.9  23.8   16:49   8.8   04:42   1.4   3.3   0.0   0.9   8.8   13:23    NW
14  18.8  24.7   12:33  11.2   05:29   0.5   4.4   0.0   1.6  15.0   14:50   ESE
15  17.5  23.9   12:02  11.7   03:55   0.8   3.4   0.0   2.0  15.0   15:32   NNW
16  17.0  23.3   17:51   9.9   04:32   1.2   3.2   0.0   1.8  12.5   14:12    NW
17  21.8  29.8   17:22  13.3   04:31   0.2   7.0   0.0   0.6   6.3   12:45   WNW
18  23.9  31.4   17:11  15.9   04:49   0.0   8.9   0.0   0.4   7.5   14:21    SE
19  24.0  30.7   16:40  16.3   05:24   0.0   8.8   0.0   1.0   8.8   09:59   ESE
20  21.8  29.1   15:59  15.8   23:54   0.0   6.8   0.0   1.6  12.5   19:40   ESE
21  21.6  29.7   15:18  13.3   04:34   0.3   6.9   0.0   1.9  13.8   16:08   ESE
22  19.9  23.2   17:15  15.7   23:58   0.0   4.8   0.0   2.0  13.8   10:29    NW
23  17.5  23.3   13:55  11.3   05:36   0.6   3.1   0.0   2.6  16.3   12:16   NNW
24  18.9  23.2   17:41  15.4   23:59   0.0   3.9   0.0   2.6  20.0   18:07    NW
25  17.2  22.3   13:47  12.8   23:58   0.3   2.5   0.0   2.4  15.0   16:20    NW
26  16.5  23.8   16:32   9.1   05:02   1.3   2.8   0.0   1.3  13.8   20:35   ENE
27  15.1  17.3   15:14  13.6   00:59   0.5   0.5  14.6   1.6  11.3   15:13     E
28  13.7  14.9   08:34  11.3   23:53   1.3   0.0   0.0   1.4  12.5   14:41   NNW
29  13.9  17.0   16:55  10.7   04:53   1.6   0.5   0.0   1.4  12.5   14:28    NW
30  16.4  21.6   17:54  12.3   05:57   0.7   2.1   0.0   0.6  10.0   20:02    NW
----------------------------------------------------------------------------------
    17.3  31.4    18     7.8     4    24.4  94.1  46.6   1.8  22.5     5     NNW

Max >=  27.0:  5
Max <=   0.0:  0
Min <=   0.0:  0
Min <=  -5.0:  0
Max Rain: 16.4 on day 6
Days of Rain: 8 (>= 0.2 mm)  4 (>= 2.0 mm)  1 (>= 15.0 mm)
Heat Base: 15.0  Cool Base: 15.0  Method: Integration
:now::gauges::console::today/yesterday::month/year::records: noaa reports::annual data::wind map::monthly records::trends::longrange forecast::rainfall radar::webcam