High Wych Weather

NOAA Style Reports for High Wych, Hertfordshire


Report for 2017 Jul
                   Monthly Climatological Summary for Jul 2017

Name: High Wych Weather   City: High Wych, Sawbridgeworth   State: Herts
Elevation: 72 m  Lat: N 51° 48' 26"   Lon: E 000° 07' 20"

                  Temperature (°C), Rain (mm), Wind Speed (mph)

                                      Heat  Cool        Avg
    Mean                              Deg   Deg         Wind                 Dom
Day Temp  High   Time   Low    Time   Days  Days  Rain  Speed High   Time    Dir
----------------------------------------------------------------------------------
 1  16.5  21.2   18:45  12.9   02:55   0.6   2.1   0.2   1.4  11.3   01:53    NW
 2  18.0  23.3   17:33  14.1   06:59   0.0   3.1   0.0   1.4  13.8   06:18    NW
 3  17.2  23.3   16:30  11.4   04:35   0.6   2.8   0.0   1.5  11.3   13:23    NW
 4  18.3  24.4   18:30  10.7   05:03   0.8   4.1   0.0   0.7  10.0   17:40   WNW
 5  20.2  27.9   16:36  12.6   04:55   0.3   5.6   0.0   1.0  11.3   19:52   ESE
 6  20.7  28.1   15:33  14.9   04:27   0.0   5.7   5.4   2.0  16.3   08:53   ESE
 7  21.4  28.3   15:05  15.0   05:21   0.0   6.3   0.0   1.1  10.0   21:41   WNW
 8  20.1  26.4   16:56  15.8   04:51   0.0   5.1   0.0   1.2  11.3   15:32   NNW
 9  21.1  26.7   13:11  15.9   05:33   0.0   6.1   0.0   1.2  12.5   14:00    SW
10  19.5  25.6   12:48  14.6   23:55   0.0   4.6   0.0   1.0  11.3   19:25    NW
11  15.0  19.3   12:33  11.9   03:46   0.8   0.9  17.8   0.9  15.0   14:14   WNW
12  15.8  21.3   16:11  11.7   23:57   0.7   1.5   3.2   2.8  20.0   10:07   NNE
13  16.4  22.3   17:44   9.3   04:51   1.4   2.8   0.0   0.6  10.0   17:49     W
14  16.5  20.6   16:56  12.3   23:48   0.3   1.8   0.0   1.7  12.5   13:03    NW
15  16.8  20.8   18:41  12.7   00:00   0.5   2.3   0.0   1.5  16.3   13:29    NW
16  20.2  25.3   13:49  16.1   05:51   0.0   5.2   1.0   1.4  16.3   14:44    NW
17  19.1  25.9   15:36  11.4   05:48   0.5   4.6   0.0   1.2  11.3   11:23    NE
18  20.0  26.2   13:59  14.8   05:27   0.0   5.0   0.8   2.6  22.5   13:08     E
19  19.4  23.7   12:34  17.2   05:23   0.0   4.4   7.4   1.9  18.8   18:46   NNW
20  17.4  20.9   10:06  13.9   23:58   0.1   2.4   4.6   2.0  12.5   12:59    NW
21  17.3  22.4   15:55  10.7   05:07   0.9   3.2   0.2   2.5  17.5   11:21     S
22  14.7  20.0   11:15  11.9   21:24   1.1   0.8  11.4   1.0  13.8   11:03    SW
23  14.3  18.8   13:49  10.4   05:14   1.5   0.7  11.2   0.9  11.3   10:39    NW
24  13.9  15.4   17:45  12.4   03:54   1.1   0.0   5.4   1.1  17.5   16:26    NW
25  16.7  22.9   16:35  12.6   04:29   0.7   2.4   0.0   0.7  10.0   10:15    NW
26  16.6  21.5   15:49  12.3   05:41   0.5   2.2   0.8   1.8  15.0   16:57   WNW
27  16.1  21.0   15:52  12.6   03:57   0.6   1.7   0.6   2.2  12.5   11:13    NW
28  16.4  21.8   13:25  12.3   04:32   0.6   2.0   0.6   3.1  17.5   11:29    NW
29  16.5  20.7   11:29  13.6   06:00   0.1   1.6   6.4   1.6  12.5   00:02    NW
30  16.6  20.6   15:25  13.1   06:42   0.2   1.8  16.2   2.0  15.0   13:32    NW
31  16.9  23.0   14:00  12.4   23:42   0.6   2.5   0.0   1.8  15.0   12:13    NW
----------------------------------------------------------------------------------
    17.6  28.3     7     9.3    13    14.5  95.3  93.2   1.5  22.5    18      NW

Max >=  27.0:  3
Max <=   0.0:  0
Min <=   0.0:  0
Min <=  -5.0:  0
Max Rain: 17.8 on day 11
Days of Rain: 17 (>= 0.2 mm)  10 (>= 2.0 mm)  2 (>= 15.0 mm)
Heat Base: 15.0  Cool Base: 15.0  Method: Integration
:now::gauges::console::today/yesterday::month/year::records: noaa reports::annual data::wind map::monthly records::trends::longrange forecast::rainfall radar::webcam