High Wych Weather

NOAA Style Reports for High Wych, Hertfordshire


Report for 2017 Aug
                   Monthly Climatological Summary for Aug 2017

Name: High Wych Weather   City: High Wych, Sawbridgeworth   State: Herts
Elevation: 72 m  Lat: N 51° 48' 26"   Lon: E 000° 07' 20"

                  Temperature (°C), Rain (mm), Wind Speed (mph)

                                      Heat  Cool        Avg
    Mean                              Deg   Deg         Wind                 Dom
Day Temp  High   Time   Low    Time   Days  Days  Rain  Speed High   Time    Dir
----------------------------------------------------------------------------------
 1  16.8  23.1   15:13  10.6   03:38   1.0   2.8   0.0   1.8  18.8   14:38    NW
 2  16.4  19.2   11:40  14.2   04:42   0.1   1.5   0.4   2.3  17.5   12:29    SW
 3  17.9  21.7   16:42  14.6   05:10   0.0   3.0   0.8   3.5  22.5   10:13    NW
 4  17.6  22.3   14:32  14.6   05:55   0.0   2.6   0.0   2.2  16.3   14:51    NW
 5  15.4  19.8   16:53  10.6   23:59   1.0   1.4   1.2   0.6  15.0   14:55    NW
 6  15.7  22.8   17:22   8.6   04:20   1.8   2.5   0.0   1.4  18.8   14:25    NW
 7  15.7  20.7   15:56  11.8   04:32   0.8   1.4   0.8   0.9   8.8   09:25    NW
 8  14.6  19.4   12:38  12.9   23:55   0.9   0.5   0.2   0.8  11.3   14:53    NW
 9  13.2  14.9   13:25  12.4   05:12   1.8   0.0  31.0   1.2  22.5   16:21     N
10  14.7  20.8   15:42  10.5   23:45   1.7   1.4   0.0   1.4  15.0   10:17     N
11  15.3  22.2   15:37   7.4   05:58   2.1   2.4   0.0   1.5  13.8   12:56    NW
12  18.2  22.8   18:09  14.8   23:55   0.0   3.2   0.0   1.4  10.0   00:22    NW
13  16.7  23.4   18:00   9.2   06:16   1.1   2.8   0.0   0.5  13.8   12:23    NW
14  17.4  24.2   15:08  10.6   04:05   1.2   3.6   0.0   0.9  13.8   14:07    SW
15  18.0  24.4   16:23  12.9   04:25   0.3   3.3   0.0   0.8   8.8   14:03    NW
16  16.4  22.8   16:54   9.7   05:42   1.3   2.7   0.0   1.2  15.0   13:28   WNW
17  18.9  25.0   16:15  14.3   02:27   0.0   4.0   6.8   2.0  15.0   12:31    NW
18  15.6  20.7   12:25  13.1   21:49   0.3   0.9   3.4   2.2  13.8   16:35    NW
19  15.3  19.2   18:12  10.9   04:51   1.1   1.4   0.0   2.0  12.5   01:07    NW
20  14.8  21.8   15:43   8.3   05:13   2.0   1.7   0.8   1.2  10.0   14:26    NW
21  15.7  19.6   16:16  13.1   00:04   0.6   1.3   1.2   0.6   7.5   07:11    SE
22  18.1  22.2   14:21  16.1   00:00   0.0   3.1   0.0   0.7  10.0   15:41   ESE
23  18.2  22.2   16:36  14.2   23:58   0.0   3.2   0.6   1.2  10.0   15:52    NW
24  15.8  21.3   17:00  10.4   04:47   1.2   2.1   0.0   0.8   8.8   11:38    NW
25  17.3  25.2   17:02  10.2   06:09   1.2   3.5   0.0   0.4   7.5   10:44   WSW
26  18.1  25.3   15:05  11.5   04:18   0.9   4.0   0.0   0.2   7.5   14:30    NW
27  19.1  26.1   17:27  13.6   02:11   0.2   4.3   0.0   0.6  10.0   21:41    NE
28  20.9  28.6   16:34  15.6   06:39   0.0   5.9   0.0   0.8  11.3   16:45   WSW
29  19.2  26.1   15:10  14.4   23:58   0.0   4.2   0.0   0.6  11.3   23:42   NNW
30  12.2  14.4   00:00  10.2   23:49   2.8   0.0   7.2   0.4  12.5   01:20     N
31  13.4  20.2   13:34   6.7   06:04   2.8   1.2   4.0   0.6  10.0   14:40   WNW
----------------------------------------------------------------------------------
    16.5  28.6    28     6.7    31    28.2  75.9  58.4   1.2  22.5     3      NW

Max >=  27.0:  1
Max <=   0.0:  0
Min <=   0.0:  0
Min <=  -5.0:  0
Max Rain: 31.0 on day 9
Days of Rain: 13 (>= 0.2 mm)  5 (>= 2.0 mm)  1 (>= 15.0 mm)
Heat Base: 15.0  Cool Base: 15.0  Method: Integration
:now::gauges::console::today/yesterday::month/year::records: noaa reports::annual data::wind map::monthly records::trends::longrange forecast::rainfall radar::webcam