High Wych Weather

NOAA Style Reports for High Wych, Hertfordshire


Report for 2017 Sep
                   Monthly Climatological Summary for Sep 2017

Name: High Wych Weather   City: High Wych, Sawbridgeworth   State: Herts
Elevation: 72 m  Lat: N 51° 48' 26"   Lon: E 000° 07' 20"

                  Temperature (°C), Rain (mm), Wind Speed (mph)

                                      Heat  Cool        Avg
    Mean                              Deg   Deg         Wind                 Dom
Day Temp  High   Time   Low    Time   Days  Days  Rain  Speed High   Time    Dir
----------------------------------------------------------------------------------
 1  13.9  21.3   15:26   6.6   06:54   2.7   1.5   3.6   0.4  10.0   11:35     N
 2  14.8  21.8   16:00   8.0   06:26   2.0   1.8   0.2   0.5   6.3   16:09     E
 3  14.0  18.1   12:48  10.2   06:18   1.7   0.8   1.0   1.4  12.5   10:03     S
 4  16.9  21.8   16:02  13.1   00:00   0.4   2.3   0.0   0.7  10.0   23:34   WNW
 5  17.3  20.9   14:32  13.4   23:55   0.1   2.3   1.0   1.8  12.5   13:16   WNW
 6  13.9  17.7   11:42   9.7   05:44   1.6   0.6   0.0   0.9  10.0   11:20    NW
 7  14.8  18.8   16:01   9.4   06:45   1.3   1.1   0.0   1.4  12.5   11:52    NW
 8  14.2  17.6   16:17   9.9   23:53   1.1   0.2   4.2   2.0  12.5   00:05    NW
 9  12.2  19.0   14:02   7.7   04:15   3.3   0.5   2.0   0.7  12.5   15:36    NW
10  12.2  16.5   13:54   7.4   03:48   3.0   0.2   1.0   2.0  18.8   19:01    NW
11  13.3  19.2   13:55   9.9   23:57   2.4   0.7   6.6   2.8  16.3   10:52    NW
12  12.7  18.4   15:33   8.6   06:34   2.6   0.4   3.2   2.0  18.8   22:48   WNW
----------------------------------------------------------------------------------
    14.2  21.8     2     6.6     1    22.2  12.4  22.8   1.4  18.8    10      NW

Max >=  27.0:  0
Max <=   0.0:  0
Min <=   0.0:  0
Min <=  -5.0:  0
Max Rain: 6.6 on day 11
Days of Rain: 9 (>= 0.2 mm)  5 (>= 2.0 mm)  0 (>= 15.0 mm)
Heat Base: 15.0  Cool Base: 15.0  Method: Integration
:now::gauges::console::today/yesterday::month/year::records: noaa reports::annual data::wind map::monthly records::trends::longrange forecast::rainfall radar::webcam