High Wych Weather

NOAA Style Reports for High Wych, Hertfordshire


Report for 2017 Oct
                   Monthly Climatological Summary for Oct 2017

Name: High Wych Weather   City: High Wych, Sawbridgeworth   State: Herts
Elevation: 72 m  Lat: N 51° 48' 26"   Lon: E 000° 07' 20"

                  Temperature (°C), Rain (mm), Wind Speed (mph)

                                      Heat  Cool        Avg
    Mean                              Deg   Deg         Wind                 Dom
Day Temp  High   Time   Low    Time   Days  Days  Rain  Speed High   Time    Dir
----------------------------------------------------------------------------------
10  13.5  17.0   14:16  10.0   01:41   1.7   0.2   0.0   1.8  12.5   14:44    NW
19  14.8  16.7   14:13  13.6   23:54   0.4   0.2   3.2   1.3  15.0   22:44     S
22  10.4  13.6   15:52   7.8   21:49   4.6   0.0   0.0   2.5  20.0   16:18   NNW
23  12.4  15.2   14:43   7.8   00:04   2.6   0.0   0.0   0.9   8.8   11:01    NW
24  15.8  18.6   14:13  13.4   01:31   0.4   1.2   0.0   2.0  13.8   17:32    NW
25  14.5  19.1   13:49   9.0   23:45   1.3   0.9   0.0   1.3  11.3   01:39    NW
26  10.3  13.4   15:03   5.5   05:16   4.7   0.0   2.2   0.0   3.8   11:10   NNE
27   9.6  14.6   15:43   5.3   23:55   5.4   0.0   0.2   0.2  11.3   13:50   NNW
28   9.4  15.0   16:36   2.9   04:08   5.6   0.0   0.2   1.6  13.8   18:53   NNW
29  10.5  14.1   02:56   4.0   23:57   4.6   0.0   0.0   2.0  18.8   09:18   NNW
30   5.5  11.3   14:12   1.4   07:45   9.5   0.0   0.2   0.1   7.5   12:44    NW
31   8.8  12.9   13:16   4.2   00:00   6.1   0.0   0.0   0.8  10.0   11:51    NW
----------------------------------------------------------------------------------
    11.3  19.1    25     1.4    30    46.9   2.5   6.0   1.2  20.0    22      NW

Max >=  27.0:  0
Max <=   0.0:  0
Min <=   0.0:  0
Min <=  -5.0:  0
Max Rain: 3.2 on day 19
Days of Rain: 5 (>= 0.2 mm)  2 (>= 2.0 mm)  0 (>= 15.0 mm)
Heat Base: 15.0  Cool Base: 15.0  Method: Integration
:now::gauges::console::today/yesterday::month/year::records: noaa reports::annual data::wind map::monthly records::trends::longrange forecast::rainfall radar::webcam