High Wych Weather

NOAA Style Reports for High Wych, Hertfordshire


Report for 2017 Nov
                   Monthly Climatological Summary for Nov 2017

Name: High Wych Weather   City: High Wych, Sawbridgeworth   State: Herts
Elevation: 72 m  Lat: N 51° 48' 26"   Lon: E 000° 07' 20"

                  Temperature (°C), Rain (mm), Wind Speed (mph)

                                      Heat  Cool        Avg
    Mean                              Deg   Deg         Wind                 Dom
Day Temp  High   Time   Low    Time   Days  Days  Rain  Speed High   Time    Dir
----------------------------------------------------------------------------------
 1   9.6  15.1   14:30   5.3   23:29   5.4   0.0   0.0   0.2   6.3   13:50   WSW
 2   7.5  10.9   14:31   2.8   06:49   7.5   0.0   0.2   0.0   2.5   10:06   ---
 3   9.9  14.4   12:34   7.4   07:07   5.1   0.0   0.0   0.2   7.5   12:06   SSW
 4   9.9  12.8   10:53   4.1   23:53   5.1   0.0   6.4   0.9  11.3   12:25    NW
 5   5.4   9.3   12:54   2.3   23:21   9.6   0.0   0.0   0.9  10.0   09:51    NW
 6   4.5  10.8   14:02  -1.2   07:58  10.5   0.0   0.2   0.3   7.5   12:40   WSW
 7   8.7  11.7   12:15   4.8   23:24   6.3   0.0   6.2   1.9  17.5   10:04     S
 8   5.5   8.6   14:06   1.1   23:30   9.5   0.0   0.2   0.8  15.0   01:15   NNW
 9   6.8  12.8   13:23   0.7   00:43   8.2   0.0   0.2   0.2   7.5   10:22   WNW
10   8.1  11.1   13:12   5.9   18:47   6.9   0.0   1.0   1.9  25.0   11:30    NW
11   6.7   9.0   14:07   5.3   23:13   8.3   0.0   8.0   0.0   5.0   00:39     E
12   5.7   7.4   12:42   3.6   23:59   9.3   0.0   0.8   2.6  20.0   13:52    NW
13   3.7   7.4   14:15   1.4   07:28  11.3   0.0   0.0   1.2  13.8   09:42    NW
14   8.0  11.1   14:02   2.2   00:00   7.0   0.0   0.6   0.4   7.5   03:37   WNW
15   9.9  11.4   14:28   8.9   06:08   5.1   0.0   0.0   0.0   2.5   00:12   ---
16   9.0  13.2   13:34   1.5   23:59   6.0   0.0   0.2   0.3   7.5   12:53    NW
17   2.6   9.1   13:27  -1.3   04:57  12.4   0.0   0.0   0.1   5.0   12:37    NW
18   5.2   7.6   10:27   1.9   05:52   9.8   0.0   1.2   0.3   6.3   09:12   WNW
19   3.7   7.6   13:43   0.2   05:16  11.3   0.0   0.2   0.3   6.3   11:04   WNW
20   9.4  11.6   21:48   4.2   00:00   5.6   0.0   2.4   1.2  15.0   10:58   WNW
21  11.9  13.2   22:09  11.1   06:06   3.1   0.0   0.0   2.5  16.3   20:22   WNW
22  13.6  14.9   10:58  12.3   02:34   1.4   0.0   0.2   4.7  23.8   10:31   WSW
23  10.1  14.9   00:00   6.2   23:54   4.9   0.0   1.2   3.0  22.5   00:17     W
24   3.5   6.6   11:20  -1.7   23:59  11.5   0.0   0.0   0.0   5.0   11:46   WNW
25   1.2   6.1   13:45  -2.7   04:19  13.8   0.0   0.2   1.2  16.3   12:21    NW
26   3.2   6.9   14:19   0.6   00:11  11.4   0.0   0.8   1.8  15.0   12:00    NW
27   6.9   9.4   11:23   2.3   23:24   8.1   0.0   3.0   2.2  16.3   12:19    NW
28   2.9   6.1   11:16   0.3   02:08  12.1   0.0   0.6   1.8  11.3   11:56    NW
29   2.7   5.0   13:41   0.8   23:55  12.3   0.0   0.2   3.4  17.5   13:30    NW
30   0.7   3.1   13:07  -1.1   05:42  14.3   0.0   0.4   4.5  20.0   13:19    NW
----------------------------------------------------------------------------------
     6.5  15.1     1    -2.7    25   253.1   0.0  34.4   1.3  25.0    10     WNW

Max >=  27.0:  0
Max <=   0.0:  0
Min <=   0.0:  5
Min <=  -5.0:  0
Max Rain: 8.0 on day 11
Days of Rain: 22 (>= 0.2 mm)  5 (>= 2.0 mm)  0 (>= 15.0 mm)
Heat Base: 15.0  Cool Base: 15.0  Method: Integration
:now::gauges::console::today/yesterday::month/year::records: noaa reports::annual data::wind map::monthly records::trends::longrange forecast::rainfall radar::webcam