High Wych Weather

NOAA Style Reports for High Wych, Hertfordshire


Report for 2017 Dec
                   Monthly Climatological Summary for Dec 2017

Name: High Wych Weather   City: High Wych, Sawbridgeworth   State: Herts
Elevation: 72 m  Lat: N 51° 48' 26"   Lon: E 000° 07' 20"

                  Temperature (°C), Rain (mm), Wind Speed (mph)

                                      Heat  Cool        Avg
    Mean                              Deg   Deg         Wind                 Dom
Day Temp  High   Time   Low    Time   Days  Days  Rain  Speed High   Time    Dir
----------------------------------------------------------------------------------
 1   2.5   5.3   13:01   0.9   00:00  12.5   0.0   1.4   2.6  18.8   04:49   NNW
 2   3.7   6.3   13:28   1.5   00:03  11.3   0.0   0.0   0.2   5.0   01:53    NW
 3   6.8   8.7   13:27   4.8   00:00   8.2   0.0   0.2   0.3   6.3   09:05    NW
 4   5.2   8.8   13:41   0.9   06:48   9.8   0.0   0.2   0.7  11.3   12:25    NW
 5   6.8   7.3   11:13   6.1   06:33   8.2   0.0   0.0   0.3   6.3   12:44   WNW
 6   8.4  10.2   12:45   6.8   02:20   6.6   0.0   0.0   1.8  17.5   19:55   WSW
 7   7.8  11.2   12:02   1.8   23:41   7.2   0.0   1.6   3.8  22.5   05:13     W
 8   1.5   3.6   11:52  -0.9   23:47  13.5   0.0   0.0   4.6  22.5   10:42    NW
 9  -0.6   3.4   12:37  -3.2   08:01  15.6   0.0   0.0   0.7  11.3   12:43   NNW
10   0.3   1.4   06:59  -1.4   00:00  14.6   0.0   4.2   1.3  13.8   06:51    NE
11   0.8   2.0   07:45  -1.4   23:46  14.2   0.0  20.8   4.0  26.3   11:12     N
12  -0.7   4.1   23:55  -5.3   07:07  15.7   0.0   0.8   0.5   8.8   23:34   WNW
13   4.4   7.2   14:39   2.1   19:08  10.6   0.0   8.8   1.9  23.8   23:43   WNW
14   2.5   5.4   13:39   0.4   23:48  12.5   0.0   0.0   1.5  20.0   00:06    NW
15   2.4   4.7   14:02   0.2   01:44  12.6   0.0   3.8   3.4  21.3   11:43    NW
16   1.3   3.1   12:07  -0.7   06:02  13.7   0.0   0.2   2.3  11.3   07:34    NW
17   2.8   8.5   20:50  -2.4   03:40  12.2   0.0   3.4   1.0  17.5   22:48    NW
18   2.5   6.1   00:00  -0.5   23:24  12.5   0.0   0.2   0.6   8.8   00:12    NW
19   2.0   5.5   23:42  -1.8   06:30  13.0   0.0   0.2   0.0   2.5   10:14    NW
20   7.8   9.6   13:48   5.4   00:00   7.1   0.0   0.4   0.0   3.8   10:37    NW
21   9.2  10.9   12:24   7.0   22:55   5.8   0.0   0.8   0.1   5.0   13:17    NW
22   8.7  10.8   13:40   6.3   04:18   6.3   0.0   0.0   0.0   3.8   14:17    NW
23   8.4   9.1   13:37   7.8   09:57   6.6   0.0   0.0   1.1   7.5   12:11    NW
24   8.5   9.4   21:28   7.7   02:10   6.5   0.0   0.0   2.0  15.0   13:15   WNW
25   9.3  10.2   16:16   4.8   23:57   5.6   0.0   4.6   3.9  25.0   18:49    SW
26   4.5   6.4   23:46   2.1   08:13  10.5   0.0  10.8   1.7  13.8   10:56   WNW
27   2.2   6.8   01:08   0.1   23:18  12.8   0.0   5.8   4.8  22.5   14:53    NW
28   0.1   4.1   13:23  -2.4   22:30  14.9   0.0   0.2   1.0  11.3   00:03    NW
29   3.2   7.9   12:55  -2.7   01:10  11.8   0.0   6.2   2.2  18.8   13:59    NW
30   9.5  12.8   13:37   4.4   00:00   5.5   0.0   3.4   3.1  18.8   14:17    NW
31   9.5  12.6   06:08   5.6   23:55   5.5   0.0  11.6   3.0  20.0   05:19   WNW
----------------------------------------------------------------------------------
     4.6  12.8    30    -5.3    12   323.4   0.0  89.6   1.8  26.3    11      NW

Max >=  27.0:  0
Max <=   0.0:  0
Min <=   0.0: 11
Min <=  -5.0:  1
Max Rain: 20.8 on day 11
Days of Rain: 22 (>= 0.2 mm)  11 (>= 2.0 mm)  1 (>= 15.0 mm)
Heat Base: 15.0  Cool Base: 15.0  Method: Integration
:now::gauges::console::today/yesterday::month/year::records: noaa reports::annual data::wind map::monthly records::trends::longrange forecast::rainfall radar::webcam