High Wych Weather

NOAA Style Reports for High Wych, Hertfordshire


Report for 2018 Jan
                   Monthly Climatological Summary for Jan 2018

Name: High Wych Weather   City: High Wych, Sawbridgeworth   State: Herts
Elevation: 72 m  Lat: N 51° 48' 26"   Lon: E 000° 07' 20"

                  Temperature (°C), Rain (mm), Wind Speed (mph)

                                      Heat  Cool        Avg
    Mean                              Deg   Deg         Wind                 Dom
Day Temp  High   Time   Low    Time   Days  Days  Rain  Speed High   Time    Dir
----------------------------------------------------------------------------------
 1   5.3   6.8   20:39   3.8   17:43   9.7   0.0   0.2   2.8  20.0   20:22    NW
 2   6.1  11.3   23:20   1.3   05:34   8.9   0.0   7.2   2.0  21.3   22:56     W
 3   7.5  10.4   00:00   5.4   23:10   7.5   0.0   0.0   5.1  22.5   08:04    NW
 4   6.7  10.9   13:11   4.8   23:57   8.3   0.0   9.0   2.4  25.0   13:18    NW
 5   5.0   7.8   12:49   1.2   23:15  10.0   0.0   0.0   1.3  15.0   12:15   WNW
 6   1.6   4.6   15:20  -1.2   03:24  13.4   0.0   0.2   2.3  15.0   15:07   NNE
 7   2.1   4.9   12:49   0.4   22:52  12.9   0.0   0.0   3.8  17.5   02:05    NE
 8   2.9   4.1   14:13   0.4   02:17  12.1   0.0   0.0   2.3  15.0   06:04     E
 9   4.5   6.4   23:50   3.7   00:00  10.5   0.0   0.2   0.8  11.3   00:12   ESE
10   6.9   9.4   13:22   4.7   22:58   8.1   0.0   1.0   0.8   8.8   00:09   NNW
11   5.7   6.4   13:17   4.5   03:27   9.3   0.0   0.8   1.1  13.8   11:36   NNW
12   5.6   6.7   13:35   2.7   23:36   9.4   0.0   0.4   0.3   6.3   01:00     E
13   4.5   6.1   11:55   2.7   00:00  10.5   0.0   0.0   1.4  13.8   20:00   ESE
14   4.3   5.6   14:24   3.4   00:00  10.7   0.0   0.0   0.4  11.3   21:37    SW
15   7.0  10.0   13:41   4.4   00:00   8.0   0.0   7.2   3.3  23.8   08:51     W
16   4.2   6.1   13:33   1.9   21:05  10.8   0.0   0.2   3.2  20.0   12:52    NW
17   3.7   6.4   14:19   1.1   03:59  11.3   0.0   1.2   4.4  23.8   14:55    NW
18   5.8  10.1   03:31   1.1   23:18   9.2   0.0   1.2   4.1  40.0   05:16    NW
19   1.7   6.2   14:28  -1.1   04:42  13.3   0.0   0.0   0.3  12.5   13:33    NW
20   1.7   2.9   13:14   0.3   00:00  13.3   0.0   6.6   0.6  11.3   18:57     N
21   1.2   8.0   23:47  -1.6   03:48  13.8   0.0   9.2   0.4  10.0   15:29   ESE
22   6.8   9.2   12:27   3.3   21:16   8.0   0.0   0.0   1.4  15.0   15:08    NW
23   9.8  12.4   14:16   6.3   00:00   5.2   0.0   0.6   2.0  18.8   16:14     W
24   9.1  12.7   10:13   5.6   21:38   5.9   0.0   9.0   3.1  31.3   08:20     W
25   6.4   9.4   13:17   3.6   23:15   8.6   0.0   0.2   1.2  11.3   10:43     W
26   3.8   7.1   14:18   0.8   03:37  11.2   0.0   0.0   0.6  10.0   11:53   NNW
27   6.0   9.9   21:22   1.4   01:32   9.0   0.0   0.4   1.7  17.5   12:38     W
28  10.1  13.0   12:16   7.3   07:18   4.9   0.0   0.2   1.9  12.5   11:30    NW
29   8.5  11.5   11:10   1.9   23:58   6.5   0.0   0.4   3.3  18.8   02:50    NW
30   3.6   8.6   13:41  -1.3   06:51  11.4   0.0   0.2   0.2  11.3   19:42     W
31   5.3   9.0   02:01   1.2   22:27   9.7   0.0   1.4   2.2  25.0   09:57   WNW
----------------------------------------------------------------------------------
     5.3  13.0    28    -1.6    21   301.4   0.0  57.0   2.0  40.0    18      NW

Max >=  27.0:  0
Max <=   0.0:  0
Min <=   0.0:  4
Min <=  -5.0:  0
Max Rain: 9.2 on day 21
Days of Rain: 22 (>= 0.2 mm)  6 (>= 2.0 mm)  0 (>= 15.0 mm)
Heat Base: 15.0  Cool Base: 15.0  Method: Integration
:now::gauges::console::today/yesterday::month/year::records: noaa reports::annual data::wind map::monthly records::trends::longrange forecast::rainfall radar::webcam