High Wych Weather

NOAA Style Reports for High Wych, Hertfordshire


Report for 2018 Feb
                   Monthly Climatological Summary for Feb 2018

Name: High Wych Weather   City: High Wych, Sawbridgeworth   State: Herts
Elevation: 72 m  Lat: N 51° 48' 26"   Lon: E 000° 07' 20"

                  Temperature (°C), Rain (mm), Wind Speed (mph)

                                      Heat  Cool        Avg
    Mean                              Deg   Deg         Wind                 Dom
Day Temp  High   Time   Low    Time   Days  Days  Rain  Speed High   Time    Dir
----------------------------------------------------------------------------------
 1   3.8   6.3   12:23   1.3   00:00  11.2   0.0   3.6   4.6  25.0   11:05    NW
 2   3.7   5.9   13:23   2.1   20:28  11.3   0.0   0.0   3.6  18.8   10:57    NW
 3   2.6   3.9   14:26   1.4   05:35  12.4   0.0   3.0   0.3  11.3   23:27   NNE
 4   2.1   4.8   13:57   0.0   21:47  12.9   0.0   0.0   2.9  18.8   10:17   NNE
 5   1.6   3.9   13:46  -0.1   07:00  13.0   0.0   0.0   1.7  16.3   10:09   NNE
 6   0.5   3.2   14:25  -1.6   19:49  14.5   0.0   0.0   1.1  17.5   15:20     N
 7   0.6   4.9   14:33  -3.6   23:37  14.4   0.0   0.0   1.1  12.5   03:13   NNW
 8   2.0   6.8   15:08  -4.4   02:42  13.0   0.0   0.0   1.0  13.8   13:50   WSW
 9   3.9   5.5   00:54   0.0   23:56  11.1   0.0   7.4   4.1  20.0   15:50    NW
10   3.1   9.1   23:48  -3.3   04:36  11.9   0.0   2.0   1.4  16.3   16:57   WSW
11   3.9   9.3   00:23  -0.2   23:27  11.0   0.0   1.2   4.4  22.5   01:33    NW
12   1.8   6.7   13:49  -2.2   07:09  13.2   0.0   0.0   0.9  12.5   10:51    NW
13   2.9   4.8   10:09   1.1   03:26  12.0   0.0   2.6   2.1  20.0   09:49     S
14   3.5   6.0   23:53   0.3   05:29  11.5   0.0   5.4   2.8  22.5   14:40     S
15   6.2   9.7   13:54   0.8   23:52   8.8   0.0   0.2   1.7  16.3   11:18    NW
16   3.1   9.7   14:45  -2.2   06:33  11.9   0.0   0.0   0.2   6.3   11:18   WNW
17   4.5  10.6   15:25  -0.4   06:52  10.5   0.0   0.2   0.3   8.8   11:55   SSW
18   5.2  10.4   12:47   0.1   06:57   9.8   0.0   0.0   0.5   8.8   11:26     S
19   7.6   9.7   14:39   5.6   03:10   7.1   0.0   3.0   1.0  11.3   15:44    NW
20   6.3   8.2   14:37   3.6   23:10   8.7   0.0   2.2   2.9  30.0   18:00     N
21   3.2   5.4   13:28   0.7   07:02  11.8   0.0   0.0   0.9  10.0   11:49   NNE
22   2.0   5.6   14:17  -0.6   23:54  13.0   0.0   0.0   1.8  18.8   13:24   ESE
23   0.9   3.4   13:14  -1.7   04:13  14.1   0.0   0.0   2.2  18.8   10:30     E
----------------------------------------------------------------------------------
     3.3  10.6    17    -4.4     8   269.1   0.0  30.8   1.9  30.0    20      NW

Max >=  27.0:  0
Max <=   0.0:  0
Min <=   0.0: 13
Min <=  -5.0:  0
Max Rain: 7.4 on day 9
Days of Rain: 11 (>= 0.2 mm)  8 (>= 2.0 mm)  0 (>= 15.0 mm)
Heat Base: 15.0  Cool Base: 15.0  Method: Integration
:now::gauges::console::today/yesterday::month/year::records: noaa reports::annual data::wind map::monthly records::trends::longrange forecast::rainfall radar::webcam