High Wych Weather

NOAA Style Reports for High Wych, Hertfordshire


Report for 2018 Mar
                   Monthly Climatological Summary for Mar 2018

Name: High Wych Weather   City: High Wych, Sawbridgeworth   State: Herts
Elevation: 72 m  Lat: N 51° 48' 26"   Lon: E 000° 07' 20"

                  Temperature (°C), Rain (mm), Wind Speed (mph)

                                      Heat  Cool        Avg
    Mean                              Deg   Deg         Wind                 Dom
Day Temp  High   Time   Low    Time   Days  Days  Rain  Speed High   Time    Dir
----------------------------------------------------------------------------------
 1  -3.2  -0.7   20:24  -5.2   00:43  18.2   0.0   0.0   5.8  30.0   18:59     E
 2  -1.7  -0.5   23:55  -2.4   16:42  16.7   0.0   0.0   6.0  30.0   07:41     E
 3   1.2   2.5   22:16  -0.5   00:00  13.8   0.0   2.6   4.6  21.3   21:45     E
 4   4.7   8.1   13:19   1.4   01:01  10.3   0.0   1.4   1.5  11.3   00:14   ESE
 5   6.0  10.8   11:42   2.7   05:39   8.9   0.0   0.6   1.9  18.8   17:51   ESE
 6   6.7   9.9   12:28   2.4   23:55   8.3   0.0   0.0   1.0  11.3   01:50   WSW
 7   4.8   8.9   15:08   2.4   00:00  10.2   0.0   0.8   1.1  18.8   14:20    NW
 8   5.4   9.1   15:42   2.4   23:38   9.6   0.0   1.4   3.0  28.8   12:39   WNW
 9   5.2   9.4   12:34   0.6   03:22   9.8   0.0   5.8   1.4  11.3   14:55   ESE
10  10.6  13.9   15:22   6.5   23:05   4.4   0.0   0.0   1.2  12.5   10:02   SSW
11   7.3   9.6   11:11   5.1   05:40   7.7   0.0   0.6   2.6  18.8   13:58     E
12   7.4   9.6   15:36   5.1   22:11   7.6   0.0   4.4   3.7  18.8   20:04   NNW
13   6.5  10.9   14:28   2.9   23:52   8.5   0.0   0.2   2.3  16.3   00:06    NW
14   7.2  13.0   13:29   1.8   04:15   7.8   0.0   0.0   3.2  22.5   11:39    SE
15   7.7  10.2   11:55   5.8   04:40   7.3   0.0   4.0   3.1  23.8   00:35   ESE
16   9.3  14.4   13:01   5.6   23:55   5.7   0.0   0.0   2.0  21.3   23:49   ESE
17  -0.3   5.6   00:00  -2.3   20:19  15.3   0.0   0.0   4.7  25.0   00:50   ENE
18  -0.8   0.0   21:38  -2.1   00:00  15.8   0.0   0.0   4.5  26.3   04:06     E
19   0.6   4.2   14:45  -1.7   05:14  14.0   0.0   0.0   4.3  25.0   14:54    NE
20   3.6   7.9   15:20   0.2   23:24  11.4   0.0   0.2   3.6  26.3   08:02     N
21   4.2  10.8   15:19  -2.9   05:49  10.8   0.0   0.0   2.2  17.5   14:18    NW
22   7.3  12.0   12:07   4.4   02:43   7.7   0.0   0.0   3.0  18.8   12:20    NW
23   8.7  13.2   14:25   5.7   05:42   6.3   0.0   0.0   2.4  17.5   02:43   WSW
24   7.0   8.4   15:34   5.6   23:52   8.0   0.0   0.6   0.8   8.8   06:04     E
25   7.5  11.8   16:05   4.1   23:26   7.2   0.0   0.0   1.0  13.8   15:22     N
26   7.0  12.9   13:29   0.3   07:17   8.0   0.0   0.0   0.9  12.5   12:19    NW
27   7.4  13.2   16:23   4.3   07:25   7.6   0.0   7.4   2.1  23.8   16:58   WNW
28   4.6   7.5   17:11   1.5   22:15  10.5   0.0   8.4   1.3  15.0   13:29    NW
29   4.4  10.2   12:51  -0.2   03:57  10.6   0.0   4.2   1.4  18.8   12:18   SSE
30   4.9   7.3   11:11   2.3   05:11  10.1   0.0   8.2   2.2  22.5   18:24   ESE
31   4.9   7.7   16:36   3.6   04:37  10.1   0.0   1.0   1.9  17.5   22:47    NW
----------------------------------------------------------------------------------
     5.0  14.4    16    -5.2     1   308.2   0.0  51.8   2.6  30.0     1     ENE

Max >=  27.0:  0
Max <=   0.0:  3
Min <=   0.0:  8
Min <=  -5.0:  1
Max Rain: 8.4 on day 28
Days of Rain: 17 (>= 0.2 mm)  8 (>= 2.0 mm)  0 (>= 15.0 mm)
Heat Base: 15.0  Cool Base: 15.0  Method: Integration
:now::gauges::console::today/yesterday::month/year::records: noaa reports::annual data::wind map::monthly records::trends::longrange forecast::rainfall radar::webcam