High Wych Weather

NOAA Style Reports for High Wych, Hertfordshire


Report for 2018 Apr
                   Monthly Climatological Summary for Apr 2018

Name: High Wych Weather   City: High Wych, Sawbridgeworth   State: Herts
Elevation: 72 m  Lat: N 51° 48' 26"   Lon: E 000° 07' 20"

                  Temperature (°C), Rain (mm), Wind Speed (mph)

                                      Heat  Cool        Avg
    Mean                              Deg   Deg         Wind                 Dom
Day Temp  High   Time   Low    Time   Days  Days  Rain  Speed High   Time    Dir
----------------------------------------------------------------------------------
 1   4.7   7.0   15:20   2.9   06:31  10.3   0.0   1.4   2.4  17.5   00:18    NW
 2   7.5  10.8   12:18   3.1   00:57   7.2   0.0  10.6   2.2  15.0   12:44   SSE
 3  10.8  14.8   14:50   7.8   23:39   4.2   0.0   1.6   2.2  17.5   04:44    SW
 4   9.2  12.2   10:31   6.3   03:10   5.8   0.0   1.2   3.1  22.5   12:09   SSW
 5   7.3  12.9   16:40   3.2   06:53   7.7   0.0   0.0   3.8  22.5   12:09    NW
 6   9.1  16.3   16:29   3.2   00:55   6.0   0.1   0.0   2.2  21.3   13:17    SE
 7  11.5  17.8   14:35   6.5   04:45   4.0   0.4   0.0   1.7  17.5   15:29   SSE
 8   9.5  10.5   15:12   8.4   02:41   5.5   0.0   3.8   0.6   8.8   23:27     N
 9   7.7   8.7   15:36   6.9   07:05   7.3   0.0   6.4   2.3  13.8   18:43   ENE
10   9.5  13.6   16:42   6.9   06:57   5.5   0.0   4.4   1.4  13.8   16:34     E
11   7.9   9.4   00:00   5.8   08:38   7.0   0.0   1.2   2.2  16.3   03:22   NNE
12   7.0   8.9   14:01   5.6   22:49   8.0   0.0   0.4   2.4  13.8   12:11     N
13   8.1  10.9   14:15   5.6   00:00   6.8   0.0   3.8   0.5   6.3   00:04   WNW
14  11.5  17.3   14:54   7.6   06:33   3.7   0.2   0.0   1.5  15.0   18:23   ESE
15  10.7  15.8   14:11   7.6   01:02   4.4   0.0   0.4   1.9  17.5   15:21    SE
16  11.2  15.6   15:47   7.6   06:48   3.7   0.0   0.0   1.9  15.0   17:18     W
17  14.1  19.8   14:14   8.1   00:18   2.2   1.3   0.0   3.4  21.3   12:21   SSW
18  16.8  24.3   15:54  10.7   06:11   1.1   2.9   0.0   2.3  16.3   15:38    SE
19  18.6  28.1   16:01  10.1   06:02   1.3   5.0   0.0   1.8  16.3   14:54   ESE
20  17.5  24.3   14:23  11.2   05:43   0.9   3.4   0.0   1.6  11.3   14:44   NNW
21  14.9  21.9   15:03   8.8   05:50   1.8   1.7   0.0   2.3  15.0   11:56   ESE
22  16.6  24.2   14:57   9.4   23:58   1.1   2.7   2.0   1.9  18.8   17:48    NW
23  11.2  15.8   13:12   5.3   06:11   3.8   0.1   0.0   1.6  16.3   10:34    NW
24  12.8  17.4   14:44  10.6   03:23   2.4   0.2   0.0   2.0  16.3   16:40   WNW
25  10.5  15.8   15:17   6.3   05:06   4.5   0.0   0.4   3.1  20.0   01:33    NW
26   9.4  15.9   16:24   4.1   05:57   5.6   0.0   0.0   2.1  18.8   09:06    NW
27   8.3  10.5   17:35   5.9   01:04   6.7   0.0   7.0   1.3  17.5   14:58   ESE
28   7.6   9.4   00:54   6.3   23:43   7.4   0.0   2.8   1.4  15.0   09:11   NNW
29   6.1   6.8   15:03   5.5   20:46   8.9   0.0   0.2   4.5  25.0   18:33   NNE
----------------------------------------------------------------------------------
    10.6  28.1    19     2.9     1   144.8  18.0  47.6   2.1  25.0    29       N

Max >=  27.0:  1
Max <=   0.0:  0
Min <=   0.0:  0
Min <=  -5.0:  0
Max Rain: 10.6 on day 2
Days of Rain: 16 (>= 0.2 mm)  8 (>= 2.0 mm)  0 (>= 15.0 mm)
Heat Base: 15.0  Cool Base: 15.0  Method: Integration
:now::gauges::console::today/yesterday::month/year::records: noaa reports::annual data::wind map::monthly records::trends::longrange forecast::rainfall radar::webcam