High Wych Weather

NOAA Style Reports for High Wych, Hertfordshire


Report for 2018 May
                   Monthly Climatological Summary for May 2018

Name: High Wych Weather   City: High Wych, Sawbridgeworth   State: Herts
Elevation: 72 m  Lat: N 51° 48' 26"   Lon: E 000° 07' 20"

                  Temperature (°C), Rain (mm), Wind Speed (mph)

                                      Heat  Cool        Avg
    Mean                              Deg   Deg         Wind                 Dom
Day Temp  High   Time   Low    Time   Days  Days  Rain  Speed High   Time    Dir
----------------------------------------------------------------------------------
 1   8.9  15.7   13:57   0.3   05:35   5.4   0.0   0.0   1.6  13.8   15:59   WNW
 2   8.8  12.9   14:42   3.8   23:47   6.2   0.0   4.4   3.2  25.0   15:32    SW
 3   9.9  17.7   17:06   1.8   05:00   5.4   0.2   0.2   0.5  10.0   14:27    NW
 4  14.0  20.2   14:11   8.6   01:47   2.4   1.4   0.0   0.9  10.0   13:23   NNW
 5  14.4  22.1   16:13   6.0   06:30   2.8   2.2   0.0   1.2  12.5   14:41   ESE
 6  15.7  24.4   16:27   5.9   04:15   2.7   3.4   0.0   1.4  12.5   12:09   ESE
 7  17.8  27.0   15:55   7.5   05:03   1.9   4.7   0.0   1.1  11.3   17:24     E
 8  17.6  26.9   13:58   8.3   04:48   1.6   4.1   0.0   1.4  15.0   16:45    NW
 9  14.4  21.6   14:51   7.0   05:42   2.3   1.7   0.0   1.2  11.3   15:18    NW
10  12.1  17.2   15:37   8.3   07:02   3.0   0.1   1.4   3.0  23.8   06:11    NW
11  12.2  17.3   13:37   5.6   05:21   3.2   0.4   0.0   2.2  16.3   17:14   SSE
12  12.0  15.6   12:28   8.0   05:34   3.0   0.0  19.2   0.4   6.3   15:17   NNW
13  11.7  16.6   16:59   7.3   05:06   3.5   0.2   0.2   1.4  13.8   17:01    NW
14  12.7  17.7   12:58   7.1   05:30   2.9   0.6   0.0   3.4  26.3   19:33     N
15  14.5  21.1   14:55   8.3   05:10   2.3   1.8   0.0   2.7  20.0   13:20     N
16  10.7  13.3   11:21   6.8   23:49   4.3   0.0   0.0   4.3  28.8   16:57   NNE
17  10.1  15.9   14:30   4.8   04:57   5.0   0.1   0.0   3.1  20.0   08:04   NNE
18  10.0  17.1   16:43   1.5   05:08   5.3   0.3   0.0   1.3  12.5   09:28     N
19  12.3  20.6   16:29   3.9   04:11   4.0   1.3   0.0   1.3  12.5   17:35   ENE
20  13.0  20.3   13:49   6.3   04:39   3.4   1.4   0.0   1.8  12.5   11:54   ESE
21  15.0  22.8   16:43   5.3   05:09   2.6   2.6   0.0   1.2  12.5   14:02   NNE
22  14.3  20.1   13:23   9.5   05:24   2.2   1.4   0.0   3.3  20.0   14:57     N
23  12.4  18.7   15:44   9.3   05:40   3.1   0.4   0.0   3.6  18.8   10:20     N
24  15.1  23.9   14:32   9.6   04:53   2.1   2.3   4.0   3.1  18.8   14:48   NNE
25  14.3  18.2   15:22  11.4   05:24   1.4   0.7   5.8   0.6  10.0   02:47   NNW
26  18.3  24.8   14:47  13.7   00:00   0.3   3.6   0.0   3.1  22.5   15:04    NE
27  19.6  26.1   16:47  12.6   04:53   0.3   4.9   0.8   2.7  16.3   08:35     E
28  17.8  25.1   16:58  13.1   05:47   0.5   3.2   0.0   1.9  13.8   20:09     N
29  13.5  15.8   10:26  12.1   06:30   1.5   0.0  16.6   3.1  21.3   09:49     N
30  14.9  20.0   18:25  11.7   02:49   1.3   1.2   3.2   0.9  12.5   00:10    NE
31  17.3  22.9   15:46  13.9   03:52   0.2   2.5   0.2   1.3  13.8   16:41     E
----------------------------------------------------------------------------------
    13.7  27.0     7     0.3     1    86.1  46.7  56.0   2.0  28.8    16     NNE

Max >=  27.0:  1
Max <=   0.0:  0
Min <=   0.0:  0
Min <=  -5.0:  0
Max Rain: 19.2 on day 12
Days of Rain: 11 (>= 0.2 mm)  6 (>= 2.0 mm)  2 (>= 15.0 mm)
Heat Base: 15.0  Cool Base: 15.0  Method: Integration
:now::gauges::console::today/yesterday::month/year::records: noaa reports::annual data::wind map::monthly records::trends::longrange forecast::rainfall radar::webcam