High Wych Weather

NOAA Style Reports for High Wych, Hertfordshire


Report for 2018 Jun
                   Monthly Climatological Summary for Jun 2018

Name: High Wych Weather   City: High Wych, Sawbridgeworth   State: Herts
Elevation: 72 m  Lat: N 51° 48' 26"   Lon: E 000° 07' 20"

                  Temperature (°C), Rain (mm), Wind Speed (mph)

                                      Heat  Cool        Avg
    Mean                              Deg   Deg         Wind                 Dom
Day Temp  High   Time   Low    Time   Days  Days  Rain  Speed High   Time    Dir
----------------------------------------------------------------------------------
 1  18.5  24.3   16:57  14.9   02:08   0.0   3.5   0.0   0.9   8.8   15:53    NW
 2  18.0  23.4   17:37  14.6   23:50   0.0   3.1   0.8   1.6  12.5   14:08    NW
 3  18.7  25.4   13:58  12.2   05:35   0.6   4.3   0.0   0.9   8.8   15:22   ENE
 4  14.4  16.9   13:09  12.7   23:52   0.8   0.2   0.0   1.8  13.8   17:49   NNE
 5  13.2  17.5   16:14   8.8   23:59   2.1   0.4   0.2   2.8  15.0   07:32   NNE
 6  14.5  22.8   17:50   6.4   03:14   2.6   2.1   0.0   2.3  13.8   09:07   NNE
 7  15.6  21.2   15:50  10.3   04:54   1.2   1.8   0.0   2.0  13.8   08:04   NNE
 8  16.2  21.3   16:20  11.9   06:29   0.9   2.1   0.0   2.1  12.5   11:56   NNE
 9  15.0  20.9   13:28   9.9   04:23   1.4   1.4   0.2   1.6  11.3   11:36   NNE
10  15.7  20.8   17:50  11.4   23:57   1.0   1.6   0.0   1.6  12.5   14:20   ENE
11  16.8  24.6   15:21   8.8   05:18   1.7   3.4   0.0   1.9  15.0   11:50     E
12  13.3  17.7   16:33   9.2   23:54   2.1   0.4   0.0   1.7  16.3   15:12   NNE
13  14.9  22.1   16:26   6.1   03:42   2.4   2.3   0.0   1.5  15.0   23:02    NW
14  16.6  21.9   15:52  12.2   23:19   0.4   2.0   0.0   3.8  25.0   08:37    NW
15  16.1  22.3   14:57   9.1   04:46   1.4   2.5   0.0   2.2  15.0   17:26    NW
16  15.6  20.4   15:45  12.1   05:56   0.9   1.5   0.0   1.9  16.3   12:34    NW
17  14.8  18.7   12:25  10.9   03:08   1.1   0.9   0.2   2.1  15.0   16:36    NW
18  18.6  25.1   15:12  13.3   05:52   0.1   3.7   0.4   3.5  17.5   17:21    NW
19  20.0  24.8   17:53  16.4   04:57   0.0   5.0   0.0   3.0  16.3   02:27    NW
20  18.5  24.7   14:49  14.2   23:54   0.0   3.5   0.0   3.2  21.3   18:59    NW
21  14.4  19.4   16:50   9.4   05:14   1.8   1.2   0.0   4.8  25.0   11:32    NW
22  14.9  21.7   16:36   7.7   04:27   2.3   2.1   0.0   2.2  16.3   11:12   NNW
23  15.7  21.5   15:16   8.6   05:20   1.7   2.4   0.0   2.8  17.5   11:53    NW
24  17.6  25.2   16:36   8.7   05:25   1.1   3.7   0.0   1.1  11.3   18:28     E
25  20.4  28.6   17:30  10.4   05:29   1.0   6.3   0.0   0.9  12.5   13:49   NNW
26  19.4  27.5   15:03  12.1   05:11   0.5   4.9   0.0   1.2  13.8   16:23   ESE
27  17.8  26.7   16:42  10.2   02:13   1.2   4.0   0.0   1.6  16.3   16:17   ENE
28  18.2  27.2   16:20  10.6   03:30   1.2   4.4   0.0   1.4  15.0   15:12    NE
29  18.6  27.7   15:39  11.4   03:39   0.9   4.5   0.0   2.1  17.5   16:07    NE
30  19.5  27.2   15:04  11.8   01:04   0.6   5.2   0.0   2.6  18.8   15:05     E
----------------------------------------------------------------------------------
    16.7  28.6    25     6.1    13    33.0  84.4   1.8   2.1  25.0    14       N

Max >=  27.0:  5
Max <=   0.0:  0
Min <=   0.0:  0
Min <=  -5.0:  0
Max Rain: 0.8 on day 2
Days of Rain: 5 (>= 0.2 mm)  0 (>= 2.0 mm)  0 (>= 15.0 mm)
Heat Base: 15.0  Cool Base: 15.0  Method: Integration
:now::gauges::console::today/yesterday::month/year::records: noaa reports::annual data::wind map::monthly records::trends::longrange forecast::rainfall radar::webcam