High Wych Weather

NOAA Style Reports for High Wych, Hertfordshire


Report for 2018 Jul
                   Monthly Climatological Summary for Jul 2018

Name: High Wych Weather   City: High Wych, Sawbridgeworth   State: Herts
Elevation: 72 m  Lat: N 51° 48' 26"   Lon: E 000° 07' 20"

                  Temperature (°C), Rain (mm), Wind Speed (mph)

                                      Heat  Cool        Avg
    Mean                              Deg   Deg         Wind                 Dom
Day Temp  High   Time   Low    Time   Days  Days  Rain  Speed High   Time    Dir
----------------------------------------------------------------------------------
 1  21.7  29.6   14:25  13.1   03:36   0.3   7.0   0.0   1.8  16.3   13:08     E
 2  21.3  28.1   13:10  14.7   04:45   0.0   6.3   0.0   2.7  21.3   14:31     E
 3  19.5  26.6   14:42  12.5   04:37   0.5   5.0   0.0   2.8  21.3   10:50     E
 4  18.3  26.3   15:35  10.6   05:15   1.0   4.3   0.0   0.4   8.8   07:58    SE
 5  21.8  28.6   17:13  14.3   05:13   0.1   6.9   0.0   1.0  12.5   16:58    NW
 6  21.5  28.9   16:43  13.6   06:07   0.1   6.6   0.0   1.5  15.0   12:36    NW
 7  22.4  29.4   14:55  14.4   05:13   0.0   7.4   0.0   2.0  18.8   12:39    NW
 8  22.1  30.3   17:29  13.4   05:31   0.1   7.2   0.0   0.8  16.3   19:09     N
 9  21.3  28.4   16:43  14.3   05:08   0.0   6.3   0.0   1.4  17.5   15:03     N
10  16.1  20.3   16:23  12.3   05:26   0.6   1.7   0.0   1.5  17.5   12:55   NNW
11  16.6  22.1   18:36  12.2   00:13   0.5   2.1   0.0   0.6  11.3   17:03   NNW
12  17.9  24.9   18:22  12.4   01:36   0.8   3.7   0.0   1.1  12.5   13:10     N
13  19.1  26.8   16:37  13.9   05:10   0.1   4.2   0.0   0.5  11.3   19:09   ESE
14  20.4  28.2   16:42  13.2   05:18   0.3   5.8   0.0   0.9  11.3   14:21    SE
15  22.4  30.0   16:53  13.3   05:45   0.1   7.5   0.0   0.9  26.3   15:11    NW
16  22.5  29.4   15:36  13.8   05:33   0.1   7.5   0.0   1.4  15.0   14:35    NW
17  18.5  24.8   14:36  12.1   05:36   0.3   3.8   0.0   2.8  15.0   09:51    NW
18  19.6  26.1   16:06  13.9   05:32   0.1   4.8   0.0   0.9  11.3   11:54   WNW
19  20.2  26.2   15:12  13.5   04:49   0.1   5.3   0.0   1.0  12.5   17:52   ESE
20  19.7  24.9   12:37  14.2   03:59   0.1   4.8   0.0   1.3  15.0   13:38   SSE
21  21.5  28.5   15:24  15.9   05:18   0.0   6.5   0.0   1.2  11.3   11:08    NW
22  21.3  26.6   19:28  14.3   04:35   0.0   6.3   0.0   1.5  17.5   12:15    NW
23  24.2  31.7   15:24  15.3   05:21   0.0   9.2   0.0   0.9  13.8   15:48   WSW
24  23.2  30.1   14:58  16.1   05:32   0.0   8.2   0.0   1.4  13.8   13:13    NW
25  22.9  31.2   17:28  15.8   05:35   0.0   7.9   0.0   1.2  12.5   20:28     E
26  25.1  33.2   16:48  16.6   05:44   0.0  10.1   0.0   2.0  17.5   16:28    SE
27  23.6  33.4   14:33  17.7   23:59   0.0   8.6   8.4   1.0  15.0   14:04    SW
28  18.8  22.9   14:24  16.0   08:01   0.0   3.8   0.0   3.5  27.5   15:41    NW
29  17.4  19.9   17:13  15.3   09:54   0.0   2.4   3.2   3.7  26.3   15:38   SSE
30  19.7  23.7   16:49  17.1   23:52   0.0   4.7   0.2   2.0  18.8   14:41   WNW
31  19.1  25.3   17:31  14.4   07:11   0.0   4.1   9.8   1.9  16.3   19:10    NW
----------------------------------------------------------------------------------
    20.6  33.4    27    10.6     4     5.2 180.0  21.6   1.5  27.5    28     NNW

Max >=  27.0: 16
Max <=   0.0:  0
Min <=   0.0:  0
Min <=  -5.0:  0
Max Rain: 9.8 on day 31
Days of Rain: 4 (>= 0.2 mm)  3 (>= 2.0 mm)  0 (>= 15.0 mm)
Heat Base: 15.0  Cool Base: 15.0  Method: Integration
:now::gauges::console::today/yesterday::month/year::records: noaa reports::annual data::wind map::monthly records::trends::longrange forecast::rainfall radar::webcam