High Wych Weather

NOAA Style Reports for High Wych, Hertfordshire


Report for 2018 Aug
                   Monthly Climatological Summary for Aug 2018

Name: High Wych Weather   City: High Wych, Sawbridgeworth   State: Herts
Elevation: 72 m  Lat: N 51° 48' 26"   Lon: E 000° 07' 20"

                  Temperature (°C), Rain (mm), Wind Speed (mph)

                                      Heat  Cool        Avg
    Mean                              Deg   Deg         Wind                 Dom
Day Temp  High   Time   Low    Time   Days  Days  Rain  Speed High   Time    Dir
----------------------------------------------------------------------------------
 1  19.2  26.8   17:27  12.0   04:58   0.6   4.8   0.0   1.2  12.5   12:33   WNW
 2  21.8  30.5   17:39  12.9   05:14   0.3   7.1   0.0   1.1  11.3   15:03   WNW
 3  24.4  32.1   16:42  16.4   05:56   0.0   9.4   0.0   1.2  16.3   18:45    NW
 4  22.2  27.9   15:40  17.4   23:45   0.0   7.2   0.0   1.7  17.5   12:30   NNW
 5  20.9  28.1   14:23  12.8   05:28   0.2   6.1   0.0   1.4  12.5   15:00    SE
 6  23.2  32.0   15:32  13.4   05:38   0.1   8.3   0.0   0.9  11.3   11:52    NW
 7  23.4  31.3   14:10  15.6   05:30   0.0   8.4   0.4   1.0  12.5   11:59    NW
 8  19.5  24.4   16:28  15.3   06:55   0.0   4.5   0.0   3.1  17.5   09:23    NW
 9  14.6  16.7   00:54  11.9   23:41   0.8   0.3  13.8   0.8  15.0   15:26    NW
10  13.1  18.2   11:12   9.0   05:06   2.3   0.4   9.4   1.6  26.3   18:03    NW
11  14.9  22.3   15:01   7.4   05:11   2.2   2.2   2.2   1.2  15.0   14:50     W
12  18.0  22.1   11:31  15.3   04:34   0.0   3.0   0.6   1.4  18.8   13:55   WSW
13  18.0  21.8   18:16  14.1   05:39   0.0   3.1   1.4   2.7  17.5   15:32    NW
14  18.3  24.1   15:17  12.1   06:10   0.3   3.6   0.0   3.3  17.5   15:53    NW
15  18.8  23.6   16:34  13.3   03:37   0.2   4.0   0.0   1.4  12.5   17:14    NW
16  16.4  18.4   18:58  12.4   23:48   0.3   1.6  18.4   1.1  18.8   05:22    NW
17  15.9  21.9   15:39   9.1   05:20   1.5   2.4   0.0   1.7  13.8   14:56    NW
18  18.1  22.3   17:34  14.6   05:43   0.0   3.1   0.0   1.6  12.5   13:12    NW
19  20.2  25.9   15:57  17.2   02:24   0.0   5.2   0.0   2.4  18.8   16:37    NW
20  20.6  24.9   14:46  17.7   06:03   0.0   5.6   0.0   0.7   7.5   12:41    NW
21  20.9  27.2   17:04  15.7   02:20   0.0   5.9   0.0   1.0  11.3   16:41   WNW
22  17.9  22.6   17:27  13.8   06:09   0.1   3.0   0.0   1.0   8.8   12:08    NW
23  17.5  20.8   14:59  13.2   23:56   0.2   2.7   0.6   2.7  23.8   22:17    NW
24  13.3  18.8   14:52   8.6   23:55   2.5   0.8   2.0   3.2  22.5   19:30    NW
25  12.3  18.3   14:42   7.2   04:09   3.3   0.6   0.2   3.7  21.3   15:37    NW
26  12.8  17.1   20:59   8.0   02:49   2.5   0.4   8.4   1.8  23.8   11:02     S
27  16.0  18.8   13:49  12.4   07:01   0.4   1.4   0.0   2.0  13.8   12:16    NW
28  16.5  20.7   15:48  14.0   23:59   0.2   1.7   0.0   0.6  12.5   14:20     S
29  14.8  20.4   16:56  12.6   04:10   1.1   0.9   7.8   1.6  17.5   20:06    NW
30  14.5  20.5   15:34   8.6   06:42   1.9   1.4   0.0   0.7   8.8   10:31   NNW
31  14.7  21.0   15:15   9.8   05:59   1.8   1.5   0.0   0.7  10.0   16:35   ESE
----------------------------------------------------------------------------------
    17.8  32.1     3     7.2    25    22.8 110.6  65.2   1.6  26.3    10      NW

Max >=  27.0:  7
Max <=   0.0:  0
Min <=   0.0:  0
Min <=  -5.0:  0
Max Rain: 18.4 on day 16
Days of Rain: 12 (>= 0.2 mm)  7 (>= 2.0 mm)  1 (>= 15.0 mm)
Heat Base: 15.0  Cool Base: 15.0  Method: Integration
:now::gauges::console::today/yesterday::month/year::records: noaa reports::annual data::wind map::monthly records::trends::longrange forecast::rainfall radar::webcam