High Wych Weather

NOAA Style Reports for High Wych, Hertfordshire


Report for 2018 Sep
                   Monthly Climatological Summary for Sep 2018

Name: High Wych Weather   City: High Wych, Sawbridgeworth   State: Herts
Elevation: 72 m  Lat: N 51° 48' 26"   Lon: E 000° 07' 20"

                  Temperature (°C), Rain (mm), Wind Speed (mph)

                                      Heat  Cool        Avg
    Mean                              Deg   Deg         Wind                 Dom
Day Temp  High   Time   Low    Time   Days  Days  Rain  Speed High   Time    Dir
----------------------------------------------------------------------------------
 1  16.7  24.3   15:57   9.3   05:54   1.5   3.2   0.0   1.1  15.0   14:22   SSE
 2  16.4  23.4   16:12   9.7   06:06   1.5   2.9   0.0   1.2  12.5   12:27    SE
 3  16.4  24.9   15:14   8.8   04:29   1.9   3.3   0.0   0.5  10.0   16:20   ENE
 4  15.2  19.4   14:08  11.7   02:00   1.0   1.2   0.0   0.7  11.3   12:04     N
 5  15.9  20.6   15:29  12.7   06:36   0.7   1.6   0.0   0.9  12.5   12:09     N
 6  14.9  20.4   14:28   9.9   07:18   1.5   1.3   1.8   2.6  15.0   12:52    NW
 7  12.5  19.2   15:13   6.9   06:44   3.2   0.7   0.0   3.1  20.0   13:23    NW
 8  13.5  20.3   15:14   6.5   05:00   2.8   1.3   0.2   1.1  15.0   15:52    NW
 9  17.5  23.2   17:02  14.0   05:04   0.2   2.7   0.0   1.9  17.5   18:05    NW
10  16.6  21.4   15:47  11.7   05:14   0.6   2.2   0.0   1.5  12.5   16:06    NW
11  18.1  21.7   14:45  15.6   00:56   0.0   3.1   5.0   2.3  15.0   04:26    NW
12  12.5  15.7   00:00   8.2   23:43   2.5   0.0   3.4   0.8  16.3   03:44    NW
13  12.4  19.8   15:18   5.3   06:25   3.7   1.1   0.0   1.0  12.5   12:26    NW
14  14.0  18.6   15:36  10.4   02:24   1.8   0.8   0.0   1.3  11.3   11:19    NW
15  14.8  21.1   15:33   8.8   05:57   1.9   1.7   0.0   0.8  10.0   13:33    NW
16  17.4  23.6   16:32  12.8   01:39   0.6   3.0   0.2   1.7  18.8   12:07   WNW
17  19.7  25.5   16:04  16.2   23:05   0.0   4.8   0.0   2.2  21.3   15:00   SSE
18  19.0  22.5   14:46  17.1   00:00   0.0   4.0   0.0   3.3  25.0   07:57   WNW
19  18.9  23.1   14:33  15.9   23:55   0.0   3.9   0.0   3.5  28.8   12:36    NW
20  18.3  20.7   15:29  15.4   02:12   0.0   3.3   0.4   3.6  27.5   16:30    NW
21  13.6  18.5   01:36   9.3   07:09   1.9   0.5   3.0   3.8  31.3   00:29    NW
22  10.4  12.7   10:26   9.5   02:56   4.6   0.0   5.2   0.6  10.0   13:22    NE
23   9.3  13.4   15:45   5.7   21:58   5.7   0.0  12.6   1.8  27.5   15:16    NW
24   8.6  15.9   14:54   3.1   06:15   6.5   0.0   0.0   1.0  12.5   10:54    NW
25   9.8  17.8   15:55   1.4   06:38   5.6   0.4   0.0   0.7  12.5   13:51   WSW
26  13.2  22.8   16:07   5.3   05:24   3.6   1.8   0.0   0.7  11.3   12:51    NW
27  15.2  22.8   15:38   9.1   07:01   1.9   2.0   0.0   0.7  10.0   12:37    NW
28  12.4  16.9   14:01   6.3   23:43   2.7   0.2   0.0   1.0  16.3   10:59   NNE
29   9.7  17.5   15:17   2.6   06:35   5.7   0.4   0.0   0.4  10.0   12:59   WNW
30   9.3  14.5   12:22   3.2   06:39   5.7   0.0   0.0   3.4  28.8   21:19    NW
----------------------------------------------------------------------------------
    14.4  25.5    17     1.4    25    69.3  51.4  31.8   1.6  31.3    21      NW

Max >=  27.0:  0
Max <=   0.0:  0
Min <=   0.0:  0
Min <=  -5.0:  0
Max Rain: 12.6 on day 23
Days of Rain: 9 (>= 0.2 mm)  5 (>= 2.0 mm)  0 (>= 15.0 mm)
Heat Base: 15.0  Cool Base: 15.0  Method: Integration
:now::gauges::console::today/yesterday::month/year::records: noaa reports::annual data::wind map::monthly records::trends::longrange forecast::rainfall radar::webcam