High Wych Weather

NOAA Style Reports for High Wych, Hertfordshire


Report for 2018 Oct
                   Monthly Climatological Summary for Oct 2018

Name: High Wych Weather   City: High Wych, Sawbridgeworth   State: Herts
Elevation: 72 m  Lat: N 51° 48' 26"   Lon: E 000° 07' 20"

                  Temperature (°C), Rain (mm), Wind Speed (mph)

                                      Heat  Cool        Avg
    Mean                              Deg   Deg         Wind                 Dom
Day Temp  High   Time   Low    Time   Days  Days  Rain  Speed High   Time    Dir
----------------------------------------------------------------------------------
 1   9.7  13.5   15:30   5.6   07:06   5.2   0.0   0.0   4.4  21.3   12:55    NW
 2  14.0  18.7   15:48   8.6   03:28   1.8   0.8   1.0   4.3  28.8   11:51    NW
 3  13.5  18.2   15:55   9.6   23:45   1.9   0.3   0.0   1.8  15.0   00:39    NW
 4  12.2  18.5   16:15   8.4   05:42   3.2   0.4   0.0   0.7  13.8   14:15   WNW
 5  14.4  21.1   15:13   9.9   01:31   1.7   1.1   0.2   0.4   7.5   10:13     S
 6   9.4  12.7   00:01   6.6   23:54   5.6   0.0  10.0   1.0  13.8   15:27     N
 7   8.2  13.8   14:51   3.5   07:15   6.8   0.0   0.2   0.6  10.0   11:22    NW
 8  10.2  16.5   15:29   5.3   06:12   4.8   0.1   0.0   0.7  10.0   11:48    NW
 9  13.7  21.0   16:51   8.2   07:36   2.6   1.3   0.0   0.8  11.3   13:35    SW
10  14.9  21.7   13:59   9.8   03:30   1.8   1.7   0.0   2.1  20.0   14:42   ESE
11  16.8  22.1   13:46  13.7   03:14   0.2   2.0   0.4   3.0  21.3   10:07   SSE
12  18.0  22.4   14:47  13.8   00:34   0.3   3.3   0.0   5.1  33.8   14:08    SE
13  21.3  25.1   14:24  18.8   07:46   0.0   6.3   0.0   4.7  25.0   02:22   SSE
14  13.2  19.6   00:00   9.6   19:06   2.5   0.7   9.0   1.2  13.8   12:44   NNW
15  12.1  13.3   17:01  10.1   00:00   2.9   0.0  16.6   0.3   7.5   01:32   NNE
16  15.4  20.9   15:04  12.5   00:00   0.7   1.2   0.2   0.9  15.0   14:06    SE
17  12.4  15.3   16:19  10.4   04:58   2.6   0.0   1.2   0.0   5.0   00:26    NW
18  10.6  15.8   14:17   6.2   23:48   4.4   0.0   0.0   0.4  11.3   13:07   ENE
19   8.0  15.2   16:40   2.7   07:18   7.0   0.0   0.2   0.3  10.0   12:25    NW
20  10.2  17.3   14:58   3.6   07:47   5.1   0.3   0.0   0.4   8.8   12:59    NW
21  12.8  19.3   15:46   7.6   07:04   2.9   0.7   0.2   1.2  18.8   21:21    NW
22   8.7  13.1   15:15   4.2   23:23   6.3   0.0   0.0   1.1  16.3   00:23    NW
23   9.5  14.4   16:32   3.6   01:34   5.5   0.0   0.0   4.1  25.0   11:37    NW
24  12.0  17.1   14:13   6.8   23:59   3.2   0.1   0.0   3.1  16.3   11:31    NW
25   8.6  15.0   15:57   3.3   07:37   6.4   0.0   0.2   1.3  12.5   11:17    NW
26   7.8  10.9   14:26   3.3   23:58   7.2   0.0   1.0   3.8  22.5   15:21    NW
27   3.8   6.4   14:21   1.6   07:54  11.2   0.0   0.4   3.3  18.8   10:47    NW
28   5.2  10.0   13:59   1.9   22:58  10.2   0.0   0.4   1.2  12.5   13:01   NNE
29   4.2   8.9   14:10   0.5   07:18  10.8   0.0   0.2   0.8  10.0   12:11   NNE
30   5.7   8.0   13:59   3.6   00:14   9.3   0.0   0.0   4.7  21.3   09:15    NW
31   6.3  12.8   13:36  -0.7   06:31   8.7   0.0   1.0   1.1  16.3   12:07    SE
----------------------------------------------------------------------------------
    11.1  25.1    13    -0.7    31   142.8  20.3  42.4   1.9  33.8    12      NW

Max >=  27.0:  0
Max <=   0.0:  0
Min <=   0.0:  1
Min <=  -5.0:  0
Max Rain: 16.6 on day 15
Days of Rain: 17 (>= 0.2 mm)  3 (>= 2.0 mm)  1 (>= 15.0 mm)
Heat Base: 15.0  Cool Base: 15.0  Method: Integration
:now::gauges::console::today/yesterday::month/year::records: noaa reports::annual data::wind map::monthly records::trends::longrange forecast::rainfall radar::webcam