High Wych Weather

NOAA Style Reports for High Wych, Hertfordshire


Report for 2018 Nov
                   Monthly Climatological Summary for Nov 2018

Name: High Wych Weather   City: High Wych, Sawbridgeworth   State: Herts
Elevation: 72 m  Lat: N 51° 48' 26"   Lon: E 000° 07' 20"

                  Temperature (°C), Rain (mm), Wind Speed (mph)

                                      Heat  Cool        Avg
    Mean                              Deg   Deg         Wind                 Dom
Day Temp  High   Time   Low    Time   Days  Days  Rain  Speed High   Time    Dir
----------------------------------------------------------------------------------
 1   8.3  11.1   11:40   2.1   23:31   6.7   0.0  14.6   1.1  20.0   16:01    NW
 2   3.9  10.2   13:55  -0.6   06:36  11.1   0.0   0.4   0.7  11.3   12:29    NW
 3   7.8  13.3   13:15   3.4   00:00   7.2   0.0   0.0   1.7  23.8   15:13    SE
 4   8.7  11.9   13:35   6.4   00:00   6.3   0.0   0.0   1.1  11.3   10:58    SE
 5  10.2  14.1   13:45   7.2   01:32   4.8   0.0   0.0   1.9  11.3   17:06   ESE
 6  11.7  15.6   13:33   7.8   04:39   3.3   0.0   0.2   1.5  17.5   17:35    SE
 7  11.5  13.5   12:26   7.1   23:59   3.5   0.0   3.8   3.0  23.8   12:30    SE
 8   8.3  13.6   12:21   4.1   05:55   6.7   0.0   0.2   1.2  17.5   12:05    SE
 9   8.8  12.3   14:12   5.2   00:26   6.2   0.0   5.0   2.9  20.0   22:47    SE
10  10.0  13.5   13:59   7.7   07:39   5.0   0.0  16.6   1.2  18.8   00:22    SE
11   9.3  12.6   14:05   6.8   05:14   5.7   0.0   4.2   1.0  15.0   10:47   NNW
12  10.1  13.8   13:20   8.3   00:09   4.9   0.0   0.2   1.2  17.5   14:41   ESE
13   9.1  12.6   14:10   6.9   06:41   5.9   0.0   0.0   0.8  11.3   00:18    NW
14  10.7  13.9   12:41   8.5   00:00   4.3   0.0   0.2   1.3  12.5   07:12   ESE
15  11.3  13.6   14:50   9.4   21:55   3.7   0.0   0.0   0.5  10.0   12:57    SE
16   9.2  10.1   02:22   8.3   20:49   5.8   0.0   0.6   1.4  12.5   23:45    SE
17   7.9  11.1   12:44   5.1   22:49   7.1   0.0   0.2   2.8  15.0   10:32    SE
18   6.5  10.9   13:30   3.9   07:10   8.5   0.0   0.2   1.9  17.5   11:20   ESE
19   6.1   7.7   10:33   4.1   22:56   8.9   0.0   1.6   3.1  18.8   11:30     E
20   3.7   4.7   02:27   1.9   23:42  11.3   0.0   4.0   2.2  17.5   02:07   ENE
21   2.5   6.8   12:20  -0.5   23:56  12.5   0.0   0.2   0.9  13.8   12:35   ESE
22   1.9   4.2   15:07  -2.7   05:08  13.1   0.0   0.2   0.1   5.0   18:48   ESE
23   5.7   7.4   18:41   2.4   00:08   9.3   0.0   0.0   0.5  12.5   16:01   ESE
24   7.4   8.9   11:50   4.7   23:59   7.6   0.0   0.2   2.2  17.5   15:52   ESE
25   5.9   8.2   11:11   3.5   20:05   9.1   0.0   0.0   1.5  13.8   11:04   ENE
26   5.4   6.9   13:21   2.4   23:46   9.6   0.0   0.0   1.0   7.5   00:08   NNW
27   4.6   8.7   21:55   0.1   02:32  10.4   0.0   5.2   1.0  15.0   17:31    SE
28  11.0  12.7   20:41   7.6   01:49   4.0   0.0   4.6   2.4  25.0   14:53    SE
29  11.4  13.3   12:17   8.6   23:29   3.6   0.0   0.8   3.3  33.8   11:46   ESE
30   7.9  10.6   13:25   5.8   23:38   7.1   0.0   0.2   0.9  11.3   13:09   NNW
----------------------------------------------------------------------------------
     7.9  15.6     6    -2.7    22   213.2   0.0  63.4   1.5  33.8    29     ESE

Max >=  27.0:  0
Max <=   0.0:  0
Min <=   0.0:  3
Min <=  -5.0:  0
Max Rain: 16.6 on day 10
Days of Rain: 22 (>= 0.2 mm)  8 (>= 2.0 mm)  1 (>= 15.0 mm)
Heat Base: 15.0  Cool Base: 15.0  Method: Integration
:now::gauges::console::today/yesterday::month/year::records: noaa reports::annual data::wind map::monthly records::trends::longrange forecast::rainfall radar::webcam