High Wych Weather

NOAA Style Reports for High Wych, Hertfordshire


Report for 2018 Dec
                   Monthly Climatological Summary for Dec 2018

Name: High Wych Weather   City: High Wych, Sawbridgeworth   State: Herts
Elevation: 72 m  Lat: N 51° 48' 26"   Lon: E 000° 07' 20"

                  Temperature (°C), Rain (mm), Wind Speed (mph)

                                      Heat  Cool        Avg
    Mean                              Deg   Deg         Wind                 Dom
Day Temp  High   Time   Low    Time   Days  Days  Rain  Speed High   Time    Dir
----------------------------------------------------------------------------------
 1   9.1  11.8   15:23   5.3   03:06   5.9   0.0   3.4   1.1  16.3   10:56    SE
 2  12.5  13.6   11:57  10.2   00:00   2.5   0.0   3.0   1.6  13.8   16:05   NNW
 3   9.3  12.7   12:07   3.7   23:59   5.7   0.0   1.2   2.5  25.0   15:21    NW
 4   3.1   5.6   14:02  -0.3   07:52  11.9   0.0   0.4   0.0   2.5   21:26   WNW
 5   9.1  11.9   12:54   4.9   00:33   5.9   0.0   5.8   1.5  16.3   06:23    SE
 6  11.2  12.2   22:12   9.6   05:54   3.8   0.0   0.4   1.2  12.5   23:10   NNW
 7   9.1  12.6   05:45   4.7   16:48   5.9   0.0   5.2   3.0  27.5   16:11   NNW
 8   8.4  10.3   15:24   5.8   00:05   6.6   0.0   0.0   3.0  13.8   19:18    NW
 9   7.9   9.6   13:01   5.1   23:23   7.1   0.0   1.4   4.6  22.5   10:22   WNW
10   6.0   8.2   11:35   2.7   05:44   9.0   0.0   0.0   1.4  15.0   11:38   WNW
11   3.5   7.2   13:09   0.1   08:16  11.5   0.0   0.2   0.1   5.0   12:44    SE
12   4.0   6.5   12:05  -0.1   19:05  11.0   0.0   0.0   0.8  13.8   14:09    SE
13   2.4   5.3   12:09   0.7   08:18  12.6   0.0   0.0   1.5  13.8   12:43    SE
14   2.1   3.8   11:07   0.5   06:31  12.9   0.0   0.0   0.2   7.5   09:29    SE
15   1.8   6.0   23:59   0.1   05:38  13.2   0.0   9.4   2.2  17.5   11:28   SSE
16   5.3   7.4   12:43   1.9   09:27   9.7   0.0   3.8   0.4  12.5   19:59   SSE
17   5.8   9.1   23:29   1.1   08:14   9.2   0.0   0.0   0.8  11.3   22:47     W
18   8.7   9.7   02:33   6.1   23:55   6.3   0.0   3.2   3.7  21.3   13:45   SSE
19   6.6   8.4   11:25   4.4   02:03   8.4   0.0   0.6   0.9  10.0   20:58   SSE
20   7.0   8.9   13:10   4.5   08:00   8.0   0.0   1.0   1.2  10.0   12:02    NW
21  10.0  11.9   08:19   7.1   00:14   5.0   0.0   5.4   3.4  17.5   10:39   WNW
22   8.0  10.3   13:28   5.8   07:53   7.0   0.0   2.4   2.3  17.5   01:36   WNW
23   7.3  11.2   14:53   5.3   02:06   7.7   0.0   4.4   0.9  15.0   15:54    NW
24   3.6   7.3   13:14  -0.3   23:53  11.4   0.0   0.0   0.1   5.0   13:00    SE
25   2.6   5.6   22:04  -1.1   01:41  12.4   0.0   0.2   0.0   1.3   07:48   ---
26   6.9   8.7   13:32   4.9   23:59   8.1   0.0   0.0   0.0   6.3   12:26   SSE
27   3.4   5.8   14:04   0.9   08:41  11.6   0.0   0.0   0.0   0.0   00:00   ---
28   6.7   8.6   14:23   4.3   00:34   8.3   0.0   0.0   0.1   3.8   13:44   WNW
29   8.8  11.9   13:42   4.3   23:29   6.2   0.0   0.0   1.8  13.8   19:22   WNW
30   7.6   9.8   13:26   3.9   03:58   7.4   0.0   0.2   0.7   5.0   12:18   WNW
31   8.3   9.1   10:56   7.8   22:14   6.7   0.0   0.0   1.5   8.8   07:28   WNW
----------------------------------------------------------------------------------
     6.6  13.6     2    -1.1    25   258.9   0.0  51.6   1.4  27.5     7     WNW

Max >=  27.0:  0
Max <=   0.0:  0
Min <=   0.0:  4
Min <=  -5.0:  0
Max Rain: 9.4 on day 15
Days of Rain: 19 (>= 0.2 mm)  10 (>= 2.0 mm)  0 (>= 15.0 mm)
Heat Base: 15.0  Cool Base: 15.0  Method: Integration
:now::gauges::console::today/yesterday::month/year::records: noaa reports::annual data::wind map::monthly records::trends::longrange forecast::rainfall radar::webcam