High Wych Weather

NOAA Style Reports for High Wych, Hertfordshire


Report for 2019
                   Annual Climatological Summary for 2019

Name: High Wych Weather   City: High Wych, Sawbridgeworth   State: Herts
Elevation: 72 m  Lat: N 51° 48' 26"   Lon: E 000° 07' 20"

                  Temperature (°C), Heat Base: 15.0  Cool Base: 15.0
                          Dep.  Heat  Cool                       Max  Max  Min  Min
        Mean  Mean        From  Deg   Deg                        >=   <=   <=   <=
 YR MO  Max   Min   Mean  Norm  Days  Days  Hi  Date  Low  Date 27.0  0.0  0.0  -5.0
------------------------------------------------------------------------------------
 19  1   6.3   0.3   3.6  -0.8   354     0  11.0  25  -7.0   31    0    0   14    1
 19  2  11.3   2.2   6.6   2.3   267     0  18.1  26  -5.2    3    0    0    4    1
 19  3  12.3   4.0   8.1   1.8   213     1  18.5  30  -1.2   26    0    0    1    0
 19  4  15.1   3.9   9.2   0.4   191    15  24.4  20  -2.3   14    0    0    5    0
 19  5  17.8   6.8  12.1  -0.3   116    25  24.7  23   2.4   12    0    0    0    0
 19  6  20.8  11.0  15.7   0.5    42    64  32.7  29   6.9    9    3    0    0    0
 19  7  24.2  13.3  18.7   0.5    14   129  37.7  25   8.7    2    5    0    0    0
 19  8  22.8  12.6  17.3  -0.2    13    64  26.6   4   8.4   13    0    0    0    0
 19  9
 19 10
 19 11
 19 12
------------------------------------------------------------------------------------
        16.3   6.7  11.4   0.5  1212   301  37.7 Jul  -7.0  Jan    8    0   24    2

                                Precipitation (mm)

              Dep.   Max        Days of Rain
              From   Obs.           >=
 YR MO Total  Norm   Day Date  0.2  2.0 15.0
---------------------------------------------
 19  1  20.6 -53.8   5.6  22    14    5    0
 19  2  25.4  -0.2   5.2   4    12    6    0
 19  3  34.8   0.7   6.0  10    16    7    0
 19  4  12.0 -27.0   4.8   9     8    2    0
 19  5  41.8  -7.8  23.2   8    13    4    1
 19  6  74.8  29.8  18.8  10    15   10    1
 19  7  39.4 -22.6   8.4  20    10    6    0
 19  8  34.6 -30.5  12.6  14    11    5    0
 19  9
 19 10
 19 11
 19 12
---------------------------------------------
       283.4-111.4  23.2  May   99   45    2

                                Wind Speed (mph)
                          Dom
 YR MO   Avg.  Hi   Date  Dir
------------------------------
 19  1   2.1  30.0   27    NW
 19  2   1.4  36.3    8   WNW
 19  3   2.5  35.0   10   WNW
 19  4   1.5  21.3   14    NE
 19  5   1.2  31.3    4    NW
 19  6   1.4  20.0    7     N
 19  7   1.3  23.8   30   WNW
 19  8   1.6  25.0   10   WNW
 19  9
 19 10
 19 11
 19 12
------------------------------
         1.6  36.3  Feb    NW
:now::gauges::console::today/yesterday::month/year::records: noaa reports::annual data::wind map::monthly records::trends::longrange forecast::rainfall radar::webcam