High Wych Weather

NOAA Style Reports for High Wych, Hertfordshire


Report for 2019 Jan
                   Monthly Climatological Summary for Jan 2019

Name: High Wych Weather   City: High Wych, Sawbridgeworth   State: Herts
Elevation: 72 m  Lat: N 51° 48' 26"   Lon: E 000° 07' 20"

                  Temperature (°C), Rain (mm), Wind Speed (mph)

                                      Heat  Cool        Avg
    Mean                              Deg   Deg         Wind                 Dom
Day Temp  High   Time   Low    Time   Days  Days  Rain  Speed High   Time    Dir
----------------------------------------------------------------------------------
 1   7.1  10.2   13:08   3.2   22:34   7.9   0.0   0.0   2.3  18.8   13:56    NW
 2   3.9   5.0   14:36   2.3   08:44  11.1   0.0   0.0   1.4  10.0   11:38   WNW
 3   3.1   4.6   12:54   0.8   23:27  11.9   0.0   0.0   0.6   7.5   12:38   NNW
 4   1.3   3.3   14:19  -1.8   08:53  13.7   0.0   0.0   0.8   8.8   12:33    NW
 5   3.8   4.7   21:49   3.1   00:00  11.2   0.0   0.0   1.7  13.8   13:01    NW
 6   6.0   8.4   14:20   4.2   06:48   9.0   0.0   0.0   0.5   8.8   10:50    NW
 7   8.3  10.3   17:15   6.1   00:02   6.7   0.0   0.0   2.0  21.3   23:51    NW
 8   6.2   8.1   12:55   4.2   21:33   8.8   0.0   0.0   4.8  21.3   00:26    NW
 9   2.9   5.1   13:10   0.3   23:44  12.1   0.0   0.0   3.1  15.0   00:30    NW
10   2.5   6.4   23:53   0.0   01:34  12.4   0.0   0.0   1.0  11.3   23:04    NW
11   6.1   7.8   15:00   4.2   17:38   8.9   0.0   0.2   1.8  11.3   00:04    NW
12   7.9   9.9   23:47   5.5   01:30   7.1   0.0   0.0   3.7  21.3   21:06   WNW
13   9.6  10.6   12:17   6.9   23:38   5.4   0.0   0.4   6.2  28.8   20:01   WNW
14   6.2   8.6   14:20   2.3   23:46   8.8   0.0   0.0   3.7  23.8   00:38    NW
15   5.6   8.6   13:30   0.8   03:13   9.4   0.0   0.0   1.4  10.0   23:13    NW
16   6.4   8.7   12:42   1.9   23:38   8.6   0.0   2.2   2.0  20.0   15:58   ENE
17   1.8   3.7   14:54  -1.8   22:18  13.2   0.0   2.2   3.4  20.0   13:44    NW
18   0.9   5.5   13:57  -2.4   03:02  14.1   0.0   0.0   0.8  17.5   13:49   SSE
19   1.7   4.4   14:04  -1.8   23:40  13.3   0.0   0.0   0.8  11.3   11:31   SSE
20  -0.8   4.1   13:33  -4.1   23:44  15.8   0.0   0.0   0.4   6.3   12:40   NNE
21   0.4   3.9   14:10  -4.7   03:12  14.6   0.0   0.2   0.5  15.0   23:56   SSE
22   2.2   4.9   13:43  -0.4   08:46  12.8   0.0   5.6   1.2  16.3   01:35     W
23  -0.2   1.3   18:08  -3.5   23:58  15.2   0.0   1.0   1.5  11.3   01:20    NW
24  -0.1   3.1   14:45  -4.2   02:59  15.1   0.0   0.2   0.1   3.8   19:56    NW
25   5.7  11.0   14:39   1.7   01:27   9.3   0.0   1.0   1.3  13.8   14:36   WNW
26   7.1   9.4   14:58   4.2   02:40   7.9   0.0   1.0   2.1  25.0   17:09   NNE
27   4.8   7.2   00:00   1.6   07:47  10.2   0.0   2.8   8.2  30.0   18:12    NW
28   1.2   4.8   13:40  -3.9   22:50  13.8   0.0   0.0   4.5  21.3   01:50    NW
29   1.0   5.6   12:57  -3.9   00:44  14.0   0.0   2.6   1.0  10.0   11:55    SW
30  -0.3   4.1   13:44  -4.1   23:59  15.3   0.0   1.0   1.0  10.0   01:47   WNW
31  -1.7   2.3   13:54  -7.0   06:50  16.7   0.0   0.2   1.2  16.3   21:04     S
----------------------------------------------------------------------------------
     3.6  11.0    25    -7.0    31   354.3   0.0  20.6   2.1  30.0    27      NW

Max >=  27.0:  0
Max <=   0.0:  0
Min <=   0.0: 14
Min <=  -5.0:  1
Max Rain: 5.6 on day 22
Days of Rain: 14 (>= 0.2 mm)  5 (>= 2.0 mm)  0 (>= 15.0 mm)
Heat Base: 15.0  Cool Base: 15.0  Method: Integration
:now::gauges::console::today/yesterday::month/year::records: noaa reports::annual data::wind map::monthly records::trends::longrange forecast::rainfall radar::webcam