High Wych Weather

NOAA Style Reports for High Wych, Hertfordshire


Report for 2019 Feb
                   Monthly Climatological Summary for Feb 2019

Name: High Wych Weather   City: High Wych, Sawbridgeworth   State: Herts
Elevation: 72 m  Lat: N 51° 48' 26"   Lon: E 000° 07' 20"

                  Temperature (°C), Rain (mm), Wind Speed (mph)

                                      Heat  Cool        Avg
    Mean                              Deg   Deg         Wind                 Dom
Day Temp  High   Time   Low    Time   Days  Days  Rain  Speed High   Time    Dir
----------------------------------------------------------------------------------
 1   0.9   1.7   13:36   0.1   03:01  14.1   0.0   3.6   3.2  16.3   12:16   NNE
 2   1.6   3.8   14:13   0.1   06:47  13.4   0.0   0.0   4.5  21.3   14:38    NW
 3   1.0   5.1   23:45  -5.2   07:39  14.0   0.0   0.0   0.9  11.3   23:00   WNW
 4   6.2   8.0   15:41   3.3   23:57   8.8   0.0   5.2   1.9  28.8   08:45    SE
 5   4.8   7.5   12:48   0.7   01:53  10.2   0.0   1.2   1.5  13.8   16:35   SSE
 6   8.2   9.9   13:39   6.8   00:00   6.8   0.0   4.4   0.6  10.0   00:07   SSE
 7   6.9   9.1   15:19   5.2   07:30   8.1   0.0   0.2   4.2  28.8   03:38    NW
 8   8.5  10.3   15:03   6.3   00:09   6.5   0.0   2.8   4.4  36.3   17:02    SE
 9   7.2   9.7   13:07   5.6   02:52   7.8   0.0   0.0   4.3  25.0   10:59    NW
10   4.6   6.3   00:00   0.4   23:58  10.4   0.0   3.4   2.9  22.5   14:11    NW
11   3.6   8.0   14:30  -1.3   05:01  11.3   0.0   0.0   1.2  15.0   12:53   WNW
12   5.0  10.2   14:06  -0.7   07:20  10.0   0.0   0.0   0.5  15.0   12:33    NW
13   7.0  11.1   14:15   2.4   23:57   8.0   0.0   0.2   0.7  13.8   12:20    SE
14   4.7  12.6   14:24  -0.2   05:04  10.3   0.0   0.0   0.3   6.3   10:59   SSE
15   6.1  14.6   14:32   0.3   03:28   8.9   0.0   0.2   0.5  10.0   10:34    SE
16   7.5  12.3   13:09   1.9   03:23   7.3   0.0   0.0   0.7  11.3   18:26    SE
17   9.0  14.3   14:07   4.7   08:10   6.0   0.0   0.0   1.1  13.8   11:18    SE
18   7.3   9.7   00:00   3.4   23:15   7.7   0.0   0.6   0.7  12.5   11:55    SE
19   5.9  11.2   14:34   1.8   03:24   9.1   0.0   0.4   1.1  11.3   19:25   WNW
20   8.7  12.9   14:38   6.3   01:02   6.3   0.0   0.0   1.5  15.0   09:46   ESE
21   9.2  14.6   14:39   5.0   23:45   5.8   0.0   0.0   0.4  11.3   14:51   ESE
22   7.3  14.6   14:53   4.3   01:56   7.7   0.3   0.0   0.5   8.8   18:42   SSE
23  10.9  15.5   14:05   5.1   03:47  19.7   0.2   0.0   0.7  10.0   14:10   SSE
24   7.0  16.0   14:53   1.6   07:55   8.0   0.0   0.0   0.4   8.8   13:16     S
25   9.7  18.0   14:48   0.8   03:53   7.6   0.0   0.0   0.3   7.5   10:43     S
26   9.6  18.1   14:55   0.9   03:47  18.5   0.0   0.0   0.5   8.8   12:51     S
27   8.1  17.9   14:55   0.1   06:47   7.3   0.4   0.0   0.1   7.5   13:15    SW
28   7.6  12.0   12:27   1.9   05:41   7.4   0.0   3.2   0.5  10.0   23:58   WNW
----------------------------------------------------------------------------------
     6.6  18.1    26    -5.2     3   267.0   0.9  25.4   1.4  36.3     8     WNW

Max >=  27.0:  0
Max <=   0.0:  0
Min <=   0.0:  4
Min <=  -5.0:  1
Max Rain: 5.2 on day 4
Days of Rain: 12 (>= 0.2 mm)  6 (>= 2.0 mm)  0 (>= 15.0 mm)
Heat Base: 15.0  Cool Base: 15.0  Method: Integration
:now::gauges::console::today/yesterday::month/year::records: noaa reports::annual data::wind map::monthly records::trends::longrange forecast::rainfall radar::webcam