High Wych Weather

NOAA Style Reports for High Wych, Hertfordshire


Report for 2019 Mar
                   Monthly Climatological Summary for Mar 2019

Name: High Wych Weather   City: High Wych, Sawbridgeworth   State: Herts
Elevation: 72 m  Lat: N 51° 48' 26"   Lon: E 000° 07' 20"

                  Temperature (°C), Rain (mm), Wind Speed (mph)

                                      Heat  Cool        Avg
    Mean                              Deg   Deg         Wind                 Dom
Day Temp  High   Time   Low    Time   Days  Days  Rain  Speed High   Time    Dir
----------------------------------------------------------------------------------
 1   7.9  10.3   14:12   5.9   07:17   7.1   0.0   0.2   0.6   8.8   02:05   WNW
 2   9.9  13.7   13:26   6.2   00:00   5.1   0.0   0.2   1.8  23.8   20:17   ESE
 3   9.9  11.8   14:43   7.9   07:00   5.1   0.0   3.0   3.6  27.5   15:16   ESE
 4   6.0  10.1   13:07   3.1   07:01   9.0   0.0   3.6   3.1  16.3   14:02   WNW
 5   6.7  11.4   12:13   1.3   04:13   8.3   0.0   0.6   1.6  13.8   16:28   SSW
 6   9.9  12.1   12:14   8.1   05:21   5.1   0.0   3.8   3.4  23.8   18:18    SE
 7   7.1  11.0   13:15   4.1   05:42   7.9   0.0   1.4   3.8  17.5   14:06   WNW
 8   6.5   9.6   11:28   2.0   05:19   8.5   0.0   1.2   1.5  16.3   16:23     E
 9   8.2  12.4   13:39   5.7   23:49   6.8   0.0   1.4   3.7  25.0   12:09   WNW
10   5.7   9.4   13:32   1.4   20:27   9.3   0.0   6.0   5.2  35.0   09:17   WNW
11   5.8  10.5   15:14   1.9   02:07   9.2   0.0   0.0   4.6  23.8   09:03   WNW
12   6.2   9.2   09:53   3.4   18:51   8.8   0.0   5.4   4.2  27.5   05:21   ESE
13   7.7  11.0   13:17   4.3   00:00   7.3   0.0   0.0   6.6  28.8   12:39   WNW
14   9.1  12.7   12:04   6.2   04:32   5.9   0.0   0.0   5.0  27.5   13:59   WNW
15  11.0  13.9   11:09   8.6   00:54   4.0   0.0   3.0   4.3  27.5   13:44   WNW
16  10.0  12.2   13:11   6.3   23:46   5.0   0.0   3.6   3.9  26.3   16:39   ENE
17   5.4  10.2   14:33   2.7   06:02   9.6   0.0   0.6   2.9  17.5   14:48   WNW
18   6.1  11.4   15:00   2.7   06:59   8.9   0.0   0.4   1.7  12.5   10:08   WNW
19   8.6  13.4   12:54   3.8   00:00   6.4   0.0   0.4   0.3  11.3   12:29   NNW
20   9.3  12.2   15:01   5.8   02:57   5.7   0.0   0.0   0.3   6.3   11:35   WNW
21  11.3  14.3   12:26   7.6   07:01   3.7   0.0   0.0   0.3   6.3   10:14   WNW
22   9.2  10.4   13:12   5.1   23:44   5.8   0.0   0.0   0.8  11.3   11:53     E
23   8.2  13.2   14:09   2.7   23:59   6.8   0.0   0.0   1.4  16.3   08:57     N
24   7.1  13.5   13:12   1.3   02:08   7.9   0.0   0.0   1.9  17.5   15:30   WNW
25   7.3  11.8   15:04   0.8   23:58   7.7   0.0   0.0   3.6  22.5   09:43   WNW
26   5.8  12.1   13:56  -1.2   04:03   9.2   0.0   0.0   1.1  17.5   11:31   WNW
27   8.0  12.1   14:43   3.4   03:51   7.0   0.0   0.0   0.9  11.3   15:28   WNW
28   9.3  15.0   13:37   4.6   23:40   5.7   0.0   0.0   0.4   8.8   16:10     S
29   9.4  17.8   15:43   1.7   06:10   6.0   0.4   0.0   0.5  11.3   13:16   SSE
30  10.9  18.5   14:38   2.1   05:45   4.7   0.6   0.0   0.7  10.0   21:28    NW
31   8.5  12.8   15:32   3.7   23:44   6.2   0.0   0.0   2.4  16.3   09:51   NNE
----------------------------------------------------------------------------------
     8.1  18.5    30    -1.2    26   213.7   1.0  34.8   2.5  35.0    10     WNW

Max >=  27.0:  0
Max <=   0.0:  0
Min <=   0.0:  1
Min <=  -5.0:  0
Max Rain: 6.0 on day 10
Days of Rain: 16 (>= 0.2 mm)  7 (>= 2.0 mm)  0 (>= 15.0 mm)
Heat Base: 15.0  Cool Base: 15.0  Method: Integration
:now::gauges::console::today/yesterday::month/year::records: noaa reports::annual data::wind map::monthly records::trends::longrange forecast::rainfall radar::webcam