High Wych Weather

NOAA Style Reports for High Wych, Hertfordshire


Report for 2019 Apr
                   Monthly Climatological Summary for Apr 2019

Name: High Wych Weather   City: High Wych, Sawbridgeworth   State: Herts
Elevation: 72 m  Lat: N 51° 48' 26"   Lon: E 000° 07' 20"

                  Temperature (°C), Rain (mm), Wind Speed (mph)

                                      Heat  Cool        Avg
    Mean                              Deg   Deg         Wind                 Dom
Day Temp  High   Time   Low    Time   Days  Days  Rain  Speed High   Time    Dir
----------------------------------------------------------------------------------
 1   7.4  13.7   16:12   1.3   06:38   7.6   0.0   0.0   1.4  13.8   12:26   SSE
 2   4.3   8.1   17:20   0.6   05:46  10.7   0.0   1.4   0.9  15.0   16:15   WNW
 3   4.0   9.6   17:37   0.5   02:26  11.0   0.0   0.0   0.5   8.8   11:57    SW
 4   5.0  10.8   12:27  -0.7   03:45  10.0   0.0   0.4   2.1  20.0   13:13   SSE
 5   8.6  14.3   15:38   3.9   03:37   6.4   0.0   0.0   2.0  18.8   10:55   SSE
 6   7.3   9.7   11:24   3.8   05:13   7.7   0.0   0.0   1.5  12.5   12:35     N
 7   8.1  10.9   15:32   5.3   02:39   6.9   0.0   0.0   1.6  12.5   13:06   NNW
 8   8.9  14.4   15:55   6.6   02:28   6.1   0.0   0.4   0.5   8.8   02:11   WNW
 9   8.4  11.8   14:50   6.6   23:47   6.6   0.0   4.8   2.5  16.3   18:27     N
10   6.7  11.5   13:53   1.8   06:44   8.3   0.0   0.0   3.0  16.3   12:32     N
11   5.2  14.2   15:51  -0.5   06:25   9.8   0.0   0.0   1.4  13.8   16:47   NNE
12   5.2  10.1   12:21  -0.2   06:17   9.8   0.0   0.0   0.7  12.5   11:05    NE
13   4.2  10.1   15:57  -0.9   05:13  10.8   0.0   0.0   1.3  18.8   12:54   ENE
14   4.1   9.6   15:37  -2.3   06:26  10.9   0.0   0.0   1.3  21.3   17:53     E
15   7.4  12.6   13:44   2.3   01:56   7.6   0.0   0.0   1.8  20.0   09:39   ESE
16  11.1  17.6   14:00   5.3   01:15   4.2   0.3   0.0   0.9  11.3   13:26     E
17  10.6  18.8   15:54   3.8   04:39   5.1   0.6   0.0   1.0  12.5   17:00   ESE
18  13.3  21.4   14:53   5.3   06:25   3.5   1.7   0.0   1.3  20.0   15:37     E
19  15.2  23.8   15:40   6.7   06:05   2.6   2.8   0.0   1.5  15.0   14:14    NE
20  15.0  24.4   16:36   6.2   04:50   2.8   2.9   0.0   1.1  13.8   10:05   NNE
21  14.3  22.7   14:28   5.2   06:53   3.1   2.4   0.0   1.1  12.5   15:03     E
22  14.6  23.8   14:33   5.3   04:58   3.1   2.7   0.0   1.2  17.5   16:20   ESE
23  14.4  20.6   14:36  10.5   04:07   1.9   1.3   0.0   1.2  12.5   13:52     E
24  12.8  19.2   12:25   7.8   23:59   2.9   0.7   0.4   1.2  17.5   15:47   SSE
25  11.6  16.8   14:46   7.4   00:38   3.5   0.1   1.2   1.3  16.3   14:24   SSE
26  10.8  17.5   14:28   5.1   04:30   4.4   0.2   0.0   1.3  18.8   22:42   WSW
27   8.6  12.4   17:03   6.4   22:53   6.4   0.0   3.0   4.6  20.0   13:37     W
28   9.0  12.5   16:38   6.0   23:57   6.0   0.0   0.4   3.0  17.5   10:34   WNW
29   8.6  13.7   17:48   2.3   04:29   6.4   0.0   0.0   0.4   7.5   13:51    NE
30   9.9  16.4   17:06   4.4   01:32   5.2   0.1   0.0   0.6   7.5   16:09   ENE
----------------------------------------------------------------------------------
     9.2  24.4    20    -2.3    14   191.3  15.8  12.0   1.5  21.3    14      NE

Max >=  27.0:  0
Max <=   0.0:  0
Min <=   0.0:  5
Min <=  -5.0:  0
Max Rain: 4.8 on day 9
Days of Rain: 8 (>= 0.2 mm)  2 (>= 2.0 mm)  0 (>= 15.0 mm)
Heat Base: 15.0  Cool Base: 15.0  Method: Integration
:now::gauges::console::today/yesterday::month/year::records: noaa reports::annual data::wind map::monthly records::trends::longrange forecast::rainfall radar::webcam