High Wych Weather

NOAA Style Reports for High Wych, Hertfordshire


Report for 2019 Jun
                   Monthly Climatological Summary for Jun 2019

Name: High Wych Weather   City: High Wych, Sawbridgeworth   State: Herts
Elevation: 72 m  Lat: N 51° 48' 26"   Lon: E 000° 07' 20"

                  Temperature (°C), Rain (mm), Wind Speed (mph)

                                      Heat  Cool        Avg
    Mean                              Deg   Deg         Wind                 Dom
Day Temp  High   Time   Low    Time   Days  Days  Rain  Speed High   Time    Dir
----------------------------------------------------------------------------------
 1  19.4  27.4   17:12  10.2   05:49   1.1   5.5   0.0   0.6  11.3   15:53    SW
 2  20.5  27.2   13:39  14.2   23:56   0.0   5.5   0.0   1.7  13.8   10:44   WNW
 3  15.1  21.2   13:46   9.2   04:17   1.6   1.6   0.0   1.4  12.5   13:17   WNW
 4  13.2  17.6   11:11   9.1   04:11   2.0   0.3   2.6   0.9  16.3   11:25     E
 5  14.0  18.7   13:34  10.6   02:19   1.7   0.8   0.2   0.6  10.0   11:41   WNW
 6  14.3  20.3   15:41   7.3   05:13   2.2   1.4   0.0   1.1  15.0   14:04     W
 7  13.2  17.1   11:02   9.3   01:09   2.0   0.2   6.0   2.1  20.0   10:44     E
 8  13.2  18.7   16:13   9.0   23:39   2.4   0.7   2.8   3.0  15.0   09:15   WNW
 9  13.5  20.6   15:01   6.9   05:09   2.5   1.0   0.0   0.6   8.8   13:39     W
10  10.9  12.9   00:00   9.2   14:35   4.1   0.0  18.8   1.1  17.5   19:48   NNE
11  13.0  17.3   13:48  10.9   23:13   2.2   0.2   0.8   1.4  15.0   13:52     N
12  11.8  13.6   11:57  10.4   04:42   3.1   0.0   4.0   0.3   6.3   01:29   WNW
13  12.0  13.5   15:28  10.6   02:13   3.0   0.0  13.0   1.2  12.5   15:01   WNW
14  14.6  19.4   17:50  11.7   00:39   1.3   0.9   3.4   1.2  16.3   17:50     W
15  14.5  19.1   12:54   9.6   03:51   1.6   1.1   0.2   1.1  13.8   14:43   SSE
16  14.9  21.3   15:29   9.3   05:06   1.6   1.5   1.4   1.5  20.0   17:56   WNW
17  16.7  22.9   15:58  11.1   05:36   0.9   2.6   0.0   1.4  12.5   08:45   WNW
18  15.3  20.1   12:20  10.4   05:13   1.1   1.4   3.4   0.2   6.3   10:29   NNW
19  15.2  19.2   15:05  12.3   03:58   0.7   0.8  10.0   0.3   7.5   11:31   WNW
20  15.5  19.8   15:36  12.4   23:58   0.7   1.2   0.2   1.4  10.0   16:24   WNW
21  15.1  21.1   16:40   8.6   04:48   1.7   1.8   0.0   1.0  10.0   13:50   WNW
22  17.1  22.2   14:51  11.9   23:56   0.7   2.8   0.0   1.6  16.3   15:27     E
23  17.5  23.6   13:44  10.4   02:37   1.2   3.7   0.0   1.9  13.8   14:04   ENE
24  21.3  25.8   17:31  16.1   04:43   0.0   6.3   0.0   0.4   6.3   00:58     E
25  18.9  23.8   14:06  15.1   23:45   0.0   3.9   8.0   1.2  15.0   06:38   NNW
26  15.7  19.4   16:29  13.1   23:43   0.4   1.0   0.0   2.8  18.8   19:12    NE
27  16.2  22.1   14:27  11.8   04:23   1.1   2.3   0.0   4.2  17.5   13:08    NE
28  16.6  22.6   15:35  12.4   02:00   0.9   2.5   0.0   3.1  13.8   00:28   ENE
29  23.0  32.7   16:22  12.0   04:36   0.6   8.6   0.0   1.3  12.5   14:52   ESE
30  19.4  23.8   14:15  13.7   05:30   0.1   4.5   0.0   2.7  15.0   08:32   WNW
----------------------------------------------------------------------------------
    15.7  32.7    29     6.9     9    42.5  64.1  74.8   1.4  20.0     7     NNW

Max >=  27.0:  3
Max <=   0.0:  0
Min <=   0.0:  0
Min <=  -5.0:  0
Max Rain: 18.8 on day 10
Days of Rain: 15 (>= 0.2 mm)  10 (>= 2.0 mm)  1 (>= 15.0 mm)
Heat Base: 15.0  Cool Base: 15.0  Method: Integration
:now::gauges::console::today/yesterday::month/year::records: noaa reports::annual data::wind map::monthly records::trends::longrange forecast::rainfall radar::webcam