High Wych Weather

NOAA Style Reports for High Wych, Hertfordshire


Report for 2019 Jul
                   Monthly Climatological Summary for Jul 2019

Name: High Wych Weather   City: High Wych, Sawbridgeworth   State: Herts
Elevation: 72 m  Lat: N 51° 48' 26"   Lon: E 000° 07' 20"

                  Temperature (°C), Rain (mm), Wind Speed (mph)

                                      Heat  Cool        Avg
    Mean                              Deg   Deg         Wind                 Dom
Day Temp  High   Time   Low    Time   Days  Days  Rain  Speed High   Time    Dir
----------------------------------------------------------------------------------
 1  16.3  20.9   14:06  11.4   04:21   0.8   2.1   0.0   2.5  17.5   10:07   WNW
 2  15.3  21.6   14:02   8.7   05:08   1.6   2.0   0.0   0.9  13.8   14:23   WNW
 3  16.3  22.7   14:50   8.8   05:25   1.6   2.8   0.0   0.8  12.5   16:59   ENE
 4  18.4  26.3   16:55   8.7   05:08   1.5   5.0   0.0   0.0   0.0   00:00   ---
 5  20.4  26.8   15:58  14.2   05:00   0.1   5.5   0.0   1.5  12.5   10:36   WNW
 6  17.4  20.9   12:31  12.3   06:03   0.2   2.6   0.0   1.4  12.5   13:07   WNW
 7  16.1  22.3   17:12  11.5   23:59   0.8   1.9   1.2   1.1  11.3   17:47   ENE
 8  15.7  21.3   13:26  10.3   04:37   1.4   2.1   0.0   1.0  12.5   19:44     E
 9  17.2  21.6   16:54  13.0   05:24   0.5   2.7   0.0   0.0   6.3   00:49     E
10  20.1  25.9   14:43  15.0   01:10   0.0   5.1   0.0   0.7  10.0   11:25   WNW
11  19.7  24.9   16:46  15.2   05:06   0.0   4.7   0.0   0.9  10.0   13:57   WNW
12  19.3  23.6   16:01  15.3   07:01   0.0   4.3   0.0   3.3  20.0   13:33   WNW
13  17.3  20.2   14:53  14.1   05:39   0.1   2.4   0.0   1.3  11.3   00:57   WNW
14  16.0  20.7   15:13  11.7   23:58   0.8   1.8   1.4   0.8  15.0   15:37   NNE
15  15.4  20.9   18:12  10.9   02:52   1.2   1.7   0.0   0.7  10.0   13:09    NW
16  18.8  27.3   18:14   9.9   06:00   1.2   5.1   0.0   0.4  10.0   12:26   WNW
17  20.2  25.8   13:58  13.4   05:15   0.2   5.4   0.0   0.6  11.3   13:52    SW
18  18.1  22.9   15:51  14.6   04:32   0.0   3.1   4.0   1.1  15.0   17:15   WNW
19  15.8  19.3   10:58  11.3   05:04   0.7   1.6   4.8   0.7  15.0   12:24   ESE
20  18.7  24.4   15:31  14.6   23:54   0.0   3.7   8.4   2.0  15.0   17:36   WNW
21  17.8  23.3   15:13  11.2   05:24   0.8   3.6   0.0   0.7   8.8   18:03   WNW
22  22.0  28.8   17:21  15.9   01:32   0.0   7.0   0.0   1.6  12.5   10:14   WNW
23  24.3  32.8   16:33  15.3   06:22   0.0   9.3   0.0   1.4  11.3   12:25     E
24  25.3  32.8   16:06  18.7   05:36   0.0  10.4   1.4   1.4  10.0   10:14   WNW
25  27.9  37.7   14:31  18.5   03:08   0.0  12.9   0.0   1.0  12.5   14:56     E
26  21.5  25.1   00:50  18.7   11:18   0.0   6.5   5.8   0.9  17.5   01:00   WNW
27  17.3  19.6   00:00  15.1   23:55   0.0   2.3   8.0   2.8  13.8   11:58   WNW
28  16.0  20.7   16:53  13.6   23:59   0.1   1.1   0.4   3.2  16.3   14:44   WNW
29  18.8  25.8   15:40  11.5   05:13   0.9   4.6   0.0   1.0  11.3   11:56   ESE
30  17.7  21.0   10:27  14.8   05:45   0.0   2.7   4.0   2.3  23.8   15:32   ESE
31  18.0  22.3   14:36  15.4   05:19   0.0   3.0   0.0   2.4  13.8   14:30   WNW
----------------------------------------------------------------------------------
    18.7  37.7    25     8.7     2    14.5 129.0  39.4   1.3  23.8    30     WNW

Max >=  27.0:  5
Max <=   0.0:  0
Min <=   0.0:  0
Min <=  -5.0:  0
Max Rain: 8.4 on day 20
Days of Rain: 10 (>= 0.2 mm)  6 (>= 2.0 mm)  0 (>= 15.0 mm)
Heat Base: 15.0  Cool Base: 15.0  Method: Integration
:now::gauges::console::today/yesterday::month/year::records: noaa reports::annual data::wind map::monthly records::trends::longrange forecast::rainfall radar::webcam