High Wych Weather

NOAA Style Reports for High Wych, Hertfordshire


Report for 2019 Aug
                   Monthly Climatological Summary for Aug 2019

Name: High Wych Weather   City: High Wych, Sawbridgeworth   State: Herts
Elevation: 72 m  Lat: N 51° 48' 26"   Lon: E 000° 07' 20"

                  Temperature (°C), Rain (mm), Wind Speed (mph)

                                      Heat  Cool        Avg
    Mean                              Deg   Deg         Wind                 Dom
Day Temp  High   Time   Low    Time   Days  Days  Rain  Speed High   Time    Dir
----------------------------------------------------------------------------------
 1  19.2  24.6   16:45  15.7   04:24   0.0   4.2   0.0   1.7  10.0   13:23   WNW
 2  18.4  23.9   15:19  13.0   04:10   0.2   3.6   0.0   0.9  15.0   11:19   WNW
 3  18.7  24.4   15:08  12.4   05:41   0.4   4.1   0.0   0.6   7.5   10:57   ESE
 4  19.9  26.6   15:33  13.9   05:19   0.1   5.1   0.0   0.9  17.5   16:34   ESE
 5  19.2  24.8   15:01  15.3   03:40   0.0   4.2   1.4   1.4  12.5   11:48   WNW
 6  18.9  24.4   15:07  14.5   05:25   0.0   4.0   0.0   1.8  15.0   14:47   WNW
 7  17.9  23.6   14:51  14.1   05:34   0.1   3.0   2.6   2.1  16.3   15:31   WNW
 8  18.9  25.4   14:56  11.6   05:16   0.7   4.6   0.0   1.0   8.8   11:59     W
 9  20.1  25.4   13:28  16.9   23:56   0.0   5.1   5.6   2.4  21.3   13:28   NNW
10  18.1  22.1   15:25  15.7   23:14   0.0   3.1   1.4   4.1  25.0   11:57   WNW
11  17.2  22.8   13:56  13.1   23:31   0.3   2.5   0.2   2.3  13.8   08:53   WNW
12  14.3  18.4   11:17  10.5   23:45   1.0   0.4   3.4   0.2   8.8   12:17    NW
13  14.6  22.1   15:53   8.4   02:23   2.2   1.9   0.0   1.7  13.8   14:05   WNW
14  14.5  16.5   22:27  11.2   02:00   1.0   0.5  12.6   0.9  17.5   15:37   ESE
15  17.1  22.1   13:55  11.9   23:50   0.3   2.4   0.0   3.2  20.0   14:41   WNW
16  14.9  18.7   12:38  10.9   03:30   1.1   1.0   3.6   1.5  15.0   12:48    NW
17  18.1  23.0   15:45  13.9   06:41   0.1   3.1   1.2   2.1  13.8   15:43   WNW
18  16.5  21.6   15:42  13.1   23:49   0.2   1.7   1.8   1.6  11.3   15:18   WNW
19  15.7  21.6   13:24  11.4   06:04   1.2   1.9   0.8   1.9  11.3   17:54   WNW
20  14.9  21.1   17:27   9.1   06:29   1.9   1.8   0.0   1.6  12.5   13:45   WNW
21  16.3  23.2   15:00   9.6   05:56   1.5   2.8   0.0   0.6   8.8   14:12     W
22  17.5  24.3   14:23  10.5   06:11   1.0   3.5   0.0   1.0  11.3   14:43   WNW
23  19.7  27.7   15:56  13.2   06:06   0.3   5.0   0.0   0.0   0.0   00:00   ---
24  20.8  29.4   15:30  12.4   05:45   0.5   6.4   0.0   0.0   0.0   00:00   ---
25  23.0  32.9   15:14  13.9   04:17   0.1   8.1   0.0   0.0   0.0   00:00   ---
26  24.0  32.7   15:30  15.1   06:03   0.0   9.0   0.0   0.3  10.0   15:11   ESE
27  23.3  32.6   14:09  15.4   05:15   0.0   8.3   1.2   0.2   7.5   14:35   ESE
28  20.0  25.7   15:46  17.1   06:33   0.0   5.0   0.6   0.7  13.8   16:23   WNW
29  17.6  23.7   15:45  11.6   06:35   0.6   3.2   0.2   1.7  12.5   13:42   WNW
30  18.0  24.7   15:14  12.7   03:01   0.5   3.5   0.0   1.2  11.3   13:28   WNW
31  16.0  22.9   13:24  11.3   05:56   1.0   2.0   0.2   1.2  20.0   16:38   WNW
----------------------------------------------------------------------------------
    18.2  32.9    25     8.4    13    16.3 115.0  36.8   1.3  25.0    10     WNW

Max >=  27.0:  5
Max <=   0.0:  0
Min <=   0.0:  0
Min <=  -5.0:  0
Max Rain: 12.6 on day 14
Days of Rain: 15 (>= 0.2 mm)  5 (>= 2.0 mm)  0 (>= 15.0 mm)
Heat Base: 15.0  Cool Base: 15.0  Method: Integration
:now::gauges::console::today/yesterday::month/year::records: noaa reports::annual data::wind map::monthly records::trends::longrange forecast::rainfall radar::webcam