High Wych Weather

NOAA Style Reports for High Wych, Hertfordshire


Report for 2019 Sep
                   Monthly Climatological Summary for Sep 2019

Name: High Wych Weather   City: High Wych, Sawbridgeworth   State: Herts
Elevation: 72 m  Lat: N 51° 48' 26"   Lon: E 000° 07' 20"

                  Temperature (°C), Rain (mm), Wind Speed (mph)

                                      Heat  Cool        Avg
    Mean                              Deg   Deg         Wind                 Dom
Day Temp  High   Time   Low    Time   Days  Days  Rain  Speed High   Time    Dir
----------------------------------------------------------------------------------
 1  14.1  20.7   14:44   9.4   06:05   2.1   1.2   0.0   1.9  22.5   15:23   WNW
 2  14.6  22.2   14:56   6.6   05:43   2.5   2.1   0.0   1.6  12.5   11:46   WNW
 3  17.5  23.1   15:18  13.6   02:21   0.2   2.7   0.0   1.9  10.0   17:21   WNW
 4  16.4  20.0   15:21  13.2   23:28   0.2   1.6   6.6   3.6  20.0   15:44   WNW
 5  13.6  18.1   16:55   9.6   23:51   2.0   0.5   0.0   3.5  17.5   10:40   WNW
 6  12.5  18.1   15:15   8.2   02:54   3.0   0.4   0.2   1.5  13.8   17:01   WNW
 7  12.6  17.7   15:30   8.8   23:59   2.7   0.3   0.0   1.7  15.0   15:00   WNW
 8  11.6  18.3   15:41   5.9   06:26   3.9   0.5   0.0   1.0  12.5   14:44   WNW
 9  11.9  13.9   17:38  10.2   02:22   3.1   0.0   3.6   0.3  10.0   11:43   ESE
10  13.3  18.4   13:59   7.2   06:48   2.4   0.7   0.2   0.7  10.0   12:05   WNW
11  16.6  22.5   17:53  12.7   05:45   0.7   2.2   0.0   1.8  11.3   11:17   WNW
12  18.2  25.1   15:41  12.3   06:34   0.4   3.5   0.0   1.7  11.3   14:48   WNW
13  16.3  21.6   15:23  10.8   23:59   0.7   2.1   0.0   1.3  13.8   04:46    NW
14  15.0  23.3   15:37   6.2   06:31   2.5   2.5   0.0   0.4   7.5   12:24    SE
15  16.8  25.5   16:12   8.0   05:35   2.0   3.8   0.0   1.1  11.3   12:33   WNW
16  16.1  17.9   13:06  12.6   23:58   0.1   1.2   0.0   0.4  10.0   13:38   WNW
17  13.1  18.6   14:41   8.2   06:16   2.6   0.7   0.0   1.1  15.0   13:52    NW
18  12.0  19.4   15:47   4.6   07:16   3.9   1.0   0.0   0.4  10.0   14:01   NNE
19  13.2  21.7   16:05   5.4   07:05   3.5   1.7   0.0   0.5   7.5   13:18     E
20  13.8  19.9   13:03   8.1   03:49   2.5   1.3   0.0   1.6  18.8   12:13     E
21  16.4  22.7   13:43  10.8   06:35   1.0   2.4   0.0   1.6  15.0   11:21     E
22  16.8  23.2   12:57  13.4   23:57   0.1   1.9   0.8   0.5  12.5   13:43   ESE
23  15.4  19.4   14:50  12.9   03:59   0.6   1.0   0.8   1.5  15.0   22:39    SE
24  16.2  19.2   14:45  14.4   23:18   0.0   1.3  16.6   1.6  15.0   08:33    SE
25  15.4  18.7   13:20  13.6   22:44   0.3   0.7   5.0   1.3  10.0   03:33   WNW
26  16.3  19.8   15:10  12.9   23:35   0.3   1.5   2.8   1.8  12.5   17:50   WNW
27  14.5  18.3   14:21  11.6   23:57   1.2   0.7   0.2   2.2  17.5   16:30   WNW
28  14.3  18.7   15:43  10.9   04:08   1.6   0.8   4.8   2.7  20.0   10:46   WNW
29  15.4  19.2   12:49  12.1   23:56   0.6   1.0   3.4   3.7  21.3   18:52   WNW
30  13.1  17.2   12:37   8.6   06:53   2.3   0.4   7.4   1.1  12.5   18:07   WNW
----------------------------------------------------------------------------------
    14.8  25.5    15     4.6    18    49.0  41.7  52.4   1.5  22.5     1     WNW

Max >=  27.0:  0
Max <=   0.0:  0
Min <=   0.0:  0
Min <=  -5.0:  0
Max Rain: 16.6 on day 24
Days of Rain: 13 (>= 0.2 mm)  8 (>= 2.0 mm)  1 (>= 15.0 mm)
Heat Base: 15.0  Cool Base: 15.0  Method: Integration
:now::gauges::console::today/yesterday::month/year::records: noaa reports::annual data::wind map::monthly records::trends::longrange forecast::rainfall radar::webcam