High Wych Weather

NOAA Style Reports for High Wych, Hertfordshire


Report for 2019 Oct
                   Monthly Climatological Summary for Oct 2019

Name: High Wych Weather   City: High Wych, Sawbridgeworth   State: Herts
Elevation: 72 m  Lat: N 51° 48' 26"   Lon: E 000° 07' 20"

                  Temperature (°C), Rain (mm), Wind Speed (mph)

                                      Heat  Cool        Avg
    Mean                              Deg   Deg         Wind                 Dom
Day Temp  High   Time   Low    Time   Days  Days  Rain  Speed High   Time    Dir
----------------------------------------------------------------------------------
 1  14.4  17.8   14:02  10.0   23:45   1.1   0.5  11.0   1.1  22.5   20:29   NNW
 2   8.7  13.3   15:11   4.2   23:49   6.3   0.0   0.0   2.6  18.8   12:47   WNW
 3   7.8  13.2   15:20   1.9   06:28   7.2   0.0   1.8   0.7  13.8   22:09   ESE
 4  12.7  16.5   15:33   9.9   00:00   2.4   0.1   0.6   1.7  12.5   00:00   WNW
 5  12.5  16.4   13:50  10.6   02:14   2.6   0.1   0.2   0.8  13.8   13:18   ESE
 6  13.2  16.0   15:11  10.9   23:57   1.9   0.1  18.4   4.1  23.8   14:24   WNW
 7  11.3  14.7   14:24   7.3   06:04   3.7   0.0   1.4   0.7  16.3   15:03     S
 8  12.4  16.3   14:53   9.5   23:25   2.6   0.1   0.6   1.9  11.3   11:15   WNW
 9  10.6  14.4   12:58   8.3   20:58   4.4   0.0   0.2   2.1  16.3   12:10   WNW
10  11.7  15.8   17:05   6.4   06:25   3.3   0.1   0.0   2.5  13.8   22:46   WNW
11  14.7  16.1   13:48  11.3   23:58   0.6   0.3   3.4   2.8  16.3   00:24   WNW
12  10.9  12.0   14:49  10.1   04:32   4.1   0.0   7.6   0.1   5.0   00:28     W
13  12.5  16.2   11:54   9.6   23:42   2.6   0.1   5.0   1.8  16.3   11:20     W
14  11.9  15.3   21:18   9.3   01:21   3.1   0.0   5.2   1.5  16.3   13:49     E
15  12.2  15.7   15:09  10.1   23:52   2.9   0.0   0.0   0.8  12.5   01:59     W
16  11.4  15.3   14:20   6.1   23:31   3.6   0.0   1.0   1.2  12.5   07:56   WNW
17  10.2  14.2   11:27   6.3   05:51   4.8   0.0   7.2   0.7  13.8   12:35    SE
18  11.0  13.8   13:01   9.0   05:48   4.0   0.0   7.8   2.2  13.8   16:26     W
19  10.4  15.1   15:48   6.1   23:23   4.6   0.0   0.0   1.1  12.5   13:09     W
20   7.7  11.0   15:17   2.6   07:39   7.3   0.0   0.0   0.4  12.5   23:40    NW
21  10.5  12.3   13:56   9.0   23:51   4.5   0.0   1.6   1.7  15.0   02:22   WNW
22   9.2  14.1   15:22   5.6   23:47   5.8   0.0   0.0   0.4   7.5   13:50   WNW
23   8.9  14.1   14:33   3.3   06:08   6.1   0.0   0.2   0.4  10.0   13:12     E
24  10.7  11.8   10:12   8.3   23:11   4.3   0.0   9.2   0.7  10.0   14:58   WNW
25  12.2  16.0   18:36   8.2   05:58   3.0   0.2   0.2   2.1  21.3   20:26     W
26  12.7  16.1   12:56   5.8   23:58   2.5   0.2   3.6   3.5  18.8   00:18   WNW
27   5.9  11.2   14:11   2.3   07:22   9.5   0.0   0.0   1.2  11.3   11:24   WNW
28   5.1   9.1   12:14  -0.5   06:55   9.9   0.0   0.0   0.5   8.8   18:58    NE
29   7.1  11.9   13:28   3.9   06:56   7.9   0.0   0.0   1.8  13.8   15:48    NE
30   7.5  11.4   12:36   5.3   06:40   7.5   0.0   0.0   2.2  16.3   14:14   ENE
31   6.9  11.5   12:49   4.0   03:37   8.1   0.0   0.0   1.0  11.3   10:11     E
----------------------------------------------------------------------------------
    10.5  17.8     1    -0.5    28   142.2   1.8  86.2   1.5  23.8     6     WNW

Max >=  27.0:  0
Max <=   0.0:  0
Min <=   0.0:  1
Min <=  -5.0:  0
Max Rain: 18.4 on day 6
Days of Rain: 20 (>= 0.2 mm)  10 (>= 2.0 mm)  1 (>= 15.0 mm)
Heat Base: 15.0  Cool Base: 15.0  Method: Integration
:now::gauges::console::today/yesterday::month/year::records: noaa reports::annual data::wind map::monthly records::trends::longrange forecast::rainfall radar::webcam