High Wych Weather

NOAA Style Reports for High Wych, Hertfordshire


Report for 2019 Nov
                   Monthly Climatological Summary for Nov 2019

Name: High Wych Weather   City: High Wych, Sawbridgeworth   State: Herts
Elevation: 72 m  Lat: N 51° 48' 26"   Lon: E 000° 07' 20"

                  Temperature (°C), Rain (mm), Wind Speed (mph)

                                      Heat  Cool        Avg
    Mean                              Deg   Deg         Wind                 Dom
Day Temp  High   Time   Low    Time   Days  Days  Rain  Speed High   Time    Dir
----------------------------------------------------------------------------------
 1  11.9  14.5   23:23   6.8   00:00   3.1   0.0   5.0   0.7  13.8   23:24    SE
 2  11.0  14.4   00:10   9.1   23:48   4.0   0.0  12.2   3.8  27.5   10:50     W
 3   8.4  12.5   12:08   5.8   07:07   6.6   0.0   0.2   0.6   8.8   01:50     W
 4   8.6  12.1   14:25   6.2   22:42   6.4   0.0   0.8   0.1   7.5   01:13     E
 5   8.6  12.2   13:48   5.8   06:46   6.4   0.0   0.0   0.9  12.5   19:31    NW
 6   6.0   8.7   13:35   2.0   07:28   9.0   0.0   0.2   0.7  12.5   18:31   WNW
 7   6.5   9.4   13:16   1.6   23:40   8.5   0.0   8.2   1.4  11.3   05:45   WNW
 8   3.4   7.4   14:06  -1.4   06:18  11.6   0.0   2.0   1.7  13.8   14:20   WNW
 9   3.5   6.8   23:13  -0.8   07:29  11.5   0.0   5.0   1.4  15.0   21:53   ENE
10   5.9   9.5   13:42   3.1   21:03   9.1   0.0   0.0   1.3  15.0   05:19    NE
11   6.0   8.4   13:15   2.7   23:23   9.0   0.0   6.0   3.2  18.8   13:26   WNW
12   4.8   7.4   22:30   1.4   07:07  10.2   0.0   0.2   2.8  12.5   11:17     W
13   5.2   8.6   13:39   1.9   07:00   9.7   0.0   0.2   1.2  11.3   21:48    NW
14   5.2   7.6   12:00   2.4   21:59   9.8   0.0  10.2   1.3  21.3   03:11   ENE
15   5.4   7.9   12:45   3.1   02:57   9.6   0.0   3.0   2.3  21.3   19:37   NNE
16   5.0   7.2   13:34   3.1   22:47  10.0   0.0   0.0   0.4  11.3   01:27    NE
17   4.2   7.6   13:49   1.4   06:28  10.8   0.0   0.8   0.0   6.3   22:19     N
18   4.7   7.7   13:22  -1.1   23:52  10.3   0.0   0.0   2.0  17.5   12:40   WNW
19   1.3   5.1   14:22  -2.5   08:27  13.7   0.0   0.2   0.0   2.5   12:34   ---
20   3.4   6.4   11:52   1.3   07:46  11.6   0.0   0.0   1.1  16.3   13:11     E
21   4.3   6.5   23:59   1.4   01:09  10.7   0.0   1.4   1.9  16.3   12:51     E
22   7.4   8.9   12:22   5.8   06:47   7.6   0.0   4.8   1.7  13.8   20:48     E
23   8.9  10.5   13:30   7.0   23:57   6.1   0.0   1.0   2.0  13.8   11:21   ENE
24   7.9   9.9   14:43   5.3   01:55   7.1   0.0   0.0   0.2  10.0   20:21   ESE
25   9.4  10.4   22:25   7.5   01:39   5.6   0.0   1.2   0.9  10.0   16:13   ESE
26  10.5  12.8   14:02   8.9   21:17   4.5   0.0   0.8   0.9  15.0   15:23    SE
27   9.3  10.7   13:22   7.6   17:44   5.7   0.0  10.4   0.7   6.3   19:12     W
28   7.7   9.4   13:18   5.0   23:58   7.3   0.0   3.6   2.5  15.0   19:02   WNW
29   2.8   5.8   14:05  -1.5   22:59  12.2   0.0   0.2   0.4   7.5   10:08   WNW
30   1.5   6.5   13:13  -3.1   03:59  13.5   0.0   0.4   0.6  10.0   12:26    NE
----------------------------------------------------------------------------------
     6.3  14.5     1    -3.1    30   261.2   0.0  78.0   1.3  27.5     2      NW

Max >=  27.0:  0
Max <=   0.0:  0
Min <=   0.0:  6
Min <=  -5.0:  0
Max Rain: 12.2 on day 2
Days of Rain: 24 (>= 0.2 mm)  11 (>= 2.0 mm)  0 (>= 15.0 mm)
Heat Base: 15.0  Cool Base: 15.0  Method: Integration
:now::gauges::console::today/yesterday::month/year::records: noaa reports::annual data::wind map::monthly records::trends::longrange forecast::rainfall radar::webcam