High Wych Weather

NOAA Style Reports for High Wych, Hertfordshire


Report for 2019 Dec
                   Monthly Climatological Summary for Dec 2019

Name: High Wych Weather   City: High Wych, Sawbridgeworth   State: Herts
Elevation: 72 m  Lat: N 51° 48' 26"   Lon: E 000° 07' 20"

                  Temperature (°C), Rain (mm), Wind Speed (mph)

                                      Heat  Cool        Avg
    Mean                              Deg   Deg         Wind                 Dom
Day Temp  High   Time   Low    Time   Days  Days  Rain  Speed High   Time    Dir
----------------------------------------------------------------------------------
 1   3.7   6.4   12:38   0.5   23:56  11.3   0.0   0.2   2.1  16.3   10:59     N
 2   0.9   5.2   13:22  -2.2   08:03  14.1   0.0   0.2   0.4   7.5   14:36   WNW
 3   3.5   7.3   14:24   0.5   01:37  11.5   0.0   0.0   0.2   5.0   13:59     W
 4   2.4   7.2   13:16  -2.0   23:22  12.6   0.0   0.2   0.0   7.5   13:16   ESE
 5   3.8   9.3   22:37  -2.6   02:28  11.2   0.0   0.2   2.1  18.8   18:17     W
 6  10.0  12.0   13:06   6.9   22:54   5.0   0.0   6.8   4.2  17.5   13:35     W
 7   8.2  10.2   23:41   5.5   07:29   6.8   0.0   0.0   2.6  20.0   21:46     W
 8   8.2  10.6   05:04   5.4   22:58   6.8   0.0   2.2   5.2  20.0   03:24     W
 9   4.9   7.8   12:48  -0.6   23:36  10.1   0.0   2.2   3.8  27.5   11:50   WNW
10   6.0  10.9   20:11  -1.1   02:48   9.0   0.0   1.8   3.0  22.5   15:19   WSW
11   4.1   7.6   13:01  -0.2   23:49  10.8   0.0   0.2   1.1  10.0   13:10     W
12   4.2   7.7   14:41  -0.6   02:43  10.8   0.0  11.6   1.4  13.8   13:44     S
13   5.8   7.3   13:11   4.4   23:43   9.2   0.0  11.6   3.7  23.8   05:53     W
14   4.8   7.4   21:53   2.9   02:24  10.2   0.0   8.0   3.3  20.0   21:53     W
15   6.3   8.7   13:46   3.8   05:43   8.7   0.0   6.4   3.4  15.0   04:11     W
16   6.5   8.3   11:56   4.9   00:24   8.5   0.0   2.2   0.5  11.3   00:59     W
17   5.6   6.7   13:46   3.9   21:30   9.4   0.0   5.4   0.1   5.0   07:49    NW
18   5.5   9.4   23:46   0.8   05:49   9.5   0.0   1.8   1.1  18.8   18:28    SE
19  10.6  12.0   12:08   8.8   23:59   4.4   0.0   7.6   2.3  16.3   15:40    SE
20   7.3   8.9   11:00   3.7   23:03   7.7   0.0  19.6   1.6  13.8   15:53     W
21   7.1   9.1   13:04   4.1   00:09   7.9   0.0   6.4   1.3  20.0   21:31    SE
22   6.8   8.2   01:30   4.3   23:45   8.2   0.0   4.8   2.0  13.8   08:11     W
23   6.2   8.7   12:36   3.3   02:03   8.8   0.0   0.2   2.3  15.0   12:30     W
24   7.7  10.1   14:02   6.1   00:04   7.3   0.0   3.0   2.2  13.8   22:27     W
25   4.1   7.1   13:29   0.7   23:01  10.9   0.0   0.2   1.0  11.3   00:22   WNW
26   5.4   8.7   14:29   0.8   00:00   9.6   0.0   4.2   2.4  17.5   11:22     W
27   6.6   8.7   12:43   4.6   20:37   8.4   0.0   0.0   1.0  17.5   01:50   WNW
28   6.7   8.1   15:17   4.9   06:01   8.3   0.0   0.2   0.3  10.0   22:45   SSE
29   6.3   8.4   14:52   3.7   22:41   8.7   0.0   0.0   0.8   8.8   01:53     W
30   5.2   9.1   14:19   2.4   05:16   9.8   0.0   0.2   1.2   8.8   09:59     W
31   6.3   8.1   12:39   2.9   00:16   8.7   0.0   0.0   1.1  13.8   13:27   ESE
----------------------------------------------------------------------------------
     5.8  12.0     6    -2.6     5   284.2   0.0 107.4   1.9  27.5     9       W

Max >=  27.0:  0
Max <=   0.0:  0
Min <=   0.0:  7
Min <=  -5.0:  0
Max Rain: 19.6 on day 20
Days of Rain: 26 (>= 0.2 mm)  15 (>= 2.0 mm)  1 (>= 15.0 mm)
Heat Base: 15.0  Cool Base: 15.0  Method: Integration
:now::gauges::console::today/yesterday::month/year::records: noaa reports::annual data::wind map::monthly records::trends::longrange forecast::rainfall radar::webcam