High Wych Weather

NOAA Style Reports for High Wych, Hertfordshire


Report for 2020
                   Annual Climatological Summary for 2020

Name: High Wych Weather   City: High Wych, Sawbridgeworth   State: Herts
Elevation: 72 m  Lat: N 51° 48' 26"   Lon: E 000° 07' 20"

                  Temperature (°C), Heat Base: 15.0  Cool Base: 15.0
                          Dep.  Heat  Cool                       Max  Max  Min  Min
        Mean  Mean        From  Deg   Deg                        >=   <=   <=   <=
 YR MO  Max   Min   Mean  Norm  Days  Days  Hi  Date  Low  Date 27.0  0.0  0.0  -5.0
------------------------------------------------------------------------------------
 20  1   9.0   3.5   6.4   2.0   266     0  13.0  14  -2.4   21    0    0    4    0
 20  2   9.9   3.1   6.5   2.2   246     0  13.7  23  -2.0    6    0    0    5    0
 20  3  11.0   2.7   6.6   0.3   261     0  15.4  24  -0.8    7    0    0    4    0
 20  4  17.6   4.8  10.9   2.1   146    24  24.5  12  -3.3    1    0    0    2    0
 20  5  20.0   7.0  13.7   1.3   100    59  27.8  20  -0.4   12    1    0    1    0
 20  6  21.6  10.9  16.0   0.8    43    74  30.8  26   5.3    9    4    0    0    0
 20  7  22.3  12.1  17.1  -1.1    21    85  35.6  31   8.1   12    3    0    0    0
 20  8  24.0  14.4  18.7   1.2    15   130  35.6   7   6.7   31    7    0    0    0
 20  9  20.4  10.0  14.8   0.1    58    53  30.4  15   5.8    1    2    0    0    0
 20 10  14.0   7.7  10.6  -0.8   138     0  17.7  20   3.9   10    0    0    0    0
 20 11  11.7   5.0   8.5   0.8   194     1  16.9   2  -2.7   27    0    0    4    0
 20 12   6.0   2.0   3.8  -2.5    44     0   7.1   1   0.7    2    0    0    0    0
------------------------------------------------------------------------------------
        15.6   6.9  11.1   0.5  1538   429  35.6 Jul  -3.3  Apr   17    0   20    0

                                Precipitation (mm)

              Dep.   Max        Days of Rain
              From   Obs.           >=
 YR MO Total  Norm   Day Date  0.2  2.0 15.0
---------------------------------------------
 20  1  50.6 -23.8  10.2  15    20    8    0
 20  2  81.4  55.8  13.8  16    21   11    0
 20  3  27.0  -7.1   7.0   9    13    5    0
 20  4  28.0 -11.0  15.4  28     5    4    1
 20  5   1.6 -48.0   0.8   3     4    0    0
 20  6  52.0   7.0  30.0  18    14    5    1
 20  7  77.8  15.8  26.4   2    15    8    2
 20  8 102.0  36.9  20.6  13    16   10    2
 20  9  32.8  -9.2   9.0  23     9    7    0
 20 10 170.8 102.6  29.2   2    28   17    4
 20 11  45.6 -38.4  13.2  15    20    5    0
 20 12  25.2 -46.1  15.6   3     2    2    1
---------------------------------------------
       694.8  34.5  30.0  Jun  167   82   11

                                Wind Speed (mph)
                          Dom
 YR MO   Avg.  Hi   Date  Dir
------------------------------
 20  1   2.0  27.5   14     W
 20  2   4.0  32.5   16     W
 20  3   3.2  32.5   29    NW
 20  4   1.5  26.3   13    NE
 20  5   1.9  30.0   11     N
 20  6   1.8  23.8   11    NW
 20  7   1.8  20.0   27   WNW
 20  8   1.6  25.0   29   WNW
 20  9   1.7  30.0   25    NW
 20 10   1.4  27.5   24   WNW
 20 11   1.4  22.5    1     W
 20 12   1.3  16.3    1   WNW
------------------------------
         2.0  32.5  Feb   WNW
:now::gauges::console::today/yesterday::month/year::records: noaa reports::annual data::wind map::monthly records::trends::longrange forecast::rainfall radar::webcam