High Wych Weather

NOAA Style Reports for High Wych, Hertfordshire


Report for 2020 Feb
                   Monthly Climatological Summary for Feb 2020

Name: High Wych Weather   City: High Wych, Sawbridgeworth   State: Herts
Elevation: 72 m  Lat: N 51° 48' 26"   Lon: E 000° 07' 20"

                  Temperature (°C), Rain (mm), Wind Speed (mph)

                                      Heat  Cool        Avg
    Mean                              Deg   Deg         Wind                 Dom
Day Temp  High   Time   Low    Time   Days  Days  Rain  Speed High   Time    Dir
----------------------------------------------------------------------------------
 1   9.0  11.2   00:00   5.9   22:07   6.0   0.0   0.0   4.9  15.0   13:28     W
 2   8.9  12.1   13:19   5.3   05:04   6.1   0.0   5.0   3.3  15.0   10:38     W
 3   7.8  10.4   13:26   3.7   23:45   7.2   0.0   0.6   3.3  11.3   01:23     W
 4   5.5   8.4   12:32   2.6   23:58   9.5   0.0   0.0   4.3  23.8   10:22   WNW
 5   3.2   8.1   13:37  -0.9   08:08  11.8   0.0   0.0   0.2   5.0   00:41     W
 6   2.3   8.6   15:25  -2.0   08:21  12.7   0.0   0.0   0.1   3.8   15:50   WNW
 7   4.6   8.8   23:55  -0.6   00:33  10.4   0.0   0.4   1.2  12.5   13:36    SE
 8   8.2  10.0   01:23   6.3   07:21   6.8   0.0   1.8   2.2  18.8   20:47   WSW
 9   9.7  11.9   12:09   7.4   22:35   5.3   0.0   8.8   8.0  31.3   11:03     W
10   5.6   8.6   11:32   2.6   19:39   9.4   0.0   1.0   7.0  25.0   16:19     W
11   4.2   6.8   13:29   2.4   23:52  10.8   0.0   0.0   6.9  21.3   13:53     W
12   4.1   7.9   14:52   1.2   05:38  10.9   0.0   0.4   3.5  18.8   12:30     W
13   6.7   9.2   14:15   4.3   04:48   8.3   0.0   9.2   3.6  22.5   04:25     W
14   6.9  11.3   13:48   1.2   06:23   8.1   0.0   0.2   1.8  18.8   15:10     W
15  11.1  12.4   23:49   9.3   00:24   3.9   0.0   5.0   4.8  27.5   18:23     W
16   9.0  13.0   03:15   4.7   23:52   6.0   0.0  13.8   5.9  32.5   01:02     W
17   6.8  10.4   15:04   4.0   23:54   8.2   0.0   0.0   4.9  20.0   07:18     W
18   5.7   9.6   13:45   2.7   04:15   9.3   0.0   2.4   4.2  18.8   12:44     W
19   5.5   8.6   23:55   1.9   07:09   9.5   0.0   0.8   3.4  16.3   23:58     W
20   6.9   9.8   12:02   2.6   23:06   8.1   0.0   4.6   4.6  23.8   09:58     W
21   6.7   9.9   14:32   2.3   03:48   8.3   0.0   0.0   5.2  22.5   14:05     W
22   9.9  12.5   12:20   8.2   21:39   5.1   0.0   0.0   7.0  22.5   01:37     W
23   9.0  13.7   11:40   4.8   21:29   6.0   0.0   1.8   4.9  23.8   13:42     W
24   8.2  11.4   16:47   4.8   04:31   6.8   0.0   3.6   4.2  20.0   09:09     W
25   4.9   8.1   14:24   1.7   23:57  10.1   0.0   0.6   3.6  16.3   21:22     W
26   3.2   6.9   15:47   0.9   07:08  11.8   0.0   0.6   3.5  20.0   09:22   WNW
27   2.9   7.1   14:40  -0.1   23:13  12.1   0.0   6.2   2.8  26.3   15:21   WNW
28   5.0  10.7   18:47  -1.0   02:10   9.9   0.0   8.0   2.6  18.8   18:42   WSW
29   6.7  10.4   02:19   4.1   18:14   8.3   0.0   6.6   5.3  27.5   05:39     W
----------------------------------------------------------------------------------
     6.5  13.7    23    -2.0     6   246.7   0.0  81.4   4.0  32.5    16       W

Max >=  27.0:  0
Max <=   0.0:  0
Min <=   0.0:  5
Min <=  -5.0:  0
Max Rain: 13.8 on day 16
Days of Rain: 21 (>= 0.2 mm)  11 (>= 2.0 mm)  0 (>= 15.0 mm)
Heat Base: 15.0  Cool Base: 15.0  Method: Integration
:now::gauges::console::today/yesterday::month/year::records: noaa reports::annual data::wind map::monthly records::trends::longrange forecast::rainfall radar::webcam