High Wych Weather

NOAA Style Reports for High Wych, Hertfordshire


Report for 2020 Mar
                   Monthly Climatological Summary for Mar 2020

Name: High Wych Weather   City: High Wych, Sawbridgeworth   State: Herts
Elevation: 72 m  Lat: N 51° 48' 26"   Lon: E 000° 07' 20"

                  Temperature (°C), Rain (mm), Wind Speed (mph)

                                      Heat  Cool        Avg
    Mean                              Deg   Deg         Wind                 Dom
Day Temp  High   Time   Low    Time   Days  Days  Rain  Speed High   Time    Dir
----------------------------------------------------------------------------------
 1   5.7   9.5   13:40   3.3   22:14   9.3   0.0   0.0   4.4  18.8   01:12     W
 2   4.6   9.3   15:02   1.1   23:37  10.4   0.0   2.8   1.9  15.0   13:10   WNW
 3   3.8   8.6   14:57   0.8   06:22  11.2   0.0   0.8   1.9  11.3   15:13     W
 4   4.0   8.3   12:44  -0.1   05:07  11.0   0.0   3.6   0.7  11.3   23:38     E
 5   4.7   5.3   13:34   4.1   23:54  10.3   0.0   5.8   4.4  25.0   15:22   NNE
 6   4.2   8.4   13:39  -0.4   23:53  10.8   0.0   0.0   1.8  15.0   10:59   WNW
 7   6.5  11.8   14:50  -0.8   01:06   8.5   0.0   0.0   2.6  17.5   20:56     W
 8   9.1  12.6   12:57   4.6   23:39   5.9   0.0   0.8   4.2  25.0   02:09     W
 9   6.6  10.3   14:06   2.4   06:21   8.4   0.0   7.0   3.1  17.5   21:40     W
10  11.9  14.9   14:28   9.4   23:47   3.1   0.0   0.8   6.1  17.5   12:46     W
11  10.2  14.3   14:56   6.1   06:39   4.8   0.0   0.2   4.4  22.5   19:44     W
12   6.8  10.2   14:45   3.5   06:19   8.2   0.0   0.0   6.3  18.8   14:24     W
13   7.0  10.5   12:27   4.6   05:54   8.0   0.0   0.0   2.6  13.8   10:48     W
14   8.8  12.8   13:37   5.6   02:52   6.2   0.0   1.8   1.9  15.0   22:54   WSW
15   8.7  12.2   12:55   5.3   23:37   6.2   0.0   2.2   2.3  18.8   06:14     W
16   6.4  12.3   15:27   1.3   04:48   8.6   0.0   0.2   0.8   7.5   09:38     W
17   8.9  14.4   13:18   3.6   00:00   6.1   0.0   0.0   3.2  15.0   14:28     W
18  10.8  14.6   15:02   6.8   23:15   4.2   0.0   0.4   2.7  12.5   09:27   WNW
19   6.3   7.8   14:43   5.4   06:00   8.6   0.0   0.6   2.2  13.8   22:39   NNE
20   6.3  10.5   14:27   4.2   22:43   8.7   0.0   0.0   4.7  25.0   16:29   NNE
21   5.6   9.8   12:22   2.2   05:11   9.4   0.0   0.0   3.3  21.3   11:32   ENE
22   5.4  10.2   14:11   1.3   04:22   9.6   0.0   0.0   2.7  17.5   12:11   ENE
23   5.5  10.3   12:57   2.0   05:51   9.5   0.0   0.0   2.0  17.5   16:10   ESE
24   6.8  15.4   15:29   0.4   02:22   8.3   0.0   0.0   1.0  13.8   12:26    SE
25   5.9  12.8   13:21   0.4   05:36   9.1   0.0   0.0   0.9  11.3   12:07   ESE
26   6.0  12.9   12:42  -0.2   06:05   9.0   0.0   0.0   2.7  20.0   13:24   NNE
27   6.5  13.1   13:38   0.7   04:45   8.5   0.0   0.0   4.5  22.5   14:47   NNE
28   5.9   9.6   15:34   3.2   05:24   9.1   0.0   0.0   6.6  28.8   17:08   NNE
29   4.1   7.2   15:54   1.1   23:27  10.5   0.0   0.0   7.5  32.5   12:06   NNE
30   4.9  10.2   16:05   1.0   04:05  10.1   0.0   0.0   3.3  26.3   14:45     N
31   5.4  10.4   14:30   1.3   06:38   9.6   0.0   0.0   2.4  17.5   09:29   NNE
----------------------------------------------------------------------------------
     6.6  15.4    24    -0.8     7   261.2   0.0  27.0   3.2  32.5    29     NNW

Max >=  27.0:  0
Max <=   0.0:  0
Min <=   0.0:  4
Min <=  -5.0:  0
Max Rain: 7.0 on day 9
Days of Rain: 13 (>= 0.2 mm)  5 (>= 2.0 mm)  0 (>= 15.0 mm)
Heat Base: 15.0  Cool Base: 15.0  Method: Integration
:now::gauges::console::today/yesterday::month/year::records: noaa reports::annual data::wind map::monthly records::trends::longrange forecast::rainfall radar::webcam