High Wych Weather

NOAA Style Reports for High Wych, Hertfordshire


Report for 2020 Apr
                   Monthly Climatological Summary for Apr 2020

Name: High Wych Weather   City: High Wych, Sawbridgeworth   State: Herts
Elevation: 72 m  Lat: N 51° 48' 26"   Lon: E 000° 07' 20"

                  Temperature (°C), Rain (mm), Wind Speed (mph)

                                      Heat  Cool        Avg
    Mean                              Deg   Deg         Wind                 Dom
Day Temp  High   Time   Low    Time   Days  Days  Rain  Speed High   Time    Dir
----------------------------------------------------------------------------------
 1   3.5   8.6   13:49  -3.3   06:20  11.5   0.0   0.0   0.6   8.8   17:20   WNW
 2   8.3  13.4   14:44   2.1   06:01   6.7   0.0   0.0   2.0  15.0   17:08   WNW
 3   8.8  12.8   17:57   5.3   23:28   6.2   0.0   0.0   1.0  11.3   00:07   WNW
 4   9.4  17.1   14:58   2.3   06:47   5.8   0.3   0.0   1.1  12.5   13:10    SE
 5  12.8  21.4   16:33   4.6   05:00   3.8   1.6   0.0   1.7  17.5   11:13   ESE
 6  12.9  17.9   14:40   7.3   23:58   2.5   0.4   0.0   1.6  11.3   13:42     W
 7  11.3  18.6   15:00   2.7   05:58   4.6   0.9   0.0   1.1  13.8   13:20   ESE
 8  14.2  22.2   14:53   7.4   06:31   2.9   2.1   0.0   0.8  10.0   11:49     E
 9  14.1  22.2   14:38   7.1   04:38   2.9   2.0   0.0   1.2  16.3   17:49   ESE
10  13.3  21.1   13:55   6.5   04:25   3.3   1.6   0.0   1.4  13.8   13:31   ESE
11  14.9  24.3   14:34   6.3   05:32   2.9   2.8   0.0   0.6  10.0   11:54   ESE
12  15.4  24.5   14:34   7.9   06:24   2.0   2.4   0.0   1.2  22.5   23:27     N
13   7.7  10.9   15:11   4.3   21:20   7.3   0.0   0.0   4.8  26.3   08:10   NNE
14   7.2  13.8   17:28   2.8   05:51   7.8   0.0   0.0   1.2  15.0   01:54    NE
15   8.7  17.8   16:13  -0.6   06:08   6.7   0.4   0.0   0.6  10.0   12:07     E
16  11.6  20.7   15:31   1.9   06:41   4.7   1.3   0.0   1.1  16.3   12:49     E
17  10.7  16.1   14:52   6.9   23:16   4.3   0.0   0.2   2.6  18.8   11:55    NE
18   9.6  14.1   14:59   5.9   04:31   5.4   0.0   2.0   1.2  12.5   00:15   NNE
19  10.8  17.6   14:15   5.8   03:05   4.6   0.4   0.0   2.7  17.5   13:04   NNE
20  11.2  17.9   14:56   5.6   03:36   4.2   0.4   0.0   4.1  23.8   13:28   NNE
21  12.3  17.7   13:42   7.2   05:45   3.3   0.6   0.0   3.7  22.5   11:28    NE
22  13.3  21.1   14:40   6.3   04:20   3.3   1.6   0.0   2.4  15.0   18:15    NE
23  13.7  23.6   15:48   5.2   05:44   3.6   2.3   0.0   0.9  12.5   12:15    NE
24  12.5  20.4   15:17   5.4   06:33   3.9   1.4   0.0   0.9  10.0   15:45     N
25   9.6  16.4   17:43   5.7   03:26   5.5   0.1   0.0   0.7   8.8   11:07     E
26  11.9  20.6   16:48   2.7   05:45   4.6   1.4   0.0   0.5   8.8   16:31   ESE
27  11.9  16.9   12:12   5.9   05:35   3.3   0.3   0.0   0.8  10.0   19:48     N
28   7.5  10.4   00:00   6.2   23:51   7.5   0.0  15.4   1.5  17.5   09:10    NE
29   9.4  13.3   11:40   6.1   00:12   5.6   0.0   2.6   0.9  17.5   12:50   SSE
30   8.8  14.1   14:30   5.6   05:56   6.2   0.0   7.8   1.5  20.0   12:30   SSW
----------------------------------------------------------------------------------
    10.9  24.5    12    -3.3     1   146.9  24.3  28.0   1.5  26.3    13      NE

Max >=  27.0:  0
Max <=   0.0:  0
Min <=   0.0:  2
Min <=  -5.0:  0
Max Rain: 15.4 on day 28
Days of Rain: 5 (>= 0.2 mm)  4 (>= 2.0 mm)  1 (>= 15.0 mm)
Heat Base: 15.0  Cool Base: 15.0  Method: Integration
:now::gauges::console::today/yesterday::month/year::records: noaa reports::annual data::wind map::monthly records::trends::longrange forecast::rainfall radar::webcam