High Wych Weather

NOAA Style Reports for High Wych, Hertfordshire


Report for 2020 May
                   Monthly Climatological Summary for May 2020

Name: High Wych Weather   City: High Wych, Sawbridgeworth   State: Herts
Elevation: 72 m  Lat: N 51° 48' 26"   Lon: E 000° 07' 20"

                  Temperature (°C), Rain (mm), Wind Speed (mph)

                                      Heat  Cool        Avg
    Mean                              Deg   Deg         Wind                 Dom
Day Temp  High   Time   Low    Time   Days  Days  Rain  Speed High   Time    Dir
----------------------------------------------------------------------------------
 1   9.6  14.9   14:13   5.8   23:59   5.4   0.0   0.2   1.7  16.3   15:52   WNW
 2  10.5  16.7   17:28   5.1   06:04   4.7   0.1   0.4   1.4  12.5   11:18   WNW
 3  10.8  15.2   14:44   5.9   00:19   4.2   0.0   0.8   0.3   6.3   11:39   ESE
 4  11.4  16.6   13:49   6.7   05:31   3.7   0.2   0.0   1.7  13.8   14:27   ENE
 5   9.8  15.0   15:09   5.2   23:59   5.2   0.0   0.0   2.7  20.0   12:03   ENE
 6  10.3  17.9   15:46   3.1   04:34   5.3   0.6   0.0   1.4  11.3   12:43   ENE
 7  13.7  23.3   16:05   4.1   05:32   3.7   2.4   0.0   0.7   8.8   15:38   WNW
 8  16.6  24.1   15:38   9.1   05:07   1.6   3.2   0.0   0.4  10.0   15:29   ESE
 9  16.9  24.2   14:35   8.9   05:20   1.6   3.5   0.0   1.0  11.3   13:29     E
10  10.8  16.6   11:30   5.2   23:55   4.3   0.1   0.0   4.0  25.0   17:23   NNE
11   7.2  11.7   13:25   3.5   05:47   7.8   0.0   0.0   5.3  30.0   08:16   NNE
12   7.9  14.2   15:57  -0.4   05:12   7.1   0.0   0.0   1.1  10.0   12:21   WNW
13   7.8  11.6   13:02   3.0   23:58   7.2   0.0   0.0   2.7  21.3   10:52   NNE
14   7.6  13.6   16:52   1.4   05:07   7.4   0.0   0.0   1.9  15.0   10:02   NNE
15  10.1  17.9   16:00   0.6   05:02   5.4   0.5   0.0   1.2  11.3   17:55   WNW
16  10.8  16.8   16:15   4.6   05:29   4.3   0.1   0.0   1.6  13.8   11:39   WNW
17  12.8  20.1   16:21   5.1   05:07   3.4   1.1   0.0   1.1  11.3   15:40   WNW
18  15.8  23.9   15:42   8.3   04:59   1.9   2.8   0.0   1.8  12.5   17:35   WNW
19  17.8  25.4   16:10   9.2   04:40   1.4   4.2   0.0   1.5  11.3   12:35   WNW
20  20.3  27.8   15:45  11.7   05:37   0.5   5.8   0.0   0.9  12.5   13:15    SE
21  20.4  26.9   16:06  12.3   05:54   0.3   5.7   0.0   0.8   8.8   12:58   WNW
22  18.5  22.4   16:00  12.7   23:52   0.1   3.6   0.0   3.0  15.0   12:46   WNW
23  14.0  18.7   14:34  10.2   05:16   1.7   0.7   0.2   4.3  22.5   12:53   WNW
24  15.1  20.7   16:08  10.2   03:51   1.5   1.7   0.0   3.2  16.3   09:35   WNW
25  17.6  25.6   16:33   8.1   04:31   1.6   4.2   0.0   1.0  12.5   12:01   WNW
26  17.9  24.9   16:04   9.9   05:42   1.0   4.0   0.0   1.2  12.5   13:11   WNW
27  17.4  24.6   16:37  11.1   02:51   1.0   3.4   0.0   0.9  11.3   20:31   ENE
28  15.0  20.3   15:20   9.4   03:23   1.8   1.8   0.0   2.0  15.0   14:33   ENE
29  15.4  22.3   15:27   8.1   02:50   2.1   2.5   0.0   2.1  16.3   11:55   ENE
30  16.4  23.8   13:56   7.8   02:33   2.0   3.4   0.0   2.3  17.5   12:37   ENE
31  17.0  23.4   12:26  10.0   04:30   1.3   3.4   0.0   3.0  18.8   15:43    NE
----------------------------------------------------------------------------------
    13.7  27.8    20    -0.4    12   100.5  59.0   1.6   1.9  30.0    11       N

Max >=  27.0:  1
Max <=   0.0:  0
Min <=   0.0:  1
Min <=  -5.0:  0
Max Rain: 0.8 on day 3
Days of Rain: 4 (>= 0.2 mm)  0 (>= 2.0 mm)  0 (>= 15.0 mm)
Heat Base: 15.0  Cool Base: 15.0  Method: Integration
:now::gauges::console::today/yesterday::month/year::records: noaa reports::annual data::wind map::monthly records::trends::longrange forecast::rainfall radar::webcam