High Wych Weather

NOAA Style Reports for High Wych, Hertfordshire


Report for 2020 Jun
                   Monthly Climatological Summary for Jun 2020

Name: High Wych Weather   City: High Wych, Sawbridgeworth   State: Herts
Elevation: 72 m  Lat: N 51° 48' 26"   Lon: E 000° 07' 20"

                  Temperature (°C), Rain (mm), Wind Speed (mph)

                                      Heat  Cool        Avg
    Mean                              Deg   Deg         Wind                 Dom
Day Temp  High   Time   Low    Time   Days  Days  Rain  Speed High   Time    Dir
----------------------------------------------------------------------------------
 1  17.6  25.0   16:38   9.2   05:06   1.4   4.1   0.0   2.1  18.8   11:15    NE
 2  17.3  24.4   17:22   9.2   05:40   1.3   3.5   0.0   1.1  13.8   12:05   WNW
 3  15.1  19.1   14:12  11.0   23:56   1.1   1.2   0.0   1.4  20.0   19:40     N
 4  11.3  15.1   12:59   9.4   03:04   3.7   0.0   0.0   2.2  13.8   11:39   WNW
 5  11.4  15.7   17:44   8.1   23:42   3.6   0.0   1.6   4.2  23.8   09:27   WNW
 6   9.3  15.3   15:42   5.6   04:08   5.7   0.0   6.2   2.7  18.8   09:23   WNW
 7  10.7  16.1   11:58   5.4   03:44   4.3   0.0   0.4   1.6  15.0   12:22   WNW
 8  11.5  15.4   17:27   8.3   23:47   3.5   0.0   0.0   1.4  15.0   10:19    NW
 9  12.7  19.4   16:47   5.3   04:54   3.2   0.9   0.0   1.0  10.0   10:25   ENE
10  12.2  14.4   10:56  10.3   23:46   2.8   0.0   3.2   0.7   8.8   15:34   ESE
11  13.6  20.0   13:58   9.9   05:13   2.0   0.6   0.4   3.2  23.8   15:13    NE
12  15.7  20.3   12:31  12.4   05:07   0.6   1.4   1.2   2.9  22.5   08:41   NNW
13  18.2  25.1   15:03  12.1   04:57   0.7   3.9   0.2   1.8  13.8   14:21   NNE
14  18.3  24.2   14:51  11.2   05:32   0.7   4.0   0.0   1.0  12.5   14:34     E
15  18.3  24.7   11:59  11.2   05:18   0.7   4.0   0.0   0.4   8.8   18:24   ESE
16  18.4  24.4   15:53  12.7   05:25   0.4   3.8   0.0   0.7  11.3   10:52   ESE
17  17.2  22.5   17:17  12.2   04:22   0.5   2.7   1.6   0.8  15.0   18:45     N
18  15.4  20.9   18:43  13.0   05:36   0.7   1.2  30.0   0.7   8.8   00:44   WNW
19  15.3  20.1   15:43  11.9   03:48   0.7   1.1   0.0   1.5  12.5   17:39   WNW
20  16.8  22.7   17:52  11.0   04:59   0.9   2.7   0.0   1.1  13.8   18:01    NW
21  17.0  22.3   16:02  11.9   23:32   0.3   2.3   0.8   2.1  12.5   13:56   WNW
22  16.9  24.3   16:03   8.8   05:09   1.5   3.4   0.0   1.3  13.8   14:03   WNW
23  20.2  27.9   17:14  12.2   04:41   0.4   5.6   0.0   1.3  12.5   14:21     E
24  22.4  29.7   13:12  14.1   04:08   0.1   7.5   0.0   1.9  13.8   15:16   ENE
25  23.2  30.5   15:04  15.9   04:19   0.0   8.2   0.0   1.9  17.5   16:32   ENE
26  22.7  30.8   13:29  15.7   03:39   0.0   7.7   2.4   1.2  15.0   15:54    NE
27  17.0  20.8   14:34  14.8   23:55   0.0   2.0   2.8   2.4  15.0   13:13    NW
28  15.3  20.2   14:35  11.5   05:17   0.8   1.1   1.0   3.2  15.0   11:41   WNW
29  14.7  19.3   16:17  11.2   04:36   1.2   0.9   0.0   3.8  17.5   12:40   WNW
30  15.5  18.9   19:17  12.9   05:18   0.7   1.1   0.2   1.9  12.5   00:43   WNW
----------------------------------------------------------------------------------
    16.0  30.8    26     5.3     9    43.5  74.9  52.0   1.8  23.8     5     NNW

Max >=  27.0:  4
Max <=   0.0:  0
Min <=   0.0:  0
Min <=  -5.0:  0
Max Rain: 30.0 on day 18
Days of Rain: 14 (>= 0.2 mm)  5 (>= 2.0 mm)  1 (>= 15.0 mm)
Heat Base: 15.0  Cool Base: 15.0  Method: Integration
:now::gauges::console::today/yesterday::month/year::records: noaa reports::annual data::wind map::monthly records::trends::longrange forecast::rainfall radar::webcam